000
CDUS43 KJKL 182021
CLILOZ

CLIMATE REPORT
NATIONAL WEATHER SERVICE JACKSON KY
421 PM EDT THU JUN 18 2015

...................................

...THE LONDON KY CLIMATE SUMMARY FOR JUNE 18 2015...
VALID TODAY AS OF 0400 PM LOCAL TIME.

CLIMATE NORMAL PERIOD 1981 TO 2010
CLIMATE RECORD PERIOD 1954 TO 2015


WEATHER ITEM   OBSERVED TIME   RECORD YEAR NORMAL DEPARTURE LAST
                VALUE   (LST)  VALUE       VALUE  FROM      YEAR
                                                  NORMAL
..................................................................
TEMPERATURE (F)
 TODAY
  MAXIMUM         90    157 PM  93    2014  84      6       93
  MINIMUM         70    512 AM  48    1999  63      7       69
  AVERAGE         80                        74      6       81

PRECIPITATION (IN)
  TODAY            T             1.88 1992   0.14  -0.14     0.00
  MONTH TO DATE    2.69                      2.73  -0.04     0.77
  SINCE JUN 1      2.69                      2.73  -0.04     0.77
  SINCE JAN 1     22.61                     23.26  -0.65    19.76

SNOWFALL (IN)
  TODAY           MM
  MONTH TO DATE   MM
  SINCE JUN 1     MM
  SINCE JUL 1     MM
  SNOW DEPTH      MM

DEGREE DAYS
 HEATING
  TODAY            0                         0      0        0
  MONTH TO DATE    2                         7     -5        0
  SINCE JUN 1      2                         7     -5        0
  SINCE JUL 1   4382                      4203    179     4420

 COOLING
  TODAY           15                         9      6       16
  MONTH TO DATE  178                       124     54      130
  SINCE JUN 1    178                       124     54      130
  SINCE JAN 1    372                       238    134      296
..................................................................


WIND (MPH)
  HIGHEST WIND SPEED    12   HIGHEST WIND DIRECTION    SW (220)
  HIGHEST GUST SPEED    15   HIGHEST GUST DIRECTION    SW (220)
  AVERAGE WIND SPEED     4.0


SKY COVER
  POSSIBLE SUNSHINE  MM
  AVERAGE SKY COVER 0.0


WEATHER CONDITIONS
 THE FOLLOWING WEATHER WAS RECORDED TODAY.
  LIGHT RAIN
  FOG
  HAZE


RELATIVE HUMIDITY (PERCENT)
 HIGHEST    84           100 AM
 LOWEST     47           200 PM
 AVERAGE    66

..........................................................


THE LONDON KY CLIMATE NORMALS FOR TOMORROW
                         NORMAL    RECORD    YEAR
 MAXIMUM TEMPERATURE (F)   85        93      1994
 MINIMUM TEMPERATURE (F)   63        48      1965


SUNRISE AND SUNSET
JUNE 18 2015..........SUNRISE   616 AM EDT   SUNSET   859 PM EDT
JUNE 19 2015..........SUNRISE   616 AM EDT   SUNSET   859 PM EDT


-  INDICATES NEGATIVE NUMBERS.
R  INDICATES RECORD WAS SET OR TIED.
MM INDICATES DATA IS MISSING.
T  INDICATES TRACE AMOUNT.

$$

CARICO
