000
CDUS43 KJKL 050619
CLILOZ

CLIMATE REPORT
NATIONAL WEATHER SERVICE JACKSON KY
219 AM EDT TUE JUL 5 2016

...................................

...THE LONDON KY CLIMATE SUMMARY FOR JULY 4 2016...

CLIMATE NORMAL PERIOD 1981 TO 2010
CLIMATE RECORD PERIOD 1954 TO 2016

WEATHER ITEM   OBSERVED TIME   RECORD YEAR NORMAL DEPARTURE LAST
                VALUE   (LST)  VALUE       VALUE  FROM      YEAR
                                                  NORMAL
..................................................................
TEMPERATURE (F)
 YESTERDAY
  MAXIMUM         90    219 PM  98    2012  86      4       81
  MINIMUM         71    457 PM  51    1961  66      5       68
  AVERAGE         81                        76      5       75

PRECIPITATION (IN)
  YESTERDAY        1.32          1.64 1965   0.14   1.18     0.04
  MONTH TO DATE    1.40                      0.54   0.86     4.19
  SINCE JUN 1      3.73                      4.94  -1.21     9.16

SNOWFALL (IN)
  YESTERDAY       MM
  MONTH TO DATE   MM
  SINCE JUN 1     MM
  SINCE JUL 1     MM
  SNOW DEPTH      MM

DEGREE DAYS
 HEATING
  YESTERDAY        0                         0      0        0
  MONTH TO DATE    0                         0      0        0
  SINCE JUN 1      2                         9     -7        2
  SINCE JUL 1      0                         0      0        0

 COOLING
  YESTERDAY       16                        11      5       10
  MONTH TO DATE   47                        44      3       35
  SINCE JUN 1    346                       287     59      342
  SINCE JAN 1    448                       401     47      536
..................................................................

WIND (MPH)
  HIGHEST WIND SPEED    26   HIGHEST WIND DIRECTION     W (290)
  HIGHEST GUST SPEED    38   HIGHEST GUST DIRECTION    NW (300)
  AVERAGE WIND SPEED     6.9

SKY COVER
  POSSIBLE SUNSHINE  MM
  AVERAGE SKY COVER 0.5

WEATHER CONDITIONS
 THE FOLLOWING WEATHER WAS RECORDED YESTERDAY.
  THUNDERSTORM
  HEAVY RAIN
  RAIN
  LIGHT RAIN
  FOG

RELATIVE HUMIDITY (PERCENT)
 HIGHEST    93          1200 AM
 LOWEST     50           200 PM
 AVERAGE    72

..........................................................

THE LONDON KY CLIMATE NORMALS FOR TODAY
                         NORMAL    RECORD    YEAR
 MAXIMUM TEMPERATURE (F)   86        99      2012
 MINIMUM TEMPERATURE (F)   66        47      1967

SUNRISE AND SUNSET
JULY  5 2016..........SUNRISE   622 AM EDT   SUNSET   859 PM EDT
JULY  6 2016..........SUNRISE   623 AM EDT   SUNSET   859 PM EDT

-  INDICATES NEGATIVE NUMBERS.
R  INDICATES RECORD WAS SET OR TIED.
MM INDICATES DATA IS MISSING.
T  INDICATES TRACE AMOUNT.

$$
