000
CDUS43 KJKL 022121
CLILOZ

CLIMATE REPORT
NATIONAL WEATHER SERVICE JACKSON KY
421 PM EST SUN NOV 2 2014

...................................

...THE LONDON KY CLIMATE SUMMARY FOR NOVEMBER 2 2014...
VALID TODAY AS OF 0400 PM LOCAL TIME.

CLIMATE NORMAL PERIOD 1981 TO 2010
CLIMATE RECORD PERIOD 1954 TO 2014

WEATHER ITEM   OBSERVED TIME   RECORD YEAR NORMAL DEPARTURE LAST
                VALUE   (LST)  VALUE       VALUE  FROM      YEAR
                                                  NORMAL
..................................................................
TEMPERATURE (F)
 TODAY
  MAXIMUM         51    325 PM  81    1961  64    -13       59
  MINIMUM         27    734 AM  23    1963  40    -13       42
  AVERAGE         39                        52    -13       51

PRECIPITATION (IN)
  TODAY            0.00          1.33 1966   0.11  -0.11     0.00
  MONTH TO DATE    0.02                      0.23  -0.21     0.33
  SINCE SEP 1      9.76                      6.62   3.14     6.49
  SINCE JAN 1        MM                        MM     MM    47.53

SNOWFALL (IN)
  TODAY           MM
  MONTH TO DATE   MM
  SINCE SEP 1     MM
  SINCE JUL 1     MM
  SNOW DEPTH      MM

DEGREE DAYS
 HEATING
  TODAY           26                        13     13       14
  MONTH TO DATE   55                        26     29       16
  SINCE SEP 1    300                       331    -31      260
  SINCE JUL 1    300                       332    -32      260

 COOLING
  TODAY            0                         0      0        0
  MONTH TO DATE    0                         0      0        0
  SINCE SEP 1    193                       164     29      191
  SINCE JAN 1     MM                        MM     MM     1083
..................................................................

WIND (MPH)
  HIGHEST WIND SPEED    10   HIGHEST WIND DIRECTION    NE (30)
  HIGHEST GUST SPEED    15   HIGHEST GUST DIRECTION    NE (50)
  AVERAGE WIND SPEED     3.7

SKY COVER
  POSSIBLE SUNSHINE  MM
  AVERAGE SKY COVER 0.0

WEATHER CONDITIONS
 THE FOLLOWING WEATHER WAS RECORDED TODAY.
  NO SIGNIFICANT WEATHER WAS OBSERVED.

RELATIVE HUMIDITY (PERCENT)
 HIGHEST    78           300 AM
 LOWEST     32           300 PM
 AVERAGE    55
..........................................................

THE LONDON KY CLIMATE NORMALS FOR TOMORROW
                         NORMAL    RECORD    YEAR
 MAXIMUM TEMPERATURE (F)   64        80      1974
 MINIMUM TEMPERATURE (F)   40        17      1963

SUNRISE AND SUNSET
NOVEMBER  2 2014......SUNRISE   702 AM EST   SUNSET   538 PM EST
NOVEMBER  3 2014......SUNRISE   703 AM EST   SUNSET   537 PM EST

-  INDICATES NEGATIVE NUMBERS.
R  INDICATES RECORD WAS SET OR TIED.
MM INDICATES DATA IS MISSING.
T  INDICATES TRACE AMOUNT.

$$

TAB
