000
CDUS43 KJKL 290621
CLILOZ

CLIMATE REPORT
NATIONAL WEATHER SERVICE JACKSON KY
221 AM EDT SUN MAR 29 2015

...................................

...THE LONDON KY CLIMATE SUMMARY FOR MARCH 28 2015...

CLIMATE NORMAL PERIOD 1981 TO 2010
CLIMATE RECORD PERIOD 1954 TO 2015

WEATHER ITEM   OBSERVED TIME   RECORD YEAR NORMAL DEPARTURE LAST
                VALUE   (LST)  VALUE       VALUE  FROM      YEAR
                                                  NORMAL
..................................................................
TEMPERATURE (F)
 YESTERDAY
  MAXIMUM         42    415 PM  83    1989  63    -21       66
                                      1983
  MINIMUM         27    741 AM  20    2001  39    -12       50
  AVERAGE         35                        51    -16       58

PRECIPITATION (IN)
  YESTERDAY        0.00          1.27 1967   0.13  -0.13     0.19
  MONTH TO DATE    5.23                      3.65   1.58     3.43
  SINCE MAR 1      5.23                      3.65   1.58     3.43
  SINCE JAN 1     12.70                     10.90   1.80     9.94

SNOWFALL (IN)
  YESTERDAY       MM
  MONTH TO DATE   MM
  SINCE MAR 1     MM
  SINCE JUL 1     MM
  SNOW DEPTH      MM

DEGREE DAYS
 HEATING
  YESTERDAY       30                        14     16        7
  MONTH TO DATE  478                       507    -29      596
  SINCE MAR 1    478                       507    -29      596
  SINCE JUL 1   4099                      3783    316     4103

 COOLING
  YESTERDAY        0                         0      0        0
  MONTH TO DATE    0                         0      0        0
  SINCE MAR 1      0                         0      0        0
  SINCE JAN 1      0                         0      0        0
..................................................................

WIND (MPH)
  HIGHEST WIND SPEED    15   HIGHEST WIND DIRECTION     N (360)
  HIGHEST GUST SPEED    20   HIGHEST GUST DIRECTION     N (350)
  AVERAGE WIND SPEED     6.9

SKY COVER
  POSSIBLE SUNSHINE  MM
  AVERAGE SKY COVER 0.4

WEATHER CONDITIONS
 THE FOLLOWING WEATHER WAS RECORDED YESTERDAY.
  NO SIGNIFICANT WEATHER WAS OBSERVED.

RELATIVE HUMIDITY (PERCENT)
 HIGHEST    63          1200 AM
 LOWEST     25           500 PM
 AVERAGE    44

..........................................................

THE LONDON KY CLIMATE NORMALS FOR TODAY
                         NORMAL    RECORD    YEAR
 MAXIMUM TEMPERATURE (F)   63        82      1998
                                             1977
 MINIMUM TEMPERATURE (F)   39        17      1966

SUNRISE AND SUNSET
MARCH 29 2015.........SUNRISE   727 AM EDT   SUNSET   756 PM EDT
MARCH 30 2015.........SUNRISE   725 AM EDT   SUNSET   757 PM EDT

-  INDICATES NEGATIVE NUMBERS.
R  INDICATES RECORD WAS SET OR TIED.
MM INDICATES DATA IS MISSING.
T  INDICATES TRACE AMOUNT.

$$
