000
CDUS43 KJKL 190533
CLILOZ

CLIMATE REPORT
NATIONAL WEATHER SERVICE JACKSON KY
1233 AM EST MON FEB 19 2018


...................................

...THE LONDON KY CLIMATE SUMMARY FOR FEBRUARY 18 2018...

CLIMATE NORMAL PERIOD 1981 TO 2010
CLIMATE RECORD PERIOD 1954 TO 2018


WEATHER ITEM   OBSERVED TIME   RECORD YEAR NORMAL DEPARTURE LAST
                VALUE   (LST)  VALUE       VALUE  FROM      YEAR
                                                  NORMAL
..................................................................
TEMPERATURE (F)
 YESTERDAY
  MAXIMUM         56    509 PM  71    1986  51      5       55
  MINIMUM         33    745 AM  -4    1958  30      3       38
  AVERAGE         45                        40      5       47

PRECIPITATION (IN)
  YESTERDAY        0.00          1.30 1991   0.13  -0.13     0.07
  MONTH TO DATE    6.54                      2.34   4.20     0.77
  SINCE DEC 1     10.96                     10.12   0.84    11.15
  SINCE JAN 1      8.05                      5.88   2.17     4.85

SNOWFALL (IN)
  YESTERDAY       MM
  MONTH TO DATE   MM
  SINCE DEC 1     MM
  SINCE JUL 1     MM
  SNOW DEPTH      MM

DEGREE DAYS
 HEATING
  YESTERDAY       20                        25     -5       18
  MONTH TO DATE  427                       479    -52      395

COOLING
  YESTERDAY        0                         0      0        0
  MONTH TO DATE    2                         0      2        0
  SINCE DEC 1      2                         1      1        0
  SINCE JAN 1      2                         0      2        0
..................................................................


WIND (MPH)
  HIGHEST WIND SPEED    13   HIGHEST WIND DIRECTION     W (290)
  HIGHEST GUST SPEED    20   HIGHEST GUST DIRECTION     W (290)
  AVERAGE WIND SPEED     4.5


SKY COVER
  POSSIBLE SUNSHINE  MM
  AVERAGE SKY COVER 0.4


WEATHER CONDITIONS
 THE FOLLOWING WEATHER WAS RECORDED YESTERDAY.
  NO SIGNIFICANT WEATHER WAS OBSERVED.


RELATIVE HUMIDITY (PERCENT)
 HIGHEST    89          1200 AM
 LOWEST     38           600 PM
 AVERAGE    64

..........................................................


THE LONDON KY CLIMATE NORMALS FOR TODAY
                         NORMAL    RECORD    YEAR
 MAXIMUM TEMPERATURE (F)   51        72      1994
 MINIMUM TEMPERATURE (F)   30        -9      2015


SUNRISE AND SUNSET
FEBRUARY 19 2018......SUNRISE   720 AM EST   SUNSET   621 PM EST
FEBRUARY 20 2018......SUNRISE   719 AM EST   SUNSET   622 PM EST


-  INDICATES NEGATIVE NUMBERS.
R  INDICATES RECORD WAS SET OR TIED.
MM INDICATES DATA IS MISSING.
T  INDICATES TRACE AMOUNT.




$$
