000
CDUS43 KJKL 280600
CLILOZ

CLIMATE REPORT
NATIONAL WEATHER SERVICE JACKSON KY
100 AM EST SUN DEC 28 2014

...................................

...THE LONDON KY CLIMATE SUMMARY FOR DECEMBER 27 2014...

CLIMATE NORMAL PERIOD 1981 TO 2010
CLIMATE RECORD PERIOD 1954 TO 2014

WEATHER ITEM   OBSERVED TIME   RECORD YEAR NORMAL DEPARTURE LAST
                VALUE   (LST)  VALUE       VALUE  FROM      YEAR
                                                  NORMAL
..................................................................
TEMPERATURE (F)
 YESTERDAY
  MAXIMUM         63    334 PM  70    2008  45     18       50
  MINIMUM         41    843 AM   4    1966  28     13       22
  AVERAGE         52                        36     16       36

PRECIPITATION (IN)
  YESTERDAY        0.10          1.11 2011   0.13  -0.03     0.00
  MONTH TO DATE    3.18                      3.76  -0.58     5.58
  SINCE DEC 1      3.18                      3.76  -0.58     5.58
  SINCE JAN 1        MM                        MM     MM    55.56

SNOWFALL (IN)
  YESTERDAY       MM
  MONTH TO DATE   MM
  SINCE DEC 1     MM
  SINCE JUL 1     MM
  SNOW DEPTH      MM

DEGREE DAYS
 HEATING
  YESTERDAY       13                        29    -16       29
  MONTH TO DATE  606                       706   -100      625
  SINCE DEC 1    606                       706   -100      625
  SINCE JUL 1   1550                      1536     14     1492

 COOLING
  YESTERDAY        0                         0      0        0
  MONTH TO DATE    0                         0      0        0
  SINCE DEC 1      0                         0      0        0
  SINCE JAN 1     MM                        MM     MM     1083
..................................................................

WIND (MPH)
  HIGHEST WIND SPEED    15   HIGHEST WIND DIRECTION     S (190)
  HIGHEST GUST SPEED    18   HIGHEST GUST DIRECTION     S (190)
  AVERAGE WIND SPEED     3.4

SKY COVER
  POSSIBLE SUNSHINE  MM
  AVERAGE SKY COVER 0.8

WEATHER CONDITIONS
 THE FOLLOWING WEATHER WAS RECORDED YESTERDAY.
  RAIN
  LIGHT RAIN

RELATIVE HUMIDITY (PERCENT)
 HIGHEST    77           800 PM
 LOWEST     27           300 PM
 AVERAGE    52

..........................................................

THE LONDON KY CLIMATE NORMALS FOR TODAY
                         NORMAL    RECORD    YEAR
 MAXIMUM TEMPERATURE (F)   45        72      1984
 MINIMUM TEMPERATURE (F)   27         7      1977

SUNRISE AND SUNSET
DECEMBER 28 2014......SUNRISE   749 AM EST   SUNSET   527 PM EST
DECEMBER 29 2014......SUNRISE   749 AM EST   SUNSET   528 PM EST

-  INDICATES NEGATIVE NUMBERS.
R  INDICATES RECORD WAS SET OR TIED.
MM INDICATES DATA IS MISSING.
T  INDICATES TRACE AMOUNT.

$$
