000
CDUS43 KJKL 140543
CLILOZ

CLIMATE REPORT
NATIONAL WEATHER SERVICE JACKSON KY
142 AM EDT SUN AUG 14 2016

...................................

...THE LONDON KY CLIMATE SUMMARY FOR AUGUST 13 2016...

CLIMATE NORMAL PERIOD 1981 TO 2010
CLIMATE RECORD PERIOD 1954 TO 2016

WEATHER ITEM   OBSERVED TIME   RECORD YEAR NORMAL DEPARTURE LAST
                VALUE   (LST)  VALUE       VALUE  FROM      YEAR
                                                  NORMAL
..................................................................
TEMPERATURE (F)
 YESTERDAY
  MAXIMUM         87    529 PM  97    1999  86      1       83
  MINIMUM         72   1139 PM  45    1964  65      7       59
  AVERAGE         80                        76      4       71

PRECIPITATION (IN)
  YESTERDAY        0.09          2.32 1977   0.12  -0.03     0.00
  MONTH TO DATE    1.93                      1.67   0.26     1.28
  SINCE JUN 1     12.65                     10.11   2.54    17.48

SNOWFALL (IN)
  YESTERDAY       MM
  MONTH TO DATE   MM
  SINCE JUN 1     MM
  SINCE JUL 1     MM
  SNOW DEPTH      MM

DEGREE DAYS
 HEATING
  YESTERDAY        0                         0      0        0
  MONTH TO DATE    0                         0      0        0
  SINCE JUN 1      2                         9     -7        2
  SINCE JUL 1      0                         0      0        0

 COOLING
  YESTERDAY       15                        11      4        6
  MONTH TO DATE  188                       143     45      139
  SINCE JUN 1    902                       736    166      836
  SINCE JAN 1   1004                       850    154     1030
..................................................................

WIND (MPH)
  HIGHEST WIND SPEED    28   HIGHEST WIND DIRECTION     W (250)
  HIGHEST GUST SPEED    34   HIGHEST GUST DIRECTION     W (250)
  AVERAGE WIND SPEED     6.0

SKY COVER
  POSSIBLE SUNSHINE  MM
  AVERAGE SKY COVER 0.4

WEATHER CONDITIONS
 THE FOLLOWING WEATHER WAS RECORDED YESTERDAY.
  THUNDERSTORM
  LIGHT RAIN

RELATIVE HUMIDITY (PERCENT)
 HIGHEST    87           500 AM
 LOWEST     51           300 PM
 AVERAGE    69
..........................................................

THE LONDON KY CLIMATE NORMALS FOR TODAY
                         NORMAL    RECORD    YEAR
 MAXIMUM TEMPERATURE (F)   86        94      2007
                                             1988
 MINIMUM TEMPERATURE (F)   65        48      1964

SUNRISE AND SUNSET
AUGUST 14 2016........SUNRISE   653 AM EDT   SUNSET   829 PM EDT
AUGUST 15 2016........SUNRISE   653 AM EDT   SUNSET   827 PM EDT

-  INDICATES NEGATIVE NUMBERS.
R  INDICATES RECORD WAS SET OR TIED.
MM INDICATES DATA IS MISSING.
T  INDICATES TRACE AMOUNT.

$$

GEOGERIAN
