000
CDUS43 KJKL 290529 RRA
CLILOZ

CLIMATE REPORT
NATIONAL WEATHER SERVICE JACKSON KY
1228 AM EST MON JAN 29 2018

...................................

...THE LONDON KY CLIMATE SUMMARY FOR JANUARY 28 2018...

CLIMATE NORMAL PERIOD 1981 TO 2010
CLIMATE RECORD PERIOD 1954 TO 2018


WEATHER ITEM   OBSERVED TIME   RECORD YEAR NORMAL DEPARTURE LAST
                VALUE   (LST)  VALUE       VALUE  FROM      YEAR
                                                  NORMAL
..................................................................
TEMPERATURE (F)
 YESTERDAY
  MAXIMUM         52    138 AM  68    1975  46      6       48
  MINIMUM         33   1159 PM -18    1963  27      6       25
  AVERAGE         43                        36      7       37

PRECIPITATION (IN)
  YESTERDAY        0.31          1.51 1957   0.11   0.20     0.00
  MONTH TO DATE    1.50                      3.17  -1.67     4.07
  SINCE DEC 1      4.41                      7.41  -3.00    10.37
  SINCE JAN 1      1.50                      3.17  -1.67     4.07

SNOWFALL (IN)
  YESTERDAY       MM
  MONTH TO DATE   MM
  SINCE DEC 1     MM
  SINCE JUL 1     MM
  SNOW DEPTH      MM

DEGREE DAYS
 HEATING
  YESTERDAY       22                        29              28

 COOLING
  YESTERDAY        0                         0      0        0
  MONTH TO DATE    0                         0      0        0
  SINCE DEC 1      0                         1     -1        0
  SINCE JAN 1      0                         0      0        0
..................................................................


WIND (MPH)
  HIGHEST WIND SPEED    12   HIGHEST WIND DIRECTION    NE (30)
  HIGHEST GUST SPEED    18   HIGHEST GUST DIRECTION     N (360)
  AVERAGE WIND SPEED     4.8


SKY COVER
  POSSIBLE SUNSHINE  MM
  AVERAGE SKY COVER 0.8


WEATHER CONDITIONS
 THE FOLLOWING WEATHER WAS RECORDED YESTERDAY.
  RAIN
  LIGHT RAIN
  FOG
  FOG W/VISIBILITY <= 1/4 MILE


RELATIVE HUMIDITY (PERCENT)
 HIGHEST   100          1100 AM
 LOWEST     92           600 PM
 AVERAGE    96

..........................................................


THE LONDON KY CLIMATE NORMALS FOR TODAY
                         NORMAL    RECORD    YEAR
 MAXIMUM TEMPERATURE (F)   46        71      2002
 MINIMUM TEMPERATURE (F)   27        -7      1977


SUNRISE AND SUNSET
JANUARY 29 2018.......SUNRISE   741 AM EST   SUNSET   558 PM EST
JANUARY 30 2018.......SUNRISE   741 AM EST   SUNSET   559 PM EST


-  INDICATES NEGATIVE NUMBERS.
R  INDICATES RECORD WAS SET OR TIED.
MM INDICATES DATA IS MISSING.
T  INDICATES TRACE AMOUNT.




$$
