000
CDUS43 KJKL 010603
CLILOZ

CLIMATE REPORT
NATIONAL WEATHER SERVICE JACKSON KY
200 AM EDT TUE SEP 1 2015

...................................

...THE LONDON KY CLIMATE SUMMARY FOR AUGUST 31 2015...

CLIMATE NORMAL PERIOD 1981 TO 2010
CLIMATE RECORD PERIOD 1954 TO 2015


WEATHER ITEM   OBSERVED TIME   RECORD YEAR NORMAL DEPARTURE LAST
                VALUE   (LST)  VALUE       VALUE  FROM      YEAR
                                                  NORMAL
..................................................................
TEMPERATURE (F)
 YESTERDAY
  MAXIMUM         87    344 PM  96    1957  84      3       80
  MINIMUM         65    652 AM  46    1976  63      2       70
  AVERAGE         76                        73      3       75

PRECIPITATION (IN)
  YESTERDAY        0.00          1.29 1986   0.11  -0.11     0.51
  MONTH TO DATE    2.76                      3.71  -0.95     6.10
  SINCE JUN 1     18.96                     12.15   6.81    15.81
  SINCE JAN 1     38.88                     32.68   6.20    34.80

SNOWFALL (IN)
  YESTERDAY       MM
  MONTH TO DATE   MM
  SINCE JUN 1     MM
  SINCE JUL 1     MM
  SNOW DEPTH      MM

DEGREE DAYS
 HEATING
  YESTERDAY        0                         0      0        0
  MONTH TO DATE    0                         0      0        0
  SINCE JUN 1      2                        10     -8        0
  SINCE JUL 1      0                         1     -1        0

 COOLING
  YESTERDAY       11                         8      3       10
  MONTH TO DATE  280                       317    -37      331
  SINCE JUN 1    977                       910     67      888
  SINCE JAN 1   1171                      1024    147     1054
..................................................................


WIND (MPH)
  HIGHEST WIND SPEED     9   HIGHEST WIND DIRECTION     E (90)
  HIGHEST GUST SPEED    14   HIGHEST GUST DIRECTION     E (100)
  AVERAGE WIND SPEED     2.2


SKY COVER
  POSSIBLE SUNSHINE  MM
  AVERAGE SKY COVER 0.1


WEATHER CONDITIONS
 THE FOLLOWING WEATHER WAS RECORDED YESTERDAY.
  FOG
  HAZE


RELATIVE HUMIDITY (PERCENT)
 HIGHEST    87           600 AM
 LOWEST     40           500 PM
 AVERAGE    64

..........................................................


THE LONDON KY CLIMATE NORMALS FOR TODAY
                         NORMAL    RECORD    YEAR
 MAXIMUM TEMPERATURE (F)   84        95      1957
 MINIMUM TEMPERATURE (F)   62        48      1963


SUNRISE AND SUNSET
SEPTEMBER  1 2015.....SUNRISE   707 AM EDT   SUNSET   805 PM EDT
SEPTEMBER  2 2015.....SUNRISE   708 AM EDT   SUNSET   804 PM EDT


-  INDICATES NEGATIVE NUMBERS.
R  INDICATES RECORD WAS SET OR TIED.
MM INDICATES DATA IS MISSING.
T  INDICATES TRACE AMOUNT.




$$
