000
CDUS43 KJKL 210527
CLILOZ

CLIMATE REPORT
NATIONAL WEATHER SERVICE JACKSON KY
125 AM EDT FRI APR 21 2017

...................................

...THE LONDON KY CLIMATE SUMMARY FOR APRIL 20 2017...

CLIMATE NORMAL PERIOD 1981 TO 2010
CLIMATE RECORD PERIOD 1954 TO 2017

WEATHER ITEM   OBSERVED TIME   RECORD YEAR NORMAL DEPARTURE LAST
                VALUE   (LST)  VALUE       VALUE  FROM      YEAR
                                                  NORMAL
..................................................................
TEMPERATURE (F)
 YESTERDAY
  MAXIMUM         82    539 PM  88    1964  70     12       85
  MINIMUM         58    450 AM  23    1983  46     12       55
  AVERAGE         70                        58     12       70

PRECIPITATION (IN)
  YESTERDAY        0.05          1.20 1958   0.14  -0.09     0.00
  MONTH TO DATE    1.91                      2.62  -0.71     0.98
  SINCE MAR 1      6.94                      6.67   0.27     3.11

SNOWFALL (IN)
  YESTERDAY       MM
  MONTH TO DATE   MM
  SINCE MAR 1     MM
  SINCE JUL 1     MM
  SNOW DEPTH      MM

DEGREE DAYS
 HEATING
  YESTERDAY        0                         8     -8        0
  MONTH TO DATE   90                       210   -120      216
  SINCE MAR 1    603                       759   -156      615
  SINCE JUL 1   3198                      4035   -837     3531

 COOLING
  YESTERDAY        5                         1      4        5
  MONTH TO DATE   25                        12     13        7
  SINCE MAR 1     28                        15     13        7
  SINCE JAN 1     28                        15     13        7
..................................................................

WIND (MPH)
  HIGHEST WIND SPEED    18   HIGHEST WIND DIRECTION     W (250)
  HIGHEST GUST SPEED    26   HIGHEST GUST DIRECTION     W (260)
  AVERAGE WIND SPEED     6.1

SKY COVER
  POSSIBLE SUNSHINE  MM
  AVERAGE SKY COVER 0.5

WEATHER CONDITIONS
 THE FOLLOWING WEATHER WAS RECORDED YESTERDAY.
  FOG

RELATIVE HUMIDITY (PERCENT)
 HIGHEST    93           400 AM
 LOWEST     34           400 PM
 AVERAGE    64
..........................................................

THE LONDON KY CLIMATE NORMALS FOR TODAY
                         NORMAL    RECORD    YEAR
 MAXIMUM TEMPERATURE (F)   70        87      1963
 MINIMUM TEMPERATURE (F)   46        25      1983

SUNRISE AND SUNSET
APRIL 21 2017.........SUNRISE   654 AM EDT   SUNSET   817 PM EDT
APRIL 22 2017.........SUNRISE   652 AM EDT   SUNSET   818 PM EDT

-  INDICATES NEGATIVE NUMBERS.
R  INDICATES RECORD WAS SET OR TIED.
MM INDICATES DATA IS MISSING.
T  INDICATES TRACE AMOUNT.

$$
GREIF
