000
CDUS43 KJKL 220535
CLILOZ

CLIMATE REPORT
NATIONAL WEATHER SERVICE JACKSON KY
135 AM EDT WED MAR 22 2017

...................................

...THE LONDON KY CLIMATE SUMMARY FOR MARCH 21 2017...

CLIMATE NORMAL PERIOD 1981 TO 2010
CLIMATE RECORD PERIOD 1954 TO 2017

WEATHER ITEM   OBSERVED TIME   RECORD YEAR NORMAL DEPARTURE LAST
                VALUE   (LST)  VALUE       VALUE  FROM      YEAR
                                                  NORMAL
..................................................................
TEMPERATURE (F)
 YESTERDAY
  MAXIMUM         73    328 PM  83    2012  60     13       52
  MINIMUM         47    123 AM  13    1965  37     10       27
  AVERAGE         60                        49     11       40

PRECIPITATION (IN)
  YESTERDAY        0.00          2.48 1955   0.13  -0.13     0.00
  MONTH TO DATE    3.21                      2.74   0.47     1.05
  SINCE MAR 1      3.21                      2.74   0.47     1.05

SNOWFALL (IN)
  YESTERDAY       MM
  MONTH TO DATE   MM
  SINCE MAR 1     MM
  SINCE JUL 1     MM
  SNOW DEPTH      MM

DEGREE DAYS
 HEATING
  YESTERDAY        5                        16    -11       25
  MONTH TO DATE  453                       401     52      298
  SINCE MAR 1    453                       401     52      298
  SINCE JUL 1   3048                      3677   -629     3214

 COOLING
  YESTERDAY        0                         0      0        0
  MONTH TO DATE    0                         0      0        0
  SINCE MAR 1      0                         0      0        0
  SINCE JAN 1      0                         0      0        0
..................................................................

WIND (MPH)
  HIGHEST WIND SPEED    16   HIGHEST WIND DIRECTION     N (10)
  HIGHEST GUST SPEED    24   HIGHEST GUST DIRECTION     N (10)
  AVERAGE WIND SPEED     5.3

SKY COVER
  POSSIBLE SUNSHINE  MM
  AVERAGE SKY COVER 0.5

WEATHER CONDITIONS
 THE FOLLOWING WEATHER WAS RECORDED YESTERDAY.
  NO SIGNIFICANT WEATHER WAS OBSERVED.

RELATIVE HUMIDITY (PERCENT)
 HIGHEST    80           400 AM
 LOWEST     44           200 PM
 AVERAGE    62

..........................................................

THE LONDON KY CLIMATE NORMALS FOR TODAY
                         NORMAL    RECORD    YEAR
 MAXIMUM TEMPERATURE (F)   61        82      2012
 MINIMUM TEMPERATURE (F)   38        15      1986

SUNRISE AND SUNSET
MARCH 22 2017.........SUNRISE   737 AM EDT   SUNSET   750 PM EDT
MARCH 23 2017.........SUNRISE   735 AM EDT   SUNSET   751 PM EDT

-  INDICATES NEGATIVE NUMBERS.
R  INDICATES RECORD WAS SET OR TIED.
MM INDICATES DATA IS MISSING.
T  INDICATES TRACE AMOUNT.

$$
