754
CDUS43 KJKL 280522
CLILOZ

CLIMATE REPORT
NATIONAL WEATHER SERVICE JACKSON KY
122 AM EDT THU APR 28 2016

...................................

...THE LONDON KY CLIMATE SUMMARY FOR APRIL 27 2016...

CLIMATE NORMAL PERIOD 1981 TO 2010
CLIMATE RECORD PERIOD 1954 TO 2016

WEATHER ITEM   OBSERVED TIME   RECORD YEAR NORMAL DEPARTURE LAST
                VALUE   (LST)  VALUE       VALUE  FROM      YEAR
                                                  NORMAL
..................................................................
TEMPERATURE (F)
 YESTERDAY
  MAXIMUM         72    306 PM  90    1986  72      0       65
  MINIMUM         61   1159 PM  32    1972  48     13       39
  AVERAGE         67                        60      7       52

PRECIPITATION (IN)
  YESTERDAY        0.88          2.57 2011   0.15   0.73     0.00
  MONTH TO DATE    2.11                      3.64  -1.53     5.48
  SINCE MAR 1      4.24                      7.69  -3.45    10.81

SNOWFALL (IN)
  YESTERDAY       MM
  MONTH TO DATE   MM
  SINCE MAR 1     MM
  SINCE JUL 1     MM
  SNOW DEPTH      MM

DEGREE DAYS
 HEATING
  YESTERDAY        0                         6     -6       13
  MONTH TO DATE  228                       258    -30      167
  SINCE MAR 1    627                       807   -180      691
  SINCE JUL 1   3543                      4083   -540     4312

 COOLING
  YESTERDAY        2                         1      1        0
  MONTH TO DATE   17                        19     -2       23
  SINCE MAR 1     17                        22     -5       23
  SINCE JAN 1     17                        22     -5       23
..................................................................

WIND (MPH)
  HIGHEST WIND SPEED    18   HIGHEST WIND DIRECTION     W (250)
  HIGHEST GUST SPEED    28   HIGHEST GUST DIRECTION     W (260)
  AVERAGE WIND SPEED     4.0

SKY COVER
  POSSIBLE SUNSHINE  MM
  AVERAGE SKY COVER 0.7

WEATHER CONDITIONS
 THE FOLLOWING WEATHER WAS RECORDED YESTERDAY.
  THUNDERSTORM
  HEAVY RAIN
  RAIN
  LIGHT RAIN
  FOG

RELATIVE HUMIDITY (PERCENT)
 HIGHEST    93          1100 AM
 LOWEST     68           200 PM
 AVERAGE    81

..........................................................

THE LONDON KY CLIMATE NORMALS FOR TODAY
                         NORMAL    RECORD    YEAR
 MAXIMUM TEMPERATURE (F)   72        85      1956
 MINIMUM TEMPERATURE (F)   48        30      1967

SUNRISE AND SUNSET
APRIL 28 2016.........SUNRISE   645 AM EDT   SUNSET   823 PM EDT
APRIL 29 2016.........SUNRISE   644 AM EDT   SUNSET   824 PM EDT

-  INDICATES NEGATIVE NUMBERS.
R  INDICATES RECORD WAS SET OR TIED.
MM INDICATES DATA IS MISSING.
T  INDICATES TRACE AMOUNT.

$$
