000
CDUS43 KJKL 290521
CLILOZ

CLIMATE REPORT
NATIONAL WEATHER SERVICE JACKSON KY
119 AM EDT MON SEP 29 2014

...................................

...THE LONDON KY CLIMATE SUMMARY FOR SEPTEMBER 28 2014...

CLIMATE NORMAL PERIOD 1981 TO 2010
CLIMATE RECORD PERIOD 1954 TO 2014


WEATHER ITEM   OBSERVED TIME   RECORD YEAR NORMAL DEPARTURE LAST
                VALUE   (LST)  VALUE       VALUE  FROM      YEAR
                                                  NORMAL
..................................................................
TEMPERATURE (F)
 YESTERDAY
  MAXIMUM         76    426 PM  89    1998  75      1       80
                                      1959
  MINIMUM         59    521 AM  38    1985  52      7       52
  AVERAGE         68                        64      4       66

PRECIPITATION (IN)
  YESTERDAY        0.01          1.20 1964   0.11  -0.10     0.00
  MONTH TO DATE    1.39                      3.14  -1.75     2.61
  SINCE SEP 1      1.39                      3.14  -1.75     2.61
  SINCE JAN 1        MM                     35.82     MM    43.65

SNOWFALL (IN)
  YESTERDAY       MM
  MONTH TO DATE   MM
  SINCE SEP 1     MM
  SINCE JUL 1     MM
  SNOW DEPTH      MM

DEGREE DAYS
 HEATING
  YESTERDAY        0                         4     -4        0
  MONTH TO DATE   18                        36    -18       14
  SINCE SEP 1     18                        36    -18       14
  SINCE JUL 1     18                        37    -19       14

 COOLING
  YESTERDAY        3                         2      1        1
  MONTH TO DATE  162                       138     24      148
  SINCE SEP 1    162                       138     24      148
  SINCE JAN 1     MM                      1162     MM     1040
..................................................................


WIND (MPH)
  HIGHEST WIND SPEED     9   HIGHEST WIND DIRECTION     W (260)
  HIGHEST GUST SPEED    11   HIGHEST GUST DIRECTION     W (260)
  AVERAGE WIND SPEED     2.1


SKY COVER
  POSSIBLE SUNSHINE  MM
  AVERAGE SKY COVER 0.1


WEATHER CONDITIONS
 THE FOLLOWING WEATHER WAS RECORDED YESTERDAY.
  LIGHT RAIN
  FOG


RELATIVE HUMIDITY (PERCENT)
 HIGHEST    93          1000 PM
 LOWEST     60           300 PM
 AVERAGE    77

..........................................................


THE LONDON KY CLIMATE NORMALS FOR TODAY
                         NORMAL    RECORD    YEAR
 MAXIMUM TEMPERATURE (F)   75        88      1986
 MINIMUM TEMPERATURE (F)   51        37      1962


SUNRISE AND SUNSET
SEPTEMBER 29 2014.....SUNRISE   730 AM EDT   SUNSET   723 PM EDT
SEPTEMBER 30 2014.....SUNRISE   731 AM EDT   SUNSET   721 PM EDT


-  INDICATES NEGATIVE NUMBERS.
R  INDICATES RECORD WAS SET OR TIED.
MM INDICATES DATA IS MISSING.
T  INDICATES TRACE AMOUNT.




$$
