000
CDUS43 KJKL 082119 RRA
CLILOZ

CLIMATE REPORT
NATIONAL WEATHER SERVICE JACKSON KY
419 PM EST FRI DEC 8 2017

...................................

...THE LONDON KY CLIMATE SUMMARY FOR DECEMBER 8 2017...
VALID TODAY AS OF 0400 PM LOCAL TIME.

CLIMATE NORMAL PERIOD 1981 TO 2010
CLIMATE RECORD PERIOD 1954 TO 2017

WEATHER ITEM   OBSERVED TIME   RECORD YEAR NORMAL DEPARTURE LAST
                VALUE   (LST)  VALUE       VALUE  FROM      YEAR
                                                  NORMAL
..................................................................
TEMPERATURE (F)
 TODAY
  MAXIMUM         30    359 PM  71    1978  50    -20       38
  MINIMUM         25    901 AM  11    2006  31     -6       24
                                      1958
  AVERAGE         28                        40    -12       31

PRECIPITATION (IN)
  TODAY            0.00          3.55 1978   0.14  -0.14     0.00
  MONTH TO DATE    0.66                      1.15  -0.49     1.19
  SINCE DEC 1      0.66                      1.15  -0.49     1.19

SNOWFALL (IN)
  TODAY           MM
  MONTH TO DATE   MM
  SINCE DEC 1     MM
  SINCE JUL 1     MM
  SNOW DEPTH      MM

DEGREE DAYS
 HEATING
  TODAY           37                        25     12       34
  MONTH TO DATE  186                       191     -5      198
  SINCE DEC 1    186                       191     -5      198
  SINCE JUL 1    967                      1021    -54      789

 COOLING
  TODAY            0                         0      0        0
  MONTH TO DATE    0                         0      0        0
  SINCE DEC 1      0                         0      0        0
  SINCE JAN 1   1141                      1190    -49     1507
..................................................................

WIND (MPH)
  HIGHEST WIND SPEED     7   HIGHEST WIND DIRECTION    NE (30)
  HIGHEST GUST SPEED    10   HIGHEST GUST DIRECTION    NW (330)
  AVERAGE WIND SPEED     3.0

SKY COVER
  POSSIBLE SUNSHINE  MM
  AVERAGE SKY COVER 0.7

WEATHER CONDITIONS
 THE FOLLOWING WEATHER WAS RECORDED TODAY.
  NO SIGNIFICANT WEATHER WAS OBSERVED.

RELATIVE HUMIDITY (PERCENT)
 HIGHEST    74           400 AM
 LOWEST     58           300 PM
 AVERAGE    66
..........................................................

THE LONDON KY CLIMATE NORMALS FOR TOMORROW
                         NORMAL    RECORD    YEAR
 MAXIMUM TEMPERATURE (F)   49        68      2007
 MINIMUM TEMPERATURE (F)   31        10      1976

SUNRISE AND SUNSET
DECEMBER  8 2017......SUNRISE   737 AM EST   SUNSET   519 PM EST
DECEMBER  9 2017......SUNRISE   738 AM EST   SUNSET   519 PM EST

-  INDICATES NEGATIVE NUMBERS.
R  INDICATES RECORD WAS SET OR TIED.
MM INDICATES DATA IS MISSING.
T  INDICATES TRACE AMOUNT.

$$

TAB
