000
CDUS43 KJKL 121029 RRA
CLILOZ

CLIMATE REPORT
NATIONAL WEATHER SERVICE JACKSON KY
529 AM EST THU JAN 12 2017

...................................

...THE LONDON KY CLIMATE SUMMARY FOR JANUARY 11 2017...

CLIMATE NORMAL PERIOD 1981 TO 2010
CLIMATE RECORD PERIOD 1954 TO 2017


WEATHER ITEM   OBSERVED TIME   RECORD YEAR NORMAL DEPARTURE LAST
                VALUE   (LST)  VALUE       VALUE  FROM      YEAR
                                                  NORMAL
..................................................................

TEMPERATURE (F)
 YESTERDAY
  MAXIMUM         59   1159 PM  66    1963  44     15       34
  MINIMUM         48    728 AM -13    1962  26     22       13
  AVERAGE         54                        35     19       24

PRECIPITATION (IN)
  YESTERDAY        0.24          1.19 2012   0.12   0.12     0.00
  MONTH TO DATE    1.17                      1.27  -0.10     0.74
  SINCE DEC 1      7.47                      5.51   1.96     6.19
  SINCE JAN 1      1.17                      1.27  -0.10     0.74

SNOWFALL (IN)
  YESTERDAY       MM
  MONTH TO DATE   MM
  SINCE DEC 1     MM
  SINCE JUL 1     MM
  SNOW DEPTH      MM

DEGREE DAYS
 HEATING
  YESTERDAY       11                        30    -19       41
  MONTH TO DATE  321                       326     -5      329
  SINCE DEC 1   1115                      1148    -33      804
  SINCE JUL 1   1706                      1978   -272     1469

 COOLING
  YESTERDAY        0                         0      0        0
  MONTH TO DATE    0                         0      0        0
  SINCE DEC 1      0                         1     -1        0
  SINCE JAN 1      0                         0      0        0
..................................................................

WIND (MPH)
  HIGHEST WIND SPEED    17   HIGHEST WIND DIRECTION     S (180)
  HIGHEST GUST SPEED    24   HIGHEST GUST DIRECTION     S (200)
  AVERAGE WIND SPEED     7.0


SKY COVER
  POSSIBLE SUNSHINE  MM
  AVERAGE SKY COVER 0.8


WEATHER CONDITIONS
 THE FOLLOWING WEATHER WAS RECORDED YESTERDAY.
  RAIN
  LIGHT RAIN
  FOG


RELATIVE HUMIDITY (PERCENT)
 HIGHEST    93           400 AM
 LOWEST     72           600 PM
 AVERAGE    83
..........................................................

THE LONDON KY CLIMATE NORMALS FOR TODAY
                         NORMAL    RECORD    YEAR
 MAXIMUM TEMPERATURE (F)   44        68      1995
 MINIMUM TEMPERATURE (F)   26        -4      1981


SUNRISE AND SUNSET
JANUARY 12 2017.......SUNRISE   750 AM EST   SUNSET   540 PM EST
JANUARY 13 2017.......SUNRISE   749 AM EST   SUNSET   541 PM EST


-  INDICATES NEGATIVE NUMBERS.
R  INDICATES RECORD WAS SET OR TIED.
MM INDICATES DATA IS MISSING.
T  INDICATES TRACE AMOUNT.
$$
