000
CDUS43 KJKL 280522
CLILOZ

CLIMATE REPORT
NATIONAL WEATHER SERVICE JACKSON KY
120 AM EDT SUN SEP 28 2014

...................................

...THE LONDON KY CLIMATE SUMMARY FOR SEPTEMBER 27 2014...

CLIMATE NORMAL PERIOD 1981 TO 2010
CLIMATE RECORD PERIOD 1954 TO 2014


WEATHER ITEM   OBSERVED TIME   RECORD YEAR NORMAL DEPARTURE LAST
                VALUE   (LST)  VALUE       VALUE  FROM      YEAR
                                                  NORMAL
..................................................................
TEMPERATURE (F)
 YESTERDAY
  MAXIMUM         82    331 PM  89    1998  76      6       81
  MINIMUM         59    625 AM  35    1991  52      7       52
  AVERAGE         71                        64      7       67

PRECIPITATION (IN)
  YESTERDAY        0.00          1.12 1976   0.11  -0.11     0.00
  MONTH TO DATE    1.38                      3.03  -1.65     2.61
  SINCE SEP 1      1.38                      3.03  -1.65     2.61
  SINCE JAN 1        MM                     35.71     MM    43.65

SNOWFALL (IN)
  YESTERDAY       MM
  MONTH TO DATE   MM
  SINCE SEP 1     MM
  SINCE JUL 1     MM
  SNOW DEPTH      MM

DEGREE DAYS
 HEATING
  YESTERDAY        0                         3     -3        0
  MONTH TO DATE   18                        32    -14       14
  SINCE SEP 1     18                        32    -14       14
  SINCE JUL 1     18                        33    -15       14

 COOLING
  YESTERDAY        6                         2      4        2
  MONTH TO DATE  159                       136     23      147
  SINCE SEP 1    159                       136     23      147
  SINCE JAN 1     MM                      1160     MM     1039
..................................................................


WIND (MPH)
  HIGHEST WIND SPEED     8   HIGHEST WIND DIRECTION     E (100)
  HIGHEST GUST SPEED    13   HIGHEST GUST DIRECTION    SE (140)
  AVERAGE WIND SPEED     1.5


SKY COVER
  POSSIBLE SUNSHINE  MM
  AVERAGE SKY COVER 0.0


WEATHER CONDITIONS
 THE FOLLOWING WEATHER WAS RECORDED YESTERDAY.
  NO SIGNIFICANT WEATHER WAS OBSERVED.


RELATIVE HUMIDITY (PERCENT)
 HIGHEST    90           300 AM
 LOWEST     45           300 PM
 AVERAGE    68

..........................................................


THE LONDON KY CLIMATE NORMALS FOR TODAY
                         NORMAL    RECORD    YEAR
 MAXIMUM TEMPERATURE (F)   75        89      1998
                                             1959
 MINIMUM TEMPERATURE (F)   52        38      1985


SUNRISE AND SUNSET
SEPTEMBER 28 2014.....SUNRISE   729 AM EDT   SUNSET   724 PM EDT
SEPTEMBER 29 2014.....SUNRISE   730 AM EDT   SUNSET   723 PM EDT


-  INDICATES NEGATIVE NUMBERS.
R  INDICATES RECORD WAS SET OR TIED.
MM INDICATES DATA IS MISSING.
T  INDICATES TRACE AMOUNT.




$$
