000
CDUS43 KJKL 270545
CLILOZ

CLIMATE REPORT
NATIONAL WEATHER SERVICE JACKSON KY
145 AM EDT FRI MAR 27 2015

...................................

...THE LONDON KY CLIMATE SUMMARY FOR MARCH 26 2015...

CLIMATE NORMAL PERIOD 1981 TO 2010
CLIMATE RECORD PERIOD 1954 TO 2015

WEATHER ITEM   OBSERVED TIME   RECORD YEAR NORMAL DEPARTURE LAST
                VALUE   (LST)  VALUE       VALUE  FROM      YEAR
                                                  NORMAL
..................................................................
TEMPERATURE (F)
 YESTERDAY
  MAXIMUM         69   1117 AM  84    2007  62      7       44
  MINIMUM         41   1123 PM  15    1955  39      2       20
  AVERAGE         55                        50      5       32

PRECIPITATION (IN)
  YESTERDAY        0.57          0.93 2009   0.13   0.44     0.00
  MONTH TO DATE    5.23                      3.39   1.84     3.22
  SINCE MAR 1      5.23                      3.39   1.84     3.22
  SINCE JAN 1     12.70                     10.64   2.06     9.73

SNOWFALL (IN)
  YESTERDAY       MM
  MONTH TO DATE   MM
  SINCE MAR 1     MM
  SINCE JUL 1     MM
  SNOW DEPTH      MM

DEGREE DAYS
 HEATING
  YESTERDAY       10                        15     -5       33
  MONTH TO DATE  423                       478    -55      569
  SINCE MAR 1    423                       478    -55      569
  SINCE JUL 1   4044                      3754    290     4076

 COOLING
  YESTERDAY        0                         0      0        0
  MONTH TO DATE    0                         0      0        0
  SINCE MAR 1      0                         0      0        0
  SINCE JAN 1      0                         0      0        0
..................................................................

WIND (MPH)
  HIGHEST WIND SPEED    28   HIGHEST WIND DIRECTION     W (280)
  HIGHEST GUST SPEED    37   HIGHEST GUST DIRECTION     W (260)
  AVERAGE WIND SPEED     8.7

SKY COVER
  POSSIBLE SUNSHINE  MM
  AVERAGE SKY COVER 0.9

WEATHER CONDITIONS
 THE FOLLOWING WEATHER WAS RECORDED YESTERDAY.
  HEAVY RAIN
  RAIN
  LIGHT RAIN
  FOG
  HAZE

RELATIVE HUMIDITY (PERCENT)
 HIGHEST    83           800 PM
 LOWEST     59          1100 AM
 AVERAGE    71
..........................................................

THE LONDON KY CLIMATE NORMALS FOR TODAY
                         NORMAL    RECORD    YEAR
 MAXIMUM TEMPERATURE (F)   62        83      2007
 MINIMUM TEMPERATURE (F)   39        14      1955

SUNRISE AND SUNSET
MARCH 27 2015.........SUNRISE   730 AM EDT   SUNSET   754 PM EDT
MARCH 28 2015.........SUNRISE   728 AM EDT   SUNSET   755 PM EDT

-  INDICATES NEGATIVE NUMBERS.
R  INDICATES RECORD WAS SET OR TIED.
MM INDICATES DATA IS MISSING.
T  INDICATES TRACE AMOUNT.

$$

RAY
