000
CXUS53 KJKL 010733
CLMLOZ

CLIMATE REPORT
NATIONAL WEATHER SERVICE JACKSON KY
333 AM EDT TUE APR 1 2014

...................................

...THE LONDON KY CLIMATE SUMMARY FOR THE MONTH OF MARCH 2014...

CLIMATE NORMAL PERIOD 1981 TO 2010
CLIMATE RECORD PERIOD 1954 TO 2014

WEATHER         OBSERVED          NORMAL  DEPART  LAST YEAR`S
                 VALUE   DATE(S)  VALUE   FROM    VALUE  DATE(S)
                                          NORMAL
................................................................
TEMPERATURE (F)
RECORD
 HIGH              87   03/25/2007
 LOW              -12   03/03/1980
HIGHEST            76   03/11        MM      MM       73  03/16
LOWEST             11   03/04        MM      MM       17  03/04
AVG. MAXIMUM     55.9              58.7    -2.8     48.3
AVG. MINIMUM     31.6              36.1    -4.5     30.2
MEAN             43.8              47.4    -3.6     39.2
DAYS MAX >= 90      0               0.0     0.0        0
DAYS MAX <= 32      2               0.3     1.7        3
DAYS MIN <= 32     21              11.4     9.6       22
DAYS MIN <= 0       0               0.0     0.0        0

PRECIPITATION (INCHES)
RECORD
 MAXIMUM         9.87   1994
 MINIMUM         1.27   1969
TOTALS           5.17              4.05    1.12     5.45
DAILY AVG.       0.17              0.13    0.04     0.18
DAYS >= .01         9              12.9    -3.9       12
DAYS >= .10         6               8.0    -2.0        6
DAYS >= .50         4               2.6     1.4        4
DAYS >= 1.00        2               0.7     1.3        2
GREATEST
 24 HR. TOTAL    1.74   03/29 TO 03/29              1.68

SNOWFALL (INCHES)
RECORDS
 TOTAL           31.0   1960
TOTALS             MM               0.6      MM       MM
SINCE 7/1          MM               9.3      MM       MM
SNOWDEPTH AVG.     MM                MM      MM       MM
DAYS >= 1.0        MM               0.4      MM       MM
GREATEST
 SNOW DEPTH        MM                                 MM
 24 HR TOTAL       MM                                 MM

DEGREE_DAYS
HEATING TOTAL     651               549     102      792
 SINCE 7/1       4158              3825     333     4140
COOLING TOTAL       0                 3      -3        0
 SINCE 1/1          0                 3      -3        0
.................................................................

WIND (MPH)
AVERAGE WIND SPEED              6.4
HIGHEST WIND SPEED/DIRECTION    32/290    DATE  03/12
HIGHEST GUST SPEED/DIRECTION    42/290    DATE  03/12

SKY COVER
POSSIBLE SUNSHINE (PERCENT)   MM
AVERAGE SKY COVER           0.40
NUMBER OF DAYS FAIR           14
NUMBER OF DAYS PC              8
NUMBER OF DAYS CLOUDY          9

AVERAGE RH (PERCENT)     59

WEATHER CONDITIONS. NUMBER OF DAYS WITH
THUNDERSTORM              0     MIXED PRECIP               0
HEAVY RAIN                3     RAIN                       3
LIGHT RAIN                7     FREEZING RAIN              2
LT FREEZING RAIN          3     HAIL                       0
HEAVY SNOW                0     SNOW                       0
LIGHT SNOW                4     SLEET                      0
FOG                      11     FOG W/VIS <= 1/4 MILE      0
HAZE                      4

-  INDICATES NEGATIVE NUMBERS.
R  INDICATES RECORD WAS SET OR TIED.
MM INDICATES DATA IS MISSING.
T  INDICATES TRACE AMOUNT.

$$

CARICO
