000
CXUS53 KJKL 011235
CLMLOZ

CLIMATE REPORT
NATIONAL WEATHER SERVICE JACKSON KY
835 AM EDT THU OCT 1 2015

...................................

...THE LONDON KY CLIMATE SUMMARY FOR THE MONTH OF SEPTEMBER 2015...

CLIMATE NORMAL PERIOD 1981 TO 2010
CLIMATE RECORD PERIOD 1954 TO 2015

WEATHER         OBSERVED          NORMAL  DEPART  LAST YEAR`S
                 VALUE   DATE(S)  VALUE   FROM    VALUE  DATE(S)
                                          NORMAL
................................................................
TEMPERATURE (F)
RECORD
 HIGH              97   09/05/2007
 LOW               32   09/24/1983
HIGHEST            93   09/05        MM      MM       91  09/02
                        09/04                             09/01
LOWEST             45   09/14        MM      MM       46  09/23
AVG. MAXIMUM     81.5              79.6     1.9     79.7
AVG. MINIMUM     59.7              56.9     2.8     60.1
MEAN             70.6              68.3     2.3     69.9
DAYS MAX >= 90      6               2.0     4.0        2
DAYS MAX <= 32      0               0.0     0.0        0
DAYS MIN <= 32      0               0.0     0.0        0
DAYS MIN <= 0       0               0.0     0.0        0

PRECIPITATION (INCHES)
RECORD
 MAXIMUM         8.50   2004
 MINIMUM         0.40   2008
TOTALS           4.35              3.37    0.98     1.39
DAILY AVG.       0.14              0.11    0.03     0.05
DAYS >= .01        10               8.5     1.5        9
DAYS >= .10         9               5.4     3.6        4
DAYS >= .50         4               2.3     1.7        0
DAYS >= 1.00        1               0.9     0.1        0
GREATEST
 24 HR. TOTAL    1.40   09/09 TO 09/10              0.50

SNOWFALL (INCHES)
RECORDS
 TOTAL             MM   MM
TOTALS             MM               0.0      MM       MM
SINCE 7/1          MM               0.0      MM       MM
SNOWDEPTH AVG.     MM                MM      MM       MM
DAYS >= 1.0        MM               0.0      MM       MM
GREATEST
 SNOW DEPTH        MM                                 MM
 24 HR TOTAL       MM                                 MM

DEGREE_DAYS
HEATING TOTAL      14                46     -32       18
 SINCE 7/1         14                47     -33       18
COOLING TOTAL     188               143      45      173
 SINCE 1/1       1359              1167     192     1227
.................................................................

WIND (MPH)
AVERAGE WIND SPEED              3.1
HIGHEST WIND SPEED/DIRECTION    23/300    DATE  09/12
HIGHEST GUST SPEED/DIRECTION    30/300    DATE  09/12

SKY COVER
POSSIBLE SUNSHINE (PERCENT)   MM
AVERAGE SKY COVER           0.30
NUMBER OF DAYS FAIR           19
NUMBER OF DAYS PC              5
NUMBER OF DAYS CLOUDY          6

AVERAGE RH (PERCENT)     67

WEATHER CONDITIONS. NUMBER OF DAYS WITH
THUNDERSTORM              2     MIXED PRECIP               0
HEAVY RAIN                6     RAIN                       8
LIGHT RAIN               13     FREEZING RAIN              0
LT FREEZING RAIN          0     HAIL                       0
HEAVY SNOW                0     SNOW                       0
LIGHT SNOW                0     SLEET                      0
FOG                      21     FOG W/VIS <= 1/4 MILE      5
HAZE                     13

-  INDICATES NEGATIVE NUMBERS.
R  INDICATES RECORD WAS SET OR TIED.
MM INDICATES DATA IS MISSING.
T  INDICATES TRACE AMOUNT.

$$

CARICO
