000
CXUS53 KJKL 010727
CLMLOZ

CLIMATE REPORT
NATIONAL WEATHER SERVICE JACKSON KY
327 AM EDT MON JUL 1 2013

...................................

...THE LONDON KY CLIMATE SUMMARY FOR THE MONTH OF JUNE 2013...

CLIMATE NORMAL PERIOD 1981 TO 2010
CLIMATE RECORD PERIOD 1954 TO 2013

WEATHER         OBSERVED          NORMAL  DEPART  LAST YEAR`S
                 VALUE   DATE(S)  VALUE   FROM    VALUE  DATE(S)
                                          NORMAL
................................................................
TEMPERATURE (F)
RECORD
 HIGH             105   06/29/2012
 LOW               34   06/01/1966
HIGHEST            91   06/12        MM      MM      105  06/29
LOWEST             56   06/15        MM      MM       45  06/02
                        06/14
                        06/04
AVG. MAXIMUM     82.1              83.5    -1.4     85.5
AVG. MINIMUM     62.9              62.1     0.8     59.0
MEAN             72.5              72.8    -0.3     72.3
DAYS MAX >= 90      1               3.5    -2.5        9
DAYS MAX <= 32      0               0.0     0.0        0
DAYS MIN <= 32      0               0.0     0.0        0
DAYS MIN <= 0       0               0.0     0.0        0

PRECIPITATION (INCHES)
RECORD
 MAXIMUM         9.47   1991
 MINIMUM         0.37   2012
TOTALS           7.24              4.40    2.84     0.37
DAILY AVG.       0.24              0.15    0.09     0.01
DAYS >= .01        17              11.5     5.5        5
DAYS >= .10        13               7.8     5.2        2
DAYS >= .50         6               3.2     2.8        0
DAYS >= 1.00        2               0.9     1.1        0
GREATEST
 24 HR. TOTAL    1.45   06/26 TO 06/27              0.17

SNOWFALL (INCHES)
RECORDS
 TOTAL             MM   MM
TOTALS             MM               0.0      MM       MM
SINCE 7/1          MM              10.3      MM       MM
SNOWDEPTH AVG.     MM                MM      MM       MM
DAYS >= 1.0        MM               0.0      MM       MM
GREATEST
 SNOW DEPTH        MM                                 MM
 24 HR TOTAL       MM                                 MM

DEGREE_DAYS
HEATING TOTAL       0                 9      -9       11
 SINCE 7/1       4531              4205     326     3585
COOLING TOTAL     231               243     -12      238
 SINCE 1/1        331               357     -26      421
.................................................................

WIND (MPH)
AVERAGE WIND SPEED              4.0
HIGHEST WIND SPEED/DIRECTION    31/230    DATE  06/26
HIGHEST GUST SPEED/DIRECTION    44/230    DATE  06/26

SKY COVER
POSSIBLE SUNSHINE (PERCENT)   MM
AVERAGE SKY COVER           0.40
NUMBER OF DAYS FAIR           14
NUMBER OF DAYS PC             14
NUMBER OF DAYS CLOUDY          2

AVERAGE RH (PERCENT)     75

WEATHER CONDITIONS. NUMBER OF DAYS WITH
THUNDERSTORM             13     MIXED PRECIP               0
HEAVY RAIN                9     RAIN                      13
LIGHT RAIN               17     FREEZING RAIN              0
LT FREEZING RAIN          0     HAIL                       0
HEAVY SNOW                0     SNOW                       0
LIGHT SNOW                0     SLEET                      0
FOG                      27     FOG W/VIS <= 1/4 MILE      1
HAZE                      4

-  INDICATES NEGATIVE NUMBERS.
R  INDICATES RECORD WAS SET OR TIED.
MM INDICATES DATA IS MISSING.
T  INDICATES TRACE AMOUNT.

$$

CARICO
