000
CXUS53 KJKL 010730
CLMLOZ

CLIMATE REPORT
NATIONAL WEATHER SERVICE JACKSON KY
230 AM EST SAT MAR 1 2014

...................................

...THE LONDON KY CLIMATE SUMMARY FOR THE MONTH OF FEBRUARY 2014...

CLIMATE NORMAL PERIOD 1981 TO 2010
CLIMATE RECORD PERIOD 1954 TO 2014

WEATHER         OBSERVED          NORMAL  DEPART  LAST YEAR`S
                 VALUE   DATE(S)  VALUE   FROM    VALUE  DATE(S)
                                          NORMAL
................................................................
TEMPERATURE (F)
RECORD
 HIGH              81   02/26/1977
 LOW              -11   02/01/1971
HIGHEST            72   02/20        MM      MM       58  02/22
                                                          02/10
                                                          02/07
LOWEST             15   02/11        MM      MM       12  02/01
AVG. MAXIMUM     47.0              49.7    -2.7     47.1
AVG. MINIMUM     27.1              29.4    -2.3     27.8
MEAN             37.1              39.5    -2.4     37.4
DAYS MAX >= 90      0               0.0     0.0        0
DAYS MAX <= 32      3               2.3     0.7        1
DAYS MIN <= 32     23              17.8     5.2       20
DAYS MIN <= 0       0               0.0     0.0        0

PRECIPITATION (INCHES)
RECORD
 MAXIMUM        10.64   1956
 MINIMUM         0.65   1968
TOTALS           4.23              3.71    0.52     1.55
DAILY AVG.       0.15              0.13    0.02     0.06
DAYS >= .01        13              11.8     1.2       14
DAYS >= .10         8               7.5     0.5        7
DAYS >= .50         4               2.5     1.5        0
DAYS >= 1.00        0               0.9    -0.9        0
GREATEST
 24 HR. TOTAL    1.42   02/02 TO 02/03              0.37

SNOWFALL (INCHES)
RECORDS
 TOTAL           23.5   1979
TOTALS             MM               3.1      MM       MM
SINCE 7/1          MM               8.7      MM       MM
SNOWDEPTH AVG.     MM                MM      MM       MM
DAYS >= 1.0        MM               1.5      MM       MM
GREATEST
 SNOW DEPTH        MM                                 MM
 24 HR TOTAL       MM                                 MM

DEGREE_DAYS
HEATING TOTAL     776               713      63      765
 SINCE 7/1       3507              3276     231     3348
COOLING TOTAL       0                 0       0        0
 SINCE 1/1          0                 0       0        0
.................................................................

WIND (MPH)
AVERAGE WIND SPEED              6.6
HIGHEST WIND SPEED/DIRECTION    36/280    DATE  02/21
HIGHEST GUST SPEED/DIRECTION    45/290    DATE  02/21

SKY COVER
POSSIBLE SUNSHINE (PERCENT)   MM
AVERAGE SKY COVER           0.50
NUMBER OF DAYS FAIR            9
NUMBER OF DAYS PC             10
NUMBER OF DAYS CLOUDY          9

AVERAGE RH (PERCENT)     63

WEATHER CONDITIONS. NUMBER OF DAYS WITH
THUNDERSTORM              3     MIXED PRECIP               0
HEAVY RAIN                4     RAIN                       6
LIGHT RAIN               11     FREEZING RAIN              0
LT FREEZING RAIN          1     HAIL                       0
HEAVY SNOW                0     SNOW                       0
LIGHT SNOW               10     SLEET                      0
FOG                      16     FOG W/VIS <= 1/4 MILE      0
HAZE                      7

-  INDICATES NEGATIVE NUMBERS.
R  INDICATES RECORD WAS SET OR TIED.
MM INDICATES DATA IS MISSING.
T  INDICATES TRACE AMOUNT.

&&

RECORDS...

NO RECORDS WERE SET OR TIED

$$

CARICO
