000
CXUS53 KJKL 010726
CLMLOZ

CLIMATE REPORT
NATIONAL WEATHER SERVICE JACKSON KY
326 AM EDT TUE OCT 1 2013

...................................

...THE LONDON KY CLIMATE SUMMARY FOR THE MONTH OF SEPTEMBER 2013...

CLIMATE NORMAL PERIOD 1981 TO 2010
CLIMATE RECORD PERIOD 1954 TO 2013

WEATHER         OBSERVED          NORMAL  DEPART  LAST YEAR`S
                 VALUE   DATE(S)  VALUE   FROM    VALUE  DATE(S)
                                          NORMAL
................................................................
TEMPERATURE (F)
RECORD
 HIGH              97   09/05/2007
 LOW               32   09/24/1983
HIGHEST            89   09/10        MM      MM       87  09/07
                                                          09/05
LOWEST             48   09/14        MM      MM       37  09/24
AVG. MAXIMUM     80.0              79.6     0.4     76.3
AVG. MINIMUM     58.5              56.9     1.6     55.9
MEAN             69.3              68.3     1.0     66.1
DAYS MAX >= 90      0               2.0    -2.0        0
DAYS MAX <= 32      0               0.0     0.0        0
DAYS MIN <= 32      0               0.0     0.0        0
DAYS MIN <= 0       0               0.0     0.0        0

PRECIPITATION (INCHES)
RECORD
 MAXIMUM         8.50   2004
 MINIMUM         0.40   2008
TOTALS           2.61              3.37   -0.76     8.42
DAILY AVG.       0.09              0.11   -0.02     0.28
DAYS >= .01         8               8.5    -0.5       11
DAYS >= .10         5               5.4    -0.4        9
DAYS >= .50         1               2.3    -1.3        4
DAYS >= 1.00        1               0.9     0.1        3
GREATEST
 24 HR. TOTAL    1.27   09/21 TO 09/21              3.81

SNOWFALL (INCHES)
RECORDS
 TOTAL             MM   MM
TOTALS             MM               0.0      MM       MM
SINCE 7/1          MM               0.0      MM       MM
SNOWDEPTH AVG.     MM                MM      MM       MM
DAYS >= 1.0        MM               0.0      MM       MM
GREATEST
 SNOW DEPTH        MM                                 MM
 24 HR TOTAL       MM                                 MM

DEGREE_DAYS
HEATING TOTAL      15                46     -31       63
 SINCE 7/1         15                47     -32       63
COOLING TOTAL     149               143       6      104
 SINCE 1/1       1041              1167    -126     1222
.................................................................

WIND (MPH)
AVERAGE WIND SPEED              2.5
HIGHEST WIND SPEED/DIRECTION    17/270    DATE  09/01
HIGHEST GUST SPEED/DIRECTION    25/340    DATE  09/21

SKY COVER
POSSIBLE SUNSHINE (PERCENT)   MM
AVERAGE SKY COVER           0.30
NUMBER OF DAYS FAIR           19
NUMBER OF DAYS PC             10
NUMBER OF DAYS CLOUDY          1

AVERAGE RH (PERCENT)     72

WEATHER CONDITIONS. NUMBER OF DAYS WITH
THUNDERSTORM              5     MIXED PRECIP               0
HEAVY RAIN                4     RAIN                       6
LIGHT RAIN                7     FREEZING RAIN              0
LT FREEZING RAIN          0     HAIL                       0
HEAVY SNOW                0     SNOW                       0
LIGHT SNOW                0     SLEET                      0
FOG                      27     FOG W/VIS <= 1/4 MILE      8
HAZE                      7

-  INDICATES NEGATIVE NUMBERS.
R  INDICATES RECORD WAS SET OR TIED.
MM INDICATES DATA IS MISSING.
T  INDICATES TRACE AMOUNT.

$$

CARICO
