176
CXUS53 KJKL 011640
CLMLOZ

CLIMATE REPORT
NATIONAL WEATHER SERVICE JACKSON KY
1140 AM EST FRI DEC 1 2017

...................................

...THE LONDON KY CLIMATE SUMMARY FOR THE MONTH OF NOVEMBER 2017...

CLIMATE NORMAL PERIOD 1981 TO 2010
CLIMATE RECORD PERIOD 1954 TO 2017

WEATHER         OBSERVED          NORMAL  DEPART  LAST YEAR`S
                 VALUE   DATE(S)  VALUE   FROM    VALUE  DATE(S)
                                          NORMAL
................................................................
TEMPERATURE (F)
RECORD
 HIGH              83   11/01/2016
 LOW                2   11/30/1976
HIGHEST            76   11/05        MM      MM       83  11/01
LOWEST             23   11/20        MM      MM       20  11/21
AVG. MAXIMUM     58.6              58.5     0.1     63.3
AVG. MINIMUM     36.9              36.7     0.2     36.3
MEAN             47.8              47.6     0.2     49.8
DAYS MAX >= 90      0               0.0     0.0        0
DAYS MAX <= 32      0               0.2    -0.2        0
DAYS MIN <= 32     14              10.9     3.1       10
DAYS MIN <= 0       0               0.0     0.0        0

PRECIPITATION (INCHES)
RECORD
 MAXIMUM         8.53   1986
 MINIMUM         0.40   1976
TOTALS           2.00              3.83   -1.83     2.59
DAILY AVG.       0.07              0.13   -0.06     0.09
DAYS >= .01        11              10.5     0.5        7
DAYS >= .10         3               7.1    -4.1        4
DAYS >= .50         2               2.8    -0.8        2
DAYS >= 1.00        0               1.0    -1.0        1
GREATEST
 24 HR. TOTAL    0.85   11/06 TO 11/06              1.65

SNOWFALL (INCHES)
RECORDS
 TOTAL            4.5   1963
                        1959
TOTALS             MM                 T      MM       MM
SINCE 7/1          MM                 T      MM       MM
SNOWDEPTH AVG.     MM                MM      MM       MM
DAYS >= 1.0        MM               0.0      MM       MM
GREATEST
 SNOW DEPTH        MM                                 MM
 24 HR TOTAL       MM                                 MM

DEGREE_DAYS
HEATING TOTAL     514               524     -10      455
 SINCE 7/1        781               830     -49      591
COOLING TOTAL       6                 2       4        7
 SINCE 1/1       1141              1190     -49     1507
.................................................................

WIND (MPH)
AVERAGE WIND SPEED              5.0
HIGHEST WIND SPEED/DIRECTION    33/280    DATE  11/18
HIGHEST GUST SPEED/DIRECTION    51/290    DATE  11/18

SKY COVER
POSSIBLE SUNSHINE (PERCENT)   MM
AVERAGE SKY COVER           0.50
NUMBER OF DAYS FAIR           13
NUMBER OF DAYS PC              7
NUMBER OF DAYS CLOUDY         10

AVERAGE RH (PERCENT)     69

WEATHER CONDITIONS. NUMBER OF DAYS WITH
THUNDERSTORM              2     MIXED PRECIP               0
HEAVY RAIN                3     RAIN                       4
LIGHT RAIN               12     FREEZING RAIN              0
LT FREEZING RAIN          0     HAIL                       0
HEAVY SNOW                0     SNOW                       0
LIGHT SNOW                0     SLEET                      0
FOG                      12     FOG W/VIS <= 1/4 MILE      1
HAZE                      1

-  INDICATES NEGATIVE NUMBERS.
R  INDICATES RECORD WAS SET OR TIED.
MM INDICATES DATA IS MISSING.
T  INDICATES TRACE AMOUNT.

$$

CARICO
