000
CXUS53 KJKL 031748
CLMLOZ

CLIMATE REPORT
NATIONAL WEATHER SERVICE JACKSON KY
148 PM EDT WED JUN 3 2015

...................................

...THE LONDON KY CLIMATE SUMMARY FOR THE MONTH OF MAY 2015...

CLIMATE NORMAL PERIOD 1981 TO 2010
CLIMATE RECORD PERIOD 1954 TO 2015

WEATHER         OBSERVED          NORMAL  DEPART  LAST YEAR`S
                 VALUE   DATE(S)  VALUE   FROM    VALUE  DATE(S)
                                          NORMAL
................................................................
TEMPERATURE (F)
RECORD
 HIGH              91   05/30/2006
 LOW               28   05/02/1963
HIGHEST            88   05/11        MM      MM       88  05/07
                        05/08
LOWEST             41   05/22        MM      MM       40  05/17
                        05/01                             05/03
AVG. MAXIMUM     81.2              76.3     4.9     78.9
AVG. MINIMUM     56.7              53.3     3.4     54.5
MEAN             69.0              64.8     4.2     66.7
DAYS MAX >= 90      0               0.1    -0.1        0
DAYS MAX <= 32      0               0.0     0.0        0
DAYS MIN <= 32      0               0.1    -0.1        0
DAYS MIN <= 0       0               0.0     0.0        0

PRECIPITATION (INCHES)
RECORD
 MAXIMUM        10.97   1984
 MINIMUM         1.09   1977
TOTALS           1.57              5.18   -3.61     2.23
DAILY AVG.       0.05              0.17   -0.12     0.07
DAYS >= .01        10              13.5    -3.5       12
DAYS >= .10         4               8.5    -4.5        7
DAYS >= .50         1               3.5    -2.5        1
DAYS >= 1.00        0               1.2    -1.2        0
GREATEST
 24 HR. TOTAL    0.56   05/29 TO 05/30              0.73

SNOWFALL (INCHES)
RECORDS
 TOTAL             MM   MM
TOTALS             MM               0.0      MM       MM
SINCE 7/1          MM              10.3      MM       MM
SNOWDEPTH AVG.     MM                MM      MM       MM
DAYS >= 1.0        MM               0.0      MM       MM
GREATEST
 SNOW DEPTH        MM                                 MM
 24 HR TOTAL       MM                                 MM

DEGREE_DAYS
HEATING TOTAL      41                95     -54       83
 SINCE 7/1       4380              4196     184     4420
COOLING TOTAL     171                88      83      141
 SINCE 1/1        194               114      80      166
.................................................................

WIND (MPH)
AVERAGE WIND SPEED              4.0
HIGHEST WIND SPEED/DIRECTION    31/250    DATE  05/26
HIGHEST GUST SPEED/DIRECTION    42/250    DATE  05/26

SKY COVER
POSSIBLE SUNSHINE (PERCENT)   MM
AVERAGE SKY COVER           0.30
NUMBER OF DAYS FAIR           18
NUMBER OF DAYS PC             12
NUMBER OF DAYS CLOUDY          1

AVERAGE RH (PERCENT)     61

WEATHER CONDITIONS. NUMBER OF DAYS WITH
THUNDERSTORM              7     MIXED PRECIP               0
HEAVY RAIN                4     RAIN                       3
LIGHT RAIN               14     FREEZING RAIN              0
LT FREEZING RAIN          0     HAIL                       0
HEAVY SNOW                0     SNOW                       0
LIGHT SNOW                0     SLEET                      0
FOG                      16     FOG W/VIS <= 1/4 MILE      2
HAZE                     16

-  INDICATES NEGATIVE NUMBERS.
R  INDICATES RECORD WAS SET OR TIED.
MM INDICATES DATA IS MISSING.
T  INDICATES TRACE AMOUNT.

$$

CARICO
