953
CXUS53 KJKL 011223
CLMLOZ

CLIMATE REPORT
NATIONAL WEATHER SERVICE JACKSON KY
823 AM EDT FRI JUL 1 2016

...................................

...THE LONDON KY CLIMATE SUMMARY FOR THE MONTH OF JUNE 2016...

CLIMATE NORMAL PERIOD 1981 TO 2010
CLIMATE RECORD PERIOD 1954 TO 2016

WEATHER         OBSERVED          NORMAL  DEPART  LAST YEAR`S
                 VALUE   DATE(S)  VALUE   FROM    VALUE  DATE(S)
                                          NORMAL
................................................................
TEMPERATURE (F)
RECORD
 HIGH             105   06/29/2012
 LOW               34   06/01/1966
HIGHEST            92   06/16        MM      MM       92  06/16
                        06/14                             06/15
LOWEST             48   06/09        MM      MM       55  06/28
AVG. MAXIMUM     86.1              83.5     2.6     85.1
AVG. MINIMUM     63.4              62.1     1.3     64.9
MEAN             74.7              72.8     1.9     75.0
DAYS MAX >= 90      7               3.5     3.5        9
DAYS MAX <= 32      0               0.0     0.0        0
DAYS MIN <= 32      0               0.0     0.0        0
DAYS MIN <= 0       0               0.0     0.0        0

PRECIPITATION (INCHES)
RECORD
 MAXIMUM         9.47   1991
 MINIMUM         0.37   2012
TOTALS           2.33              4.40   -2.07     4.97
DAILY AVG.       0.08              0.15   -0.07     0.17
DAYS >= .01        12              11.5     0.5       15
DAYS >= .10         4               7.8    -3.8        8
DAYS >= .50         2               3.2    -1.2        4
DAYS >= 1.00        0               0.9    -0.9        1
GREATEST
 24 HR. TOTAL    0.91   06/21 TO 06/22              1.19

SNOWFALL (INCHES)
RECORDS
 TOTAL             MM   MM
TOTALS             MM               0.0      MM       MM
SINCE 7/1          MM              10.3      MM       MM
SNOWDEPTH AVG.     MM                MM      MM       MM
DAYS >= 1.0        MM               0.0      MM       MM
GREATEST
 SNOW DEPTH        MM                                 MM
 24 HR TOTAL       MM                                 MM

DEGREE_DAYS
HEATING TOTAL       2                 9      -7        2
 SINCE 7/1       3676              4205    -529     4382
COOLING TOTAL     299               243      56      307
 SINCE 1/1        401               357      44      501
.................................................................

WIND (MPH)
AVERAGE WIND SPEED              4.5
HIGHEST WIND SPEED/DIRECTION    41/250    DATE  06/04
HIGHEST GUST SPEED/DIRECTION    51/260    DATE  06/04

SKY COVER
POSSIBLE SUNSHINE (PERCENT)   MM
AVERAGE SKY COVER           0.20
NUMBER OF DAYS FAIR           22
NUMBER OF DAYS PC              8
NUMBER OF DAYS CLOUDY          0

AVERAGE RH (PERCENT)     68

WEATHER CONDITIONS. NUMBER OF DAYS WITH
THUNDERSTORM             11     MIXED PRECIP               0
HEAVY RAIN                4     RAIN                       5
LIGHT RAIN               14     FREEZING RAIN              0
LT FREEZING RAIN          0     HAIL                       0
HEAVY SNOW                0     SNOW                       0
LIGHT SNOW                0     SLEET                      0
FOG                      18     FOG W/VIS <= 1/4 MILE      2
HAZE                      2

-  INDICATES NEGATIVE NUMBERS.
R  INDICATES RECORD WAS SET OR TIED.
MM INDICATES DATA IS MISSING.
T  INDICATES TRACE AMOUNT.

$$

CARICO
