060
CXUS53 KJKL 011446
CLMLOZ

CLIMATE REPORT
NATIONAL WEATHER SERVICE JACKSON KY
1046 AM EDT WED JUN 1 2016

...................................

...THE LONDON KY CLIMATE SUMMARY FOR THE MONTH OF MAY 2016...

CLIMATE NORMAL PERIOD 1981 TO 2010
CLIMATE RECORD PERIOD 1954 TO 2016

WEATHER         OBSERVED          NORMAL  DEPART  LAST YEAR`S
                 VALUE   DATE(S)  VALUE   FROM    VALUE  DATE(S)
                                          NORMAL
................................................................
TEMPERATURE (F)
RECORD
 HIGH              91   05/30/2006
 LOW               28   05/02/1963
HIGHEST            86   05/31        MM      MM       88  05/11
                                                          05/08
LOWEST             38   05/15        MM      MM       41  05/22
                                                          05/01
AVG. MAXIMUM     73.6              76.3    -2.7     81.2
AVG. MINIMUM     52.8              53.3    -0.5     56.7
MEAN             63.2              64.8    -1.6     69.0
DAYS MAX >= 90      0               0.1    -0.1        0
DAYS MAX <= 32      0               0.0     0.0        0
DAYS MIN <= 32      0               0.1    -0.1        0
DAYS MIN <= 0       0               0.0     0.0        0

PRECIPITATION (INCHES)
RECORD
 MAXIMUM        10.97   1984
 MINIMUM         1.09   1977
TOTALS             MM              5.18      MM     1.57
DAILY AVG.         MM              0.17      MM     0.05
DAYS >= .01        MM              13.5      MM       10
DAYS >= .10        MM               8.5      MM        4
DAYS >= .50        MM               3.5      MM        1
DAYS >= 1.00       MM               1.2      MM        0
GREATEST
 24 HR. TOTAL      MM                               0.56

SNOWFALL (INCHES)
RECORDS
 TOTAL             MM   MM
TOTALS             MM               0.0      MM       MM
SINCE 7/1          MM              10.3      MM       MM
SNOWDEPTH AVG.     MM                MM      MM       MM
DAYS >= 1.0        MM               0.0      MM       MM
GREATEST
 SNOW DEPTH        MM                                 MM
 24 HR TOTAL       MM                                 MM

DEGREE_DAYS
HEATING TOTAL     128                95      33       41
 SINCE 7/1       3674              4196    -522     4380
COOLING TOTAL      80                88      -8      171
 SINCE 1/1        102               114     -12      194
.................................................................

WIND (MPH)
AVERAGE WIND SPEED              4.9
HIGHEST WIND SPEED/DIRECTION    31/320    DATE  05/07
HIGHEST GUST SPEED/DIRECTION    47/300    DATE  05/07

SKY COVER
POSSIBLE SUNSHINE (PERCENT)   MM
AVERAGE SKY COVER           0.50
NUMBER OF DAYS FAIR           15
NUMBER OF DAYS PC             10
NUMBER OF DAYS CLOUDY          6

AVERAGE RH (PERCENT)     70

WEATHER CONDITIONS. NUMBER OF DAYS WITH
THUNDERSTORM              9     MIXED PRECIP               0
HEAVY RAIN                9     RAIN                      13
LIGHT RAIN               21     FREEZING RAIN              0
LT FREEZING RAIN          0     HAIL                       0
HEAVY SNOW                0     SNOW                       0
LIGHT SNOW                0     SLEET                      0
FOG                      24     FOG W/VIS <= 1/4 MILE      1
HAZE                      3

-  INDICATES NEGATIVE NUMBERS.
R  INDICATES RECORD WAS SET OR TIED.
MM INDICATES DATA IS MISSING.
T  INDICATES TRACE AMOUNT.

$$

CARICO

...NOTE...
..MAY PRECIPITATION DATA MISSING DUE TO SENSOR FAILURE ON 4 DAYS...
