000
CXUS53 KJKL 010739
CLMLOZ

CLIMATE REPORT
NATIONAL WEATHER SERVICE JACKSON KY
339 AM EDT MON SEP 1 2014

...................................

...THE LONDON KY CLIMATE SUMMARY FOR THE MONTH OF AUGUST 2014...

CLIMATE NORMAL PERIOD 1981 TO 2010
CLIMATE RECORD PERIOD 1954 TO 2014

WEATHER         OBSERVED          NORMAL  DEPART  LAST YEAR`S
                 VALUE   DATE(S)  VALUE   FROM    VALUE  DATE(S)
                                          NORMAL
................................................................
TEMPERATURE (F)
RECORD
 HIGH             102   08/16/2007
 LOW               44   08/29/1986
HIGHEST            90   08/30        MM      MM       92  08/31
                        08/29
                        08/23
                        08/20
LOWEST             56   08/14        MM      MM       53  08/15
AVG. MAXIMUM     84.9              85.7    -0.8     83.1
AVG. MINIMUM     65.9              64.7     1.2     65.1
MEAN             75.4              75.2     0.2     74.1
DAYS MAX >= 90      5               6.4    -1.4        2
DAYS MAX <= 32      0               0.0     0.0        0
DAYS MIN <= 32      0               0.0     0.0        0
DAYS MIN <= 0       0               0.0     0.0        0

PRECIPITATION (INCHES)
RECORD
 MAXIMUM         7.47   2003
 MINIMUM         0.45   2007
TOTALS           6.10              3.71    2.39     3.60
DAILY AVG.       0.20              0.12    0.08     0.12
DAYS >= .01        12               9.2     2.8       15
DAYS >= .10         8               6.0     2.0       10
DAYS >= .50         5               2.8     2.2        1
DAYS >= 1.00        1               0.9     0.1        1
GREATEST
 24 HR. TOTAL    2.54   08/30 TO 08/31              1.41

SNOWFALL (INCHES)
RECORDS
 TOTAL             MM   MM
TOTALS             MM               0.0      MM       MM
SINCE 7/1          MM               0.0      MM       MM
SNOWDEPTH AVG.     MM                MM      MM       MM
DAYS >= 1.0        MM               0.0      MM       MM
GREATEST
 SNOW DEPTH        MM                                 MM
 24 HR TOTAL       MM                                 MM

DEGREE_DAYS
HEATING TOTAL       0                 1      -1        0
 SINCE 7/1          0                 1      -1        0
COOLING TOTAL     331               317      14      290
 SINCE 1/1       1054              1024      30      892
.................................................................

WIND (MPH)
AVERAGE WIND SPEED              3.6
HIGHEST WIND SPEED/DIRECTION    28/240    DATE  08/06
HIGHEST GUST SPEED/DIRECTION    38/260    DATE  08/06

SKY COVER
POSSIBLE SUNSHINE (PERCENT)   MM
AVERAGE SKY COVER           0.30
NUMBER OF DAYS FAIR           17
NUMBER OF DAYS PC             12
NUMBER OF DAYS CLOUDY          2

AVERAGE RH (PERCENT)     72

WEATHER CONDITIONS. NUMBER OF DAYS WITH
THUNDERSTORM              6     MIXED PRECIP               0
HEAVY RAIN                9     RAIN                       8
LIGHT RAIN               15     FREEZING RAIN              0
LT FREEZING RAIN          0     HAIL                       0
HEAVY SNOW                0     SNOW                       0
LIGHT SNOW                0     SLEET                      0
FOG                      27     FOG W/VIS <= 1/4 MILE      5
HAZE                     12

-  INDICATES NEGATIVE NUMBERS.
R  INDICATES RECORD WAS SET OR TIED.
MM INDICATES DATA IS MISSING.
T  INDICATES TRACE AMOUNT.

&&

RECORDS...

NEW MAXIMUM LOW RECORDS...

73 ON THE 23RD
74 ON THE 24TH

NEW PRECIPITATION RECORDS...

2.03 ON THE 30TH

..NOTE...ANNUAL COOLING DEGREE DAY TOTAL MISSING TWO DAYS IN JUNE DUE
TO POWER OUTAGE...

$$

CARICO
