000
CXUS53 KJKL 011441
CLMLOZ

CLIMATE REPORT
NATIONAL WEATHER SERVICE JACKSON KY
941 AM EST TUE MAR 1 2016

...................................

...THE LONDON KY CLIMATE SUMMARY FOR THE MONTH OF FEBRUARY 2016...

CLIMATE NORMAL PERIOD 1981 TO 2010
CLIMATE RECORD PERIOD 1954 TO 2016

WEATHER         OBSERVED          NORMAL  DEPART  LAST YEAR`S
                 VALUE   DATE(S)  VALUE   FROM    VALUE  DATE(S)
                                          NORMAL
................................................................
TEMPERATURE (F)
RECORD
 HIGH              81   02/26/1977
 LOW              -17   02/20/2015
HIGHEST            71   02/02        MM      MM       64  02/07
LOWEST             15   02/14        MM      MM      -17  02/20
                        02/13
                        02/10
AVG. MAXIMUM     47.0              49.7    -2.7     38.9
AVG. MINIMUM     31.0              29.4     1.6     18.4
MEAN             39.0              39.5    -0.5     28.6
DAYS MAX >= 90      0               0.0     0.0        0
DAYS MAX <= 32      5               2.3     2.7        8
DAYS MIN <= 32     17              17.8    -0.8       26
DAYS MIN <= 0       0               0.0     0.0        2

PRECIPITATION (INCHES)
RECORD
 MAXIMUM        10.64   1956
 MINIMUM         0.65   1968
TOTALS             MM              3.71      MM     5.09
DAILY AVG.       0.21                MM      MM     0.18
DAYS >= .01        13              11.8     1.2       10
DAYS >= .10         8               7.5     0.5        4
DAYS >= .50         4               2.5     1.5        3
DAYS >= 1.00        2               0.9     1.1        1
GREATEST
 24 HR. TOTAL    2.28   02/15 TO 02/16              2.94

SNOWFALL (INCHES)
RECORDS
 TOTAL           23.5   1979
TOTALS             MM               3.1      MM       MM
SINCE 7/1          MM               8.7      MM       MM
SNOWDEPTH AVG.     MM                MM      MM       MM
DAYS >= 1.0        MM               1.5      MM       MM
GREATEST
 SNOW DEPTH        MM                                 MM
 24 HR TOTAL       MM                                 MM

DEGREE_DAYS
HEATING TOTAL     745               713      32     1012
 SINCE 7/1       2916              3298    -382     3621
COOLING TOTAL       0                 0       0        0
 SINCE 1/1          0                 0       0        0
.................................................................

WIND (MPH)
AVERAGE WIND SPEED              7.2
HIGHEST WIND SPEED/DIRECTION    33/250    DATE  02/24
HIGHEST GUST SPEED/DIRECTION    51/200    DATE  02/19

SKY COVER
POSSIBLE SUNSHINE (PERCENT)   MM
AVERAGE SKY COVER           0.70
NUMBER OF DAYS FAIR            6
NUMBER OF DAYS PC              7
NUMBER OF DAYS CLOUDY         16

AVERAGE RH (PERCENT)     68

WEATHER CONDITIONS. NUMBER OF DAYS WITH
THUNDERSTORM              2     MIXED PRECIP               0
HEAVY RAIN                5     RAIN                       7
LIGHT RAIN               10     FREEZING RAIN              0
LT FREEZING RAIN          1     HAIL                       0
HEAVY SNOW                1     SNOW                       4
LIGHT SNOW               11     SLEET                      0
FOG                      19     FOG W/VIS <= 1/4 MILE      3
HAZE                      3

-  INDICATES NEGATIVE NUMBERS.
R  INDICATES RECORD WAS SET OR TIED.
MM INDICATES DATA IS MISSING.
T  INDICATES TRACE AMOUNT.

$$

CARICO

...MONTHLY PRECIPITATION TOTAL MISSING DUE TO SENSOR OUTAGE ON 1ST...
...MONTHLY PRECIPITATION TOTAL WITHOUT THE 1ST WAS 6.00...
