000
CXUS53 KJKL 011249
CLMLOZ

CLIMATE REPORT
NATIONAL WEATHER SERVICE JACKSON KY
848 AM EDT TUE SEP 1 2015

...................................

...THE LONDON KY CLIMATE SUMMARY FOR THE MONTH OF AUGUST 2015...

CLIMATE NORMAL PERIOD 1981 TO 2010
CLIMATE RECORD PERIOD 1954 TO 2015

WEATHER         OBSERVED          NORMAL  DEPART  LAST YEAR`S
                 VALUE   DATE(S)  VALUE   FROM    VALUE  DATE(S)
                                          NORMAL
................................................................
TEMPERATURE (F)
RECORD
 HIGH             102   08/16/2007
 LOW               44   08/29/1986
HIGHEST            92   08/04        MM      MM       90  08/30
                                                          08/29
                                                          08/23
LOWEST             54   08/25        MM      MM       56  08/14
AVG. MAXIMUM     84.3              85.7    -1.4     84.9
AVG. MINIMUM     63.4              64.7    -1.3     65.9
MEAN             73.9              75.2    -1.3     75.4
DAYS MAX >= 90      3               6.4    -3.4        5
DAYS MAX <= 32      0               0.0     0.0        0
DAYS MIN <= 32      0               0.0     0.0        0
DAYS MIN <= 0       0               0.0     0.0        0

PRECIPITATION (INCHES)
RECORD
 MAXIMUM         7.47   2003
 MINIMUM         0.45   2007
TOTALS           2.76              3.71   -0.95     6.10
DAILY AVG.       0.09              0.12   -0.03     0.20
DAYS >= .01         9               9.2    -0.2       12
DAYS >= .10         6               6.0     0.0        8
DAYS >= .50         3               2.8     0.2        5
DAYS >= 1.00        0               0.9    -0.9        1
GREATEST
 24 HR. TOTAL    0.90   08/05 TO 08/06              2.54

SNOWFALL (INCHES)
RECORDS
 TOTAL             MM   MM
TOTALS             MM               0.0      MM       MM
SINCE 7/1          MM               0.0      MM       MM
SNOWDEPTH AVG.     MM                MM      MM       MM
DAYS >= 1.0        MM               0.0      MM       MM
GREATEST
 SNOW DEPTH        MM                                 MM
 24 HR TOTAL       MM                                 MM

DEGREE_DAYS
HEATING TOTAL       0                 1      -1        0
 SINCE 7/1          0                 1      -1        0
COOLING TOTAL     280               317     -37      331
 SINCE 1/1       1171              1024     147     1054
.................................................................

WIND (MPH)
AVERAGE WIND SPEED              3.3
HIGHEST WIND SPEED/DIRECTION    30/230    DATE  08/05
HIGHEST GUST SPEED/DIRECTION    37/220    DATE  08/05

SKY COVER
POSSIBLE SUNSHINE (PERCENT)   MM
AVERAGE SKY COVER           0.30
NUMBER OF DAYS FAIR           20
NUMBER OF DAYS PC              9
NUMBER OF DAYS CLOUDY          2

AVERAGE RH (PERCENT)     68

WEATHER CONDITIONS. NUMBER OF DAYS WITH
THUNDERSTORM              5     MIXED PRECIP               0
HEAVY RAIN                5     RAIN                       5
LIGHT RAIN               10     FREEZING RAIN              0
LT FREEZING RAIN          0     HAIL                       0
HEAVY SNOW                0     SNOW                       0
LIGHT SNOW                0     SLEET                      0
FOG                      26     FOG W/VIS <= 1/4 MILE      5
HAZE                     25

-  INDICATES NEGATIVE NUMBERS.
R  INDICATES RECORD WAS SET OR TIED.
MM INDICATES DATA IS MISSING.
T  INDICATES TRACE AMOUNT.

$$

CARICO
