000
CXUS53 KJKL 010742
CLMLOZ

CLIMATE REPORT
NATIONAL WEATHER SERVICE JACKSON KY
342 AM EDT TUE JUL 1 2014

...................................

...THE LONDON KY CLIMATE SUMMARY FOR THE MONTH OF JUNE 2014...

CLIMATE NORMAL PERIOD 1981 TO 2010
CLIMATE RECORD PERIOD 1954 TO 2014

WEATHER         OBSERVED          NORMAL  DEPART  LAST YEAR`S
                 VALUE   DATE(S)  VALUE   FROM    VALUE  DATE(S)
                                          NORMAL
................................................................
TEMPERATURE (F)
RECORD
 HIGH             105   06/29/2012
 LOW               34   06/01/1966
HIGHEST            93   06/18        MM      MM       91  06/12
LOWEST             54   06/15        MM      MM       56  06/15
                                                          06/14
                                                          06/04
AVG. MAXIMUM     85.0              83.5     1.5     82.1
AVG. MINIMUM     64.8              62.1     2.7     62.9
MEAN             74.8              72.8     2.0     72.5
DAYS MAX >= 90      4               3.5     0.5        1
DAYS MAX <= 32      0               0.0     0.0        0
DAYS MIN <= 32      0               0.0     0.0        0
DAYS MIN <= 0       0               0.0     0.0        0

PRECIPITATION (INCHES)
RECORD
 MAXIMUM         9.47   1991
 MINIMUM         0.37   2012
TOTALS           2.71              4.40   -1.69     7.24
DAILY AVG.       0.10              0.15   -0.05     0.24
DAYS >= .01        11              11.5    -0.5       17
DAYS >= .10         7               7.8    -0.8       13
DAYS >= .50         2               3.2    -1.2        6
DAYS >= 1.00        0               0.9    -0.9        2
GREATEST
 24 HR. TOTAL    0.88   06/20 TO 06/20              1.45
                        06/20 TO 06/21

SNOWFALL (INCHES)
RECORDS
 TOTAL             MM   MM
TOTALS             MM               0.0      MM       MM
SINCE 7/1          MM              10.3      MM       MM
SNOWDEPTH AVG.     MM                MM      MM       MM
DAYS >= 1.0        MM               0.0      MM       MM
GREATEST
 SNOW DEPTH        MM                                 MM
 24 HR TOTAL       MM                                 MM

DEGREE_DAYS
HEATING TOTAL       0                 9      -9        0
 SINCE 7/1       4420              4205     215     4531
COOLING TOTAL     282               243      39      231
 SINCE 1/1        448               357      91      331
.................................................................

WIND (MPH)
AVERAGE WIND SPEED              4.2
HIGHEST WIND SPEED/DIRECTION    44/230    DATE  06/10
HIGHEST GUST SPEED/DIRECTION    58/230    DATE  06/10

SKY COVER
POSSIBLE SUNSHINE (PERCENT)   MM
AVERAGE SKY COVER           0.30
NUMBER OF DAYS FAIR           13
NUMBER OF DAYS PC             16
NUMBER OF DAYS CLOUDY          0

AVERAGE RH (PERCENT)     70

WEATHER CONDITIONS. NUMBER OF DAYS WITH
THUNDERSTORM              8     MIXED PRECIP               0
HEAVY RAIN                7     RAIN                       6
LIGHT RAIN               13     FREEZING RAIN              0
LT FREEZING RAIN          0     HAIL                       0
HEAVY SNOW                0     SNOW                       0
LIGHT SNOW                0     SLEET                      0
FOG                      20     FOG W/VIS <= 1/4 MILE      3
HAZE                      7

-  INDICATES NEGATIVE NUMBERS.
R  INDICATES RECORD WAS SET OR TIED.
MM INDICATES DATA IS MISSING.
T  INDICATES TRACE AMOUNT.

...NOTE...POWER OUTAGE AT LOZ RESULTED IN LOSS OF DATA FOR JUNE 10TH
AND 11TH. AVERAGES AND TOTALS BASED ON 28 DAYS...

&&

RECORDS...

NEW MAXIMUM RECORDS...

93 ON THE 18TH

TIED MAXIMUM LOW RECORDS...

70 ON THE 25TH

$$

CARICO
