000
CXUS53 KJKL 011324
CLMLOZ

CLIMATE REPORT
NATIONAL WEATHER SERVICE JACKSON KY
824 AM EST MON FEB 1 2016

...................................

...THE LONDON KY CLIMATE SUMMARY FOR THE MONTH OF JANUARY 2016...

CLIMATE NORMAL PERIOD 1981 TO 2010
CLIMATE RECORD PERIOD 1954 TO 2016

WEATHER         OBSERVED          NORMAL  DEPART  LAST YEAR`S
                 VALUE   DATE(S)  VALUE   FROM    VALUE  DATE(S)
                                          NORMAL
................................................................
TEMPERATURE (F)
RECORD
 HIGH              74   01/31/2002
                        01/24/1972
 LOW              -25   01/19/1994
HIGHEST            65   01/31        MM      MM       62  01/20
                                                          01/04
                                                          01/03
LOWEST              0   01/24        MM      MM        3  01/08
AVG. MAXIMUM     41.9              44.8    -2.9     43.8
AVG. MINIMUM     21.0              26.4    -5.4     25.0
MEAN             31.4              35.6    -4.2     34.4
DAYS MAX >= 90      0               0.0     0.0        0
DAYS MAX <= 32      7               4.6     2.4        3
DAYS MIN <= 32     27              21.7     5.3       25
DAYS MIN <= 0       1               0.6     0.4        0

PRECIPITATION (INCHES)
RECORD
 MAXIMUM        10.09   1957
 MINIMUM         1.07   1981
TOTALS           2.08              3.54   -1.46     2.38
DAILY AVG.       0.07              0.11   -0.04     0.08
DAYS >= .01         9              11.3    -2.3       11
DAYS >= .10         3               6.9    -3.9        6
DAYS >= .50         1               2.5    -1.5        2
DAYS >= 1.00        1               0.8     0.2        0
GREATEST
 24 HR. TOTAL    1.16   01/22 TO 01/23              1.15

SNOWFALL (INCHES)
RECORDS
 TOTAL           17.6   1978
TOTALS             MM               4.5      MM       MM
SINCE 7/1          MM               5.6      MM       MM
SNOWDEPTH AVG.     MM                 2      MM       MM
DAYS >= 1.0        MM               1.9      MM       MM
GREATEST
 SNOW DEPTH        MM                                 MM
 24 HR TOTAL       MM                                 MM

DEGREE_DAYS
HEATING TOTAL    1031               911     120      942
 SINCE 7/1       2171              2563    -392     2609
COOLING TOTAL       0                 0       0        0
 SINCE 1/1          0                 0       0        0
.................................................................

WIND (MPH)
AVERAGE WIND SPEED              5.7
HIGHEST WIND SPEED/DIRECTION    30/290    DATE  01/12
HIGHEST GUST SPEED/DIRECTION    44/290    DATE  01/12

SKY COVER
POSSIBLE SUNSHINE (PERCENT)   MM
AVERAGE SKY COVER           0.50
NUMBER OF DAYS FAIR           14
NUMBER OF DAYS PC              7
NUMBER OF DAYS CLOUDY         10

AVERAGE RH (PERCENT)     66

WEATHER CONDITIONS. NUMBER OF DAYS WITH
THUNDERSTORM              0     MIXED PRECIP               0
HEAVY RAIN                1     RAIN                       3
LIGHT RAIN                7     FREEZING RAIN              1
LT FREEZING RAIN          1     HAIL                       0
HEAVY SNOW                2     SNOW                       2
LIGHT SNOW                9     SLEET                      0
FOG                      14     FOG W/VIS <= 1/4 MILE      5
HAZE                      3

-  INDICATES NEGATIVE NUMBERS.
R  INDICATES RECORD WAS SET OR TIED.
MM INDICATES DATA IS MISSING.
T  INDICATES TRACE AMOUNT.

$$

CARICO
