000
CXUS53 KJKL 011612
CLMLOZ
CLIMATE REPORT
NATIONAL WEATHER SERVICE JACKSON KY
1212 PM EDT THU JUN 01 2023
...................................
...THE LONDON KY CLIMATE SUMMARY FOR THE MONTH OF MAY 2023...
CLIMATE NORMAL PERIOD 1991 TO 2020
CLIMATE RECORD PERIOD 1954 TO 2023
WEATHER OBSERVED NORMAL DEPART LAST YEAR`S
VALUE DATE(S) VALUE FROM VALUE DATE(S)
NORMAL
................................................................
TEMPERATURE (F)
RECORD
HIGH 91 05/30/2006
LOW 28 05/09/2020
05/02/1963
01/21/1985
HIGHEST 84 05/16 MM MM 88 05/31
05/31
LOWEST 36 05/04 MM MM 47 05/02
AVG. MAXIMUM 75.5 76.7 -1.2 77.9
AVG. MINIMUM 52.6 54.1 -1.5 56.3
MEAN 64.0 65.4 -1.4 67.1
DAYS MAX >= 90 0 0.2 -0.2 0
DAYS MAX <= 32 0 0.0 0.0 0
DAYS MIN <= 32 0 0.1 -0.1 0
DAYS MIN <= 0 0 0.0 0.0 0
PRECIPITATION (INCHES)
RECORD
MAXIMUM 10.97 1984
MINIMUM 1.09 1977
TOTALS 2.23 5.04 -2.81 7.09
DAILY AVG. 0.07 0.16 -0.09 0.23
DAYS >= .01 10 13.7 -3.7 11
DAYS >= .10 5 8.4 -3.4 9
DAYS >= .50 1 3.3 -2.3 5
DAYS >= 1.00 1 1.2 -0.2 4
GREATEST
24 HR. TOTAL 1.15 05/08 TO 05/09 2.08
SNOWFALL (INCHES)
RECORDS
TOTAL MM MM
TOTALS MM MM MM MM
SINCE 7/1 MM MM MM MM
SNOWDEPTH AVG. MM MM
DAYS >= 1.0 MM MM MM MM
GREATEST
SNOW DEPTH MM MM
24 HR TOTAL MM MM
DEGREE DAYS
HEATING TOTAL MM 88 MM 31
SINCE 7/1 MM 4151 - MM MM
COOLING TOTAL 59 100 -41 105
SINCE 1/1 77 127 -50 MM
................................................................
WIND (MPH)
AVERAGE WIND SPEED 4.7
HIGHEST WIND SPEED/DIRECTION 33/250 DATE 05/16
HIGHEST GUST SPEED/DIRECTION 53/250 DATE 05/16
SKY COVER
POSSIBLE SUNSHINE (PERCENT) MM
AVERAGE SKY COVER 0.36
NUMBER OF DAYS FAIR 15
NUMBER OF DAYS PC 13
NUMBER OF DAYS CLOUDY 3
AVERAGE RH (PERCENT) 71
WEATHER CONDITIONS. NUMBER OF DAYS WITH
THUNDERSTORM 3 MIXED PRECIP 0
HEAVY RAIN 4 RAIN 4
LIGHT RAIN 8 FREEZING RAIN 0
LT FREEZING RAIN 0 HAIL 0
HEAVY SNOW 0 SNOW 0
LIGHT SNOW 0 SLEET 0
FOG 15 FOG W/VIS <= 1/4 MILE 3
HAZE 3
- INDICATES NEGATIVE NUMBERS.
R INDICATES RECORD WAS SET OR TIED.
MM INDICATES DATA IS MISSING.
T INDICATES TRACE AMOUNT.
...MISSING ANNUAL HEATING DEGREE DAYS DUE TO TEMPERATURE SENSOR ERROR IN NOVEMBER...
$$
TAB