000
CXUS53 KJKL 010728 RRA
CLMLOZ

CLIMATE REPORT
NATIONAL WEATHER SERVICE JACKSON KY
228 AM EST SUN DEC 1 2013

...................................

...THE LONDON KY CLIMATE SUMMARY FOR THE MONTH OF NOVEMBER 2013...

CLIMATE NORMAL PERIOD 1981 TO 2010
CLIMATE RECORD PERIOD 1954 TO 2013

WEATHER         OBSERVED          NORMAL  DEPART  LAST YEAR`S
                 VALUE   DATE(S)  VALUE   FROM    VALUE  DATE(S)
                                          NORMAL
................................................................
TEMPERATURE (F)
RECORD
 HIGH              82   11/04/1977
 LOW                2   11/30/1976
HIGHEST            73   11/06        MM      MM       71  11/10
LOWEST             16   11/28        MM      MM       20  11/25
AVG. MAXIMUM     55.3              58.5    -3.2     55.8
AVG. MINIMUM     32.6              36.7    -4.1     30.0
MEAN             44.0              47.6    -3.6     42.9
DAYS MAX >= 90      0               0.0     0.0        0
DAYS MAX <= 32      1               0.2     0.8        0
DAYS MIN <= 32     17              10.9     6.1       19
DAYS MIN <= 0       0               0.0     0.0        0

PRECIPITATION (INCHES)
RECORD
 MAXIMUM         8.53   1986
 MINIMUM         0.40   1976
TOTALS           2.78              3.83   -1.05     0.91
DAILY AVG.       0.09              0.13   -0.04     0.03
DAYS >= .01        10              10.5    -0.5        6
DAYS >= .10         6               7.1    -1.1        2
DAYS >= .50         1               2.8    -1.8        1
DAYS >= 1.00        1               1.0     0.0        0
GREATEST
 24 HR. TOTAL    1.09   11/25 TO 11/26              0.55

SNOWFALL (INCHES)
RECORDS
 TOTAL            4.5   1963
                        1959
TOTALS             MM                 T      MM       MM
SINCE 7/1          MM                 T      MM       MM
SNOWDEPTH AVG.     MM                MM      MM       MM
DAYS >= 1.0        MM               0.0      MM       MM
GREATEST
 SNOW DEPTH        MM                                 MM
 24 HR TOTAL       MM                                 MM

DEGREE_DAYS
HEATING TOTAL     623               524      99      655
 SINCE 7/1        867               830      37     1054
COOLING TOTAL       0                 2      -2        0
 SINCE 1/1       1083              1190    -107     1226
.................................................................

WIND (MPH)
AVERAGE WIND SPEED              4.9
HIGHEST WIND SPEED/DIRECTION    35/260    DATE  11/01
HIGHEST GUST SPEED/DIRECTION    43/290    DATE  11/17

SKY COVER
POSSIBLE SUNSHINE (PERCENT)   MM
AVERAGE SKY COVER           0.40
NUMBER OF DAYS FAIR           15
NUMBER OF DAYS PC             10
NUMBER OF DAYS CLOUDY          5

AVERAGE RH (PERCENT)     63

WEATHER CONDITIONS. NUMBER OF DAYS WITH
THUNDERSTORM              0     MIXED PRECIP               0
HEAVY RAIN                2     RAIN                       4
LIGHT RAIN                9     FREEZING RAIN              0
LT FREEZING RAIN          2     HAIL                       0
HEAVY SNOW                0     SNOW                       2
LIGHT SNOW                5     SLEET                      0
FOG                      13     FOG W/VIS <= 1/4 MILE      1
HAZE                      2

-  INDICATES NEGATIVE NUMBERS.
R  INDICATES RECORD WAS SET OR TIED.
MM INDICATES DATA IS MISSING.
T  INDICATES TRACE AMOUNT.

$$

CARICO
