000
CXUS53 KJKL 010728
CLMLOZ

CLIMATE REPORT
NATIONAL WEATHER SERVICE JACKSON KY
328 AM EDT FRI NOV 1 2013

...................................

...THE LONDON KY CLIMATE SUMMARY FOR THE MONTH OF OCTOBER 2013...

CLIMATE NORMAL PERIOD 1981 TO 2010
CLIMATE RECORD PERIOD 1954 TO 2013

WEATHER         OBSERVED          NORMAL  DEPART  LAST YEAR`S
                 VALUE   DATE(S)  VALUE   FROM    VALUE  DATE(S)
                                          NORMAL
................................................................
TEMPERATURE (F)
RECORD
 HIGH              92   10/07/2007
 LOW               18   10/26/1962
HIGHEST            85   10/05        MM      MM       78  10/25
                                                          10/24
                                                          10/23
LOWEST             25   10/26        MM      MM       32  10/11
AVG. MAXIMUM     69.4              69.4     0.0     64.5
AVG. MINIMUM     48.0              45.2     2.8     43.6
MEAN             58.7              57.3     1.4     54.1
DAYS MAX >= 90      0               0.1    -0.1        0
DAYS MAX <= 32      0               0.0     0.0        0
DAYS MIN <= 32      4               2.9     1.1        1
DAYS MIN <= 0       0               0.0     0.0        0

PRECIPITATION (INCHES)
RECORD
 MAXIMUM         7.69   1977
 MINIMUM         0.02   1963
TOTALS           3.55              3.02    0.53     2.79
DAILY AVG.       0.11              0.10    0.01     0.09
DAYS >= .01        13               8.5     4.5       10
DAYS >= .10         9               5.4     3.6        8
DAYS >= .50         2               2.0     0.0        1
DAYS >= 1.00        0               0.6    -0.6        1
GREATEST
 24 HR. TOTAL    1.12   10/06 TO 10/07              1.13

SNOWFALL (INCHES)
RECORDS
 TOTAL             MM   MM
TOTALS             MM               0.0      MM       MM
SINCE 7/1          MM               0.0      MM       MM
SNOWDEPTH AVG.     MM                MM      MM       MM
DAYS >= 1.0        MM               0.0      MM       MM
GREATEST
 SNOW DEPTH        MM                                 MM
 24 HR TOTAL       MM                                 MM

DEGREE_DAYS
HEATING TOTAL     229               259     -30      336
 SINCE 7/1        244               306     -62      399
COOLING TOTAL      42                21      21        4
 SINCE 1/1       1083              1188    -105     1226
.................................................................

WIND (MPH)
AVERAGE WIND SPEED              3.0
HIGHEST WIND SPEED/DIRECTION    30/210    DATE  10/31
HIGHEST GUST SPEED/DIRECTION    44/220    DATE  10/31

SKY COVER
POSSIBLE SUNSHINE (PERCENT)   MM
AVERAGE SKY COVER           0.50
NUMBER OF DAYS FAIR           13
NUMBER OF DAYS PC             11
NUMBER OF DAYS CLOUDY          7

AVERAGE RH (PERCENT)     72

WEATHER CONDITIONS. NUMBER OF DAYS WITH
THUNDERSTORM              1     MIXED PRECIP               0
HEAVY RAIN                4     RAIN                       7
LIGHT RAIN               14     FREEZING RAIN              0
LT FREEZING RAIN          0     HAIL                       0
HEAVY SNOW                0     SNOW                       0
LIGHT SNOW                0     SLEET                      0
FOG                      24     FOG W/VIS <= 1/4 MILE      8
HAZE                      3

-  INDICATES NEGATIVE NUMBERS.
R  INDICATES RECORD WAS SET OR TIED.
MM INDICATES DATA IS MISSING.
T  INDICATES TRACE AMOUNT.

$$

CARICO
