000
CXUS53 KJKL 011435
CLMLOZ

CLIMATE REPORT
NATIONAL WEATHER SERVICE JACKSON KY
935 AM EST SUN MAR 1 2015

...................................

...THE LONDON KY CLIMATE SUMMARY FOR THE MONTH OF FEBRUARY 2015...

CLIMATE NORMAL PERIOD 1981 TO 2010
CLIMATE RECORD PERIOD 1954 TO 2015

WEATHER         OBSERVED          NORMAL  DEPART  LAST YEAR`S
                 VALUE   DATE(S)  VALUE   FROM    VALUE  DATE(S)
                                          NORMAL
................................................................
TEMPERATURE (F)
RECORD
 HIGH              81   02/26/1977
 LOW              -17   02/20/2015
HIGHEST            64   02/07        MM      MM       72  02/20
LOWEST            -17R  02/20        MM      MM       15  02/11
AVG. MAXIMUM     38.9              49.7   -10.8     47.0
AVG. MINIMUM     18.4              29.4   -11.0     27.1
MEAN             28.6              39.5   -10.9     37.1
DAYS MAX >= 90      0               0.0     0.0        0
DAYS MAX <= 32      8               2.3     5.7        3
DAYS MIN <= 32     26              17.8     8.2       23
DAYS MIN <= 0       2               0.0     2.0        0

PRECIPITATION (INCHES)
RECORD
 MAXIMUM        10.64   1956
 MINIMUM         0.65   1968
TOTALS           5.09              3.71    1.38     4.23
DAILY AVG.       0.18              0.13    0.05     0.15
DAYS >= .01        10              11.8    -1.8       13
DAYS >= .10         4               7.5    -3.5        8
DAYS >= .50         3               2.5     0.5        4
DAYS >= 1.00        1               0.9     0.1        0
GREATEST
 24 HR. TOTAL    2.94   02/21 TO 02/21              1.42

SNOWFALL (INCHES)
RECORDS
 TOTAL           23.5   1979
TOTALS             MM               3.1      MM       MM
SINCE 7/1          MM               8.7      MM       MM
SNOWDEPTH AVG.     MM                MM      MM       MM
DAYS >= 1.0        MM               1.5      MM       MM
GREATEST
 SNOW DEPTH        MM                                 MM
 24 HR TOTAL       MM                                 MM

DEGREE_DAYS
HEATING TOTAL    1012               713     299      776
 SINCE 7/1       3621              3276     345     3507
COOLING TOTAL       0                 0       0        0
 SINCE 1/1          0                 0       0        0
.................................................................

WIND (MPH)
AVERAGE WIND SPEED              6.9
HIGHEST WIND SPEED/DIRECTION    28/290    DATE  02/18
HIGHEST GUST SPEED/DIRECTION    39/290    DATE  02/18

SKY COVER
POSSIBLE SUNSHINE (PERCENT)   MM
AVERAGE SKY COVER           0.60
NUMBER OF DAYS FAIR            8
NUMBER OF DAYS PC             11
NUMBER OF DAYS CLOUDY          9

AVERAGE RH (PERCENT)     57

WEATHER CONDITIONS. NUMBER OF DAYS WITH
THUNDERSTORM              0     MIXED PRECIP               0
HEAVY RAIN                1     RAIN                       4
LIGHT RAIN                6     FREEZING RAIN              1
LT FREEZING RAIN          3     HAIL                       0
HEAVY SNOW                2     SNOW                       2
LIGHT SNOW               11     SLEET                      0
FOG                       6     FOG W/VIS <= 1/4 MILE      0
HAZE                      9

-  INDICATES NEGATIVE NUMBERS.
R  INDICATES RECORD WAS SET OR TIED.
MM INDICATES DATA IS MISSING.
T  INDICATES TRACE AMOUNT.

$$

CARICO
