000
CXUS53 KJKL 011442 CCA
CLMLOZ

CLIMATE REPORT
NATIONAL WEATHER SERVICE JACKSON KY
905 AM EST WED MAR 1 2017

...................................

...THE LONDON KY CLIMATE SUMMARY FOR THE MONTH OF FEBRUARY 2017...

CLIMATE NORMAL PERIOD 1981 TO 2010
CLIMATE RECORD PERIOD 1954 TO 2017

WEATHER         OBSERVED          NORMAL  DEPART  LAST YEAR`S
                 VALUE   DATE(S)  VALUE   FROM    VALUE  DATE(S)
                                          NORMAL
................................................................
TEMPERATURE (F)
RECORD
 HIGH              81   02/26/1977
 LOW              -17   02/20/2015
HIGHEST            76   02/24        MM      MM       71  02/02
LOWEST             14   02/04        MM      MM       15  02/14
                                                          02/13
                                                          02/10
AVG. MAXIMUM     57.8              49.7     8.1     47.0
AVG. MINIMUM     34.6              29.4     5.2     31.0
MEAN             46.2              39.5     6.7     39.0
DAYS MAX >= 90      0               0.0     0.0        0
DAYS MAX <= 32      0               2.3    -2.3        5
DAYS MIN <= 32     13              17.8    -4.8       17
DAYS MIN <= 0       0               0.0     0.0        0

PRECIPITATION (INCHES)
RECORD
 MAXIMUM        10.64   1956
 MINIMUM         0.65   1968
TOTALS             MM              3.71      MM       MM
DAILY AVG.       0.05              0.13   -0.08     0.21
DAYS >= .01         8              11.8    -3.8       13
DAYS >= .10         6               7.5    -1.5        8
DAYS >= .50         0               2.5    -2.5        4
DAYS >= 1.00        0               0.9    -0.9        2
GREATEST
 24 HR. TOTAL      MM                               2.28

SNOWFALL (INCHES)
RECORDS
 TOTAL           23.5   1979
TOTALS             MM               3.1      MM       MM
SINCE 7/1          MM               8.7      MM       MM
SNOWDEPTH AVG.     MM                MM      MM       MM
DAYS >= 1.0        MM               1.5      MM       MM
GREATEST
 SNOW DEPTH        MM                                 MM
 24 HR TOTAL       MM                                 MM

DEGREE_DAYS
HEATING TOTAL     518               713    -195      745
 SINCE 7/1       2595              3276    -681     2916
COOLING TOTAL       0                 0       0        0
 SINCE 1/1          0                 0       0        0
.................................................................

WIND (MPH)
AVERAGE WIND SPEED              5.7
HIGHEST WIND SPEED/DIRECTION    28/220    DATE  02/07
HIGHEST GUST SPEED/DIRECTION    42/200    DATE  02/07

SKY COVER
POSSIBLE SUNSHINE (PERCENT)   MM
AVERAGE SKY COVER           0.40
NUMBER OF DAYS FAIR           12
NUMBER OF DAYS PC             11
NUMBER OF DAYS CLOUDY          5

AVERAGE RH (PERCENT)     60

WEATHER CONDITIONS. NUMBER OF DAYS WITH
THUNDERSTORM              3     MIXED PRECIP               0
HEAVY RAIN                1     RAIN                       5
LIGHT RAIN               11     FREEZING RAIN              0
LT FREEZING RAIN          0     HAIL                       0
HEAVY SNOW                0     SNOW                       0
LIGHT SNOW                0     SLEET                      0
FOG                      12     FOG W/VIS <= 1/4 MILE      3
HAZE                      2

-  INDICATES NEGATIVE NUMBERS.
R  INDICATES RECORD WAS SET OR TIED.
MM INDICATES DATA IS MISSING.
T  INDICATES TRACE AMOUNT.

$$

CARICO

...PRECIPITATION TOTALS MISSING DUE TO SENSOR OUTAGE ON FEB 25...
