000
CXUS53 KJKL 011615
CLMLOZ

CLIMATE REPORT
NATIONAL WEATHER SERVICE JACKSON KY
1115 AM EST SUN FEB 1 2015

...................................

...THE LONDON KY CLIMATE SUMMARY FOR THE MONTH OF JANUARY 2015...

CLIMATE NORMAL PERIOD 1981 TO 2010
CLIMATE RECORD PERIOD 1954 TO 2015

WEATHER         OBSERVED          NORMAL  DEPART  LAST YEAR`S
                 VALUE   DATE(S)  VALUE   FROM    VALUE  DATE(S)
                                          NORMAL
................................................................
TEMPERATURE (F)
RECORD
 HIGH              74   01/31/2002
                        01/24/1972
 LOW              -25   01/19/1994
HIGHEST            62   01/20        MM      MM       59  01/11
                        01/04
                        01/03
LOWEST              3   01/08        MM      MM       -4  01/07
AVG. MAXIMUM     43.8              44.8    -1.0     39.8
AVG. MINIMUM     25.0              26.4    -1.4     17.4
MEAN             34.4              35.6    -1.2     28.6
DAYS MAX >= 90      0               0.0     0.0        0
DAYS MAX <= 32      3               4.6    -1.6        8
DAYS MIN <= 32     25              21.7     3.3       26
DAYS MIN <= 0       0               0.6    -0.6        3

PRECIPITATION (INCHES)
RECORD
 MAXIMUM        10.09   1957
 MINIMUM         1.07   1981
TOTALS           2.38              3.54   -1.16     2.28
DAILY AVG.       0.08              0.11   -0.03     0.07
DAYS >= .01        11              11.3    -0.3       12
DAYS >= .10         6               6.9    -0.9        5
DAYS >= .50         2               2.5    -0.5        2
DAYS >= 1.00        0               0.8    -0.8        0
GREATEST
 24 HR. TOTAL    1.15   01/03 TO 01/04              0.88

SNOWFALL (INCHES)
RECORDS
 TOTAL           17.6   1978
TOTALS             MM               4.5      MM       MM
SINCE 7/1          MM               5.6      MM       MM
SNOWDEPTH AVG.     MM                 2      MM       MM
DAYS >= 1.0        MM               1.9      MM       MM
GREATEST
 SNOW DEPTH        MM                                 MM
 24 HR TOTAL       MM                                 MM

DEGREE_DAYS
HEATING TOTAL     942               911      31     1124
 SINCE 7/1       2609              2563      46     2731
COOLING TOTAL       0                 0       0        0
 SINCE 1/1          0                 0       0        0
.................................................................

WIND (MPH)
AVERAGE WIND SPEED              6.2
HIGHEST WIND SPEED/DIRECTION    26/230    DATE  01/17
HIGHEST GUST SPEED/DIRECTION    35/210    DATE  01/29

SKY COVER
POSSIBLE SUNSHINE (PERCENT)   MM
AVERAGE SKY COVER           0.60
NUMBER OF DAYS FAIR           10
NUMBER OF DAYS PC              9
NUMBER OF DAYS CLOUDY         12

AVERAGE RH (PERCENT)     60

WEATHER CONDITIONS. NUMBER OF DAYS WITH
THUNDERSTORM              0     MIXED PRECIP               0
HEAVY RAIN                2     RAIN                       6
LIGHT RAIN               13     FREEZING RAIN              0
LT FREEZING RAIN          0     HAIL                       0
HEAVY SNOW                0     SNOW                       0
LIGHT SNOW                6     SLEET                      0
FOG                      11     FOG W/VIS <= 1/4 MILE      0
HAZE                      7

-  INDICATES NEGATIVE NUMBERS.
R  INDICATES RECORD WAS SET OR TIED.
MM INDICATES DATA IS MISSING.
T  INDICATES TRACE AMOUNT.

$$

CARICO
