000
CXUS53 KJKL 010726
CLMLOZ

CLIMATE REPORT
NATIONAL WEATHER SERVICE JACKSON KY
326 AM EDT SUN SEP 1 2013

...................................

...THE LONDON KY CLIMATE SUMMARY FOR THE MONTH OF AUGUST 2013...

CLIMATE NORMAL PERIOD 1981 TO 2010
CLIMATE RECORD PERIOD 1954 TO 2013

WEATHER         OBSERVED          NORMAL  DEPART  LAST YEAR`S
                 VALUE   DATE(S)  VALUE   FROM    VALUE  DATE(S)
                                          NORMAL
................................................................
TEMPERATURE (F)
RECORD
 HIGH             102   08/16/2007
 LOW               44   08/29/1986
HIGHEST            92   08/31        MM      MM       92  08/01
LOWEST             53   08/15        MM      MM       53  08/21
AVG. MAXIMUM     83.1              85.7    -2.6     83.7
AVG. MINIMUM     65.1              64.7     0.4     62.6
MEAN             74.1              75.2    -1.1     73.1
DAYS MAX >= 90      2               6.4    -4.4        2
DAYS MAX <= 32      0               0.0     0.0        0
DAYS MIN <= 32      0               0.0     0.0        0
DAYS MIN <= 0       0               0.0     0.0        0

PRECIPITATION (INCHES)
RECORD
 MAXIMUM         7.47   2003
 MINIMUM         0.45   2007
TOTALS           3.60              3.71   -0.11     4.31
DAILY AVG.       0.12              0.12    0.00     0.14
DAYS >= .01        15               9.2     5.8        9
DAYS >= .10        10               6.0     4.0        6
DAYS >= .50         1               2.8    -1.8        4
DAYS >= 1.00        1               0.9     0.1        1
GREATEST
 24 HR. TOTAL    1.41   08/12 TO 08/13              1.48

SNOWFALL (INCHES)
RECORDS
 TOTAL             MM   MM
TOTALS             MM               0.0      MM       MM
SINCE 7/1          MM               0.0      MM       MM
SNOWDEPTH AVG.     MM                MM      MM       MM
DAYS >= 1.0        MM               0.0      MM       MM
GREATEST
 SNOW DEPTH        MM                                 MM
 24 HR TOTAL       MM                                 MM

DEGREE_DAYS
HEATING TOTAL       0                 1      -1        0
 SINCE 7/1          0                 1      -1        0
COOLING TOTAL     290               317     -27      259
 SINCE 1/1        892              1024    -132     1118
.................................................................

WIND (MPH)
AVERAGE WIND SPEED              3.2
HIGHEST WIND SPEED/DIRECTION    29/340    DATE  08/31
HIGHEST GUST SPEED/DIRECTION    39/340    DATE  08/31

SKY COVER
POSSIBLE SUNSHINE (PERCENT)   MM
AVERAGE SKY COVER           0.50
NUMBER OF DAYS FAIR           11
NUMBER OF DAYS PC             17
NUMBER OF DAYS CLOUDY          3

AVERAGE RH (PERCENT)     76

WEATHER CONDITIONS. NUMBER OF DAYS WITH
THUNDERSTORM              8     MIXED PRECIP               0
HEAVY RAIN                8     RAIN                       8
LIGHT RAIN               16     FREEZING RAIN              0
LT FREEZING RAIN          0     HAIL                       0
HEAVY SNOW                0     SNOW                       0
LIGHT SNOW                0     SLEET                      0
FOG                      26     FOG W/VIS <= 1/4 MILE      7
HAZE                      9

-  INDICATES NEGATIVE NUMBERS.
R  INDICATES RECORD WAS SET OR TIED.
MM INDICATES DATA IS MISSING.
T  INDICATES TRACE AMOUNT.

$$

CARICO
