000
CXUS53 KJKL 011504
CLMLOZ
CLIMATE REPORT
NATIONAL WEATHER SERVICE JACKSON KY
1104 AM EDT SAT APR 01 2023
...................................
...THE LONDON KY CLIMATE SUMMARY FOR THE MONTH OF MARCH 2023...
CLIMATE NORMAL PERIOD 1991 TO 2020
CLIMATE RECORD PERIOD 1954 TO 2023
WEATHER OBSERVED NORMAL DEPART LAST YEAR`S
VALUE DATE(S) VALUE FROM VALUE DATE(S)
NORMAL
................................................................
TEMPERATURE (F)
RECORD
HIGH 87 03/25/2007
LOW -12 03/03/1980
HIGHEST 79 03/01 MM MM 80 03/30
03/23
LOWEST 16 03/20 MM MM 14 03/13
AVG. MAXIMUM 59.6 58.4 1.2 62.2
AVG. MINIMUM 36.2 36.2 0.0 36.6
MEAN 47.9 47.3 0.6 49.4
DAYS MAX >= 90 0 0.0 0.0 0
DAYS MAX <= 32 0 0.6 -0.6 1
DAYS MIN <= 32 12 12.4 -0.4 7
DAYS MIN <= 0 0 0.0 0.0 0
PRECIPITATION (INCHES)
RECORD
MAXIMUM 9.87 1994
MINIMUM 1.27 1969
TOTALS 3.49 4.57 -1.08 2.14
DAILY AVG. 0.11 0.15 -0.04 0.07
DAYS >= .01 10 12.9 -2.9 11
DAYS >= .10 8 8.3 -0.3 6
DAYS >= .50 1 3.3 -2.3 1
DAYS >= 1.00 1 1.0 0.0 0
GREATEST
24 HR. TOTAL 1.20 03/31 TO 03/31 0.73
SNOWFALL (INCHES)
RECORDS
TOTAL 31.0 1960
TOTALS MM MM MM MM
SINCE 7/1 MM MM MM MM
SNOWDEPTH AVG. MM MM
DAYS >= 1.0 MM MM MM MM
GREATEST
SNOW DEPTH MM MM
24 HR TOTAL MM MM
DEGREE DAYS
HEATING TOTAL 525 552 -27 477
SINCE 7/1 MM 3801 MM 3442
COOLING TOTAL 3 3 0 1
SINCE 1/1 4 3 1 1
................................................................
WIND (MPH)
AVERAGE WIND SPEED 6.4
HIGHEST WIND SPEED/DIRECTION 45/250 DATE 03/03
HIGHEST GUST SPEED/DIRECTION 70/260 DATE 03/03
SKY COVER
POSSIBLE SUNSHINE (PERCENT) MM
AVERAGE SKY COVER 0.44
NUMBER OF DAYS FAIR 15
NUMBER OF DAYS PC 9
NUMBER OF DAYS CLOUDY 7
AVERAGE RH (PERCENT) 63
WEATHER CONDITIONS. NUMBER OF DAYS WITH
THUNDERSTORM 2 MIXED PRECIP 0
HEAVY RAIN 2 RAIN 6
LIGHT RAIN 13 FREEZING RAIN 0
LT FREEZING RAIN 0 HAIL 0
HEAVY SNOW 0 SNOW 0
LIGHT SNOW 3 SLEET 0
FOG 12 FOG W/VIS <= 1/4 MILE 0
HAZE 1
- INDICATES NEGATIVE NUMBERS.
R INDICATES RECORD WAS SET OR TIED.
MM INDICATES DATA IS MISSING.
T INDICATES TRACE AMOUNT.
&&
..MISSING ANNUAL HEATING DEGREE DAYS DUE TO TEMPERATURE SENSOR
ERROR IN NOVEMBER...
$$
CARICO