000
CXUS53 KJKL 011400 CCA
CLMLOZ

CLIMATE REPORT...CORRECTION
NATIONAL WEATHER SERVICE JACKSON KY
957 AM EDT THU JUN 1 2017

...................................

...THE LONDON KY CLIMATE SUMMARY FOR THE MONTH OF MAY 2017...

CLIMATE NORMAL PERIOD 1981 TO 2010
CLIMATE RECORD PERIOD 1954 TO 2017

WEATHER         OBSERVED          NORMAL  DEPART  LAST YEAR`S
                 VALUE   DATE(S)  VALUE   FROM    VALUE  DATE(S)
                                          NORMAL
................................................................
TEMPERATURE (F)
RECORD
 HIGH              91   05/30/2006
 LOW               28   05/02/1963
HIGHEST            87   05/17        MM      MM       86  05/31
                        05/16
LOWEST             35   05/07        MM      MM       38  05/15
AVG. MAXIMUM     75.2              76.3    -1.1     73.6
AVG. MINIMUM     54.8              53.3     1.5     52.8
MEAN             65.0              64.8     0.2     63.2
DAYS MAX >= 90      0               0.1    -0.1        0
DAYS MAX <= 32      0               0.0     0.0        0
DAYS MIN <= 32      0               0.1    -0.1        0
DAYS MIN <= 0       0               0.0     0.0        0

PRECIPITATION (INCHES)
RECORD
 MAXIMUM        10.97   1984
 MINIMUM         1.09   1977
TOTALS             MM              5.18      MM       MM
DAILY AVG.       0.23              0.17    0.06       MM
DAYS >= .01        16              13.5     2.5       MM
DAYS >= .10        12               8.5     3.5       MM
DAYS >= .50         5               3.5     1.5       MM
DAYS >= 1.00        1               1.2    -0.2       MM
GREATEST
 24 HR. TOTAL    1.03   05/04 TO 05/04                MM

SNOWFALL (INCHES)
RECORDS
 TOTAL             MM   MM
TOTALS             MM               0.0      MM       MM
SINCE 7/1          MM              10.3      MM       MM
SNOWDEPTH AVG.     MM                MM      MM       MM
DAYS >= 1.0        MM               0.0      MM       MM
GREATEST
 SNOW DEPTH        MM                                 MM
 24 HR TOTAL       MM                                 MM

DEGREE_DAYS
HEATING TOTAL      87                95      -8      128
 SINCE 7/1       3319              4196    -877     3674
COOLING TOTAL      94                88       6       80
 SINCE 1/1        151               114      37      102
.................................................................

WIND (MPH)
AVERAGE WIND SPEED              5.9
HIGHEST WIND SPEED/DIRECTION    31/210    DATE  05/01
HIGHEST GUST SPEED/DIRECTION    44/180    DATE  05/01

SKY COVER
POSSIBLE SUNSHINE (PERCENT)   MM
AVERAGE SKY COVER           0.40
NUMBER OF DAYS FAIR           15
NUMBER OF DAYS PC             10
NUMBER OF DAYS CLOUDY          6

AVERAGE RH (PERCENT)     69

WEATHER CONDITIONS. NUMBER OF DAYS WITH
THUNDERSTORM              9     MIXED PRECIP               0
HEAVY RAIN               10     RAIN                      12
LIGHT RAIN               17     FREEZING RAIN              0
LT FREEZING RAIN          0     HAIL                       0
HEAVY SNOW                0     SNOW                       0
LIGHT SNOW                0     SLEET                      0
FOG                      21     FOG W/VIS <= 1/4 MILE      3
HAZE                      2

-  INDICATES NEGATIVE NUMBERS.
R  INDICATES RECORD WAS SET OR TIED.
MM INDICATES DATA IS MISSING.
T  INDICATES TRACE AMOUNT.

$$

CARICO

...CORRECTED FOR THUNDERSTORM DAYS...
...PRECIPITATION TOTAL MISSING DUE TO SENSOR OUTAGE ON MAY 27TH...
...UNOFFICIAL MAY 2017 PRECIPITATION TOTAL IS 7.01 INCHES WITHOUT
MAY 27TH...
