327
CXUS53 KJKL 011130
CLMLOZ

CLIMATE REPORT
NATIONAL WEATHER SERVICE JACKSON KY
730 AM EDT SAT OCT 1 2016

...................................

...THE LONDON KY CLIMATE SUMMARY FOR THE MONTH OF SEPTEMBER 2016...

CLIMATE NORMAL PERIOD 1981 TO 2010
CLIMATE RECORD PERIOD 1954 TO 2016

WEATHER         OBSERVED          NORMAL  DEPART  LAST YEAR`S
                 VALUE   DATE(S)  VALUE   FROM    VALUE  DATE(S)
                                          NORMAL
................................................................
TEMPERATURE (F)
RECORD
 HIGH              97   09/05/2007
 LOW               32   09/24/1983
HIGHEST            91   09/16        MM      MM       93  09/05
                        09/13                             09/04
                        09/10
LOWEST             46   09/28        MM      MM       45  09/14
                        09/27
AVG. MAXIMUM     84.5              79.6     4.9     81.5
AVG. MINIMUM     59.1              56.9     2.2     59.7
MEAN             71.8              68.3     3.5     70.6
DAYS MAX >= 90      9               2.0     7.0        6
DAYS MAX <= 32      0               0.0     0.0        0
DAYS MIN <= 32      0               0.0     0.0        0
DAYS MIN <= 0       0               0.0     0.0        0

PRECIPITATION (INCHES)
RECORD
 MAXIMUM         8.50   2004
 MINIMUM         0.40   2008
TOTALS           1.18              3.37   -2.19     4.35
DAILY AVG.       0.04              0.11   -0.07     0.14
DAYS >= .01         4               8.5    -4.5       10
DAYS >= .10         4               5.4    -1.4        9
DAYS >= .50         1               2.3    -1.3        4
DAYS >= 1.00        0               0.9    -0.9        1
GREATEST
 24 HR. TOTAL    0.95   09/17 TO 09/18              1.40

SNOWFALL (INCHES)
RECORDS
 TOTAL             MM   MM
TOTALS             MM               0.0      MM       MM
SINCE 7/1          MM               0.0      MM       MM
SNOWDEPTH AVG.     MM                MM      MM       MM
DAYS >= 1.0        MM               0.0      MM       MM
GREATEST
 SNOW DEPTH        MM                                 MM
 24 HR TOTAL       MM                                 MM

DEGREE_DAYS
HEATING TOTAL      21                46     -25       14
 SINCE 7/1         21                47     -26       14
COOLING TOTAL     232               143      89      188
 SINCE 1/1       1455              1167     288     1359
.................................................................

WIND (MPH)
AVERAGE WIND SPEED              3.1
HIGHEST WIND SPEED/DIRECTION    25/300    DATE  09/10
HIGHEST GUST SPEED/DIRECTION    36/300    DATE  09/10

SKY COVER
POSSIBLE SUNSHINE (PERCENT)   MM
AVERAGE SKY COVER           0.20
NUMBER OF DAYS FAIR           24
NUMBER OF DAYS PC              4
NUMBER OF DAYS CLOUDY          2

AVERAGE RH (PERCENT)     66

WEATHER CONDITIONS. NUMBER OF DAYS WITH
THUNDERSTORM              3     MIXED PRECIP               0
HEAVY RAIN                1     RAIN                       2
LIGHT RAIN                6     FREEZING RAIN              0
LT FREEZING RAIN          0     HAIL                       0
HEAVY SNOW                0     SNOW                       0
LIGHT SNOW                0     SLEET                      0
FOG                      20     FOG W/VIS <= 1/4 MILE      5
HAZE                      0

-  INDICATES NEGATIVE NUMBERS.
R  INDICATES RECORD WAS SET OR TIED.
MM INDICATES DATA IS MISSING.
T  INDICATES TRACE AMOUNT.

$$

CARICO
