000
CXUS53 KJKL 011245
CLMLOZ

CLIMATE REPORT
NATIONAL WEATHER SERVICE JACKSON KY
845 AM EDT WED APR 1 2015

...................................

...THE LONDON KY CLIMATE SUMMARY FOR THE MONTH OF MARCH 2015...

CLIMATE NORMAL PERIOD 1981 TO 2010
CLIMATE RECORD PERIOD 1954 TO 2015

WEATHER         OBSERVED          NORMAL  DEPART  LAST YEAR`S
                 VALUE   DATE(S)  VALUE   FROM    VALUE  DATE(S)
                                          NORMAL
................................................................
TEMPERATURE (F)
RECORD
 HIGH              87   03/25/2007
 LOW              -12   03/03/1980
HIGHEST            77   03/31        MM      MM       76  03/11
                        03/25
LOWEST              2   03/06        MM      MM       11  03/04
AVG. MAXIMUM     59.6              58.7     0.9     55.9
AVG. MINIMUM     36.2              36.1     0.1     31.6
MEAN             47.9              47.4     0.5     43.8
DAYS MAX >= 90      0               0.0     0.0        0
DAYS MAX <= 32      0               0.3    -0.3        2
DAYS MIN <= 32      9              11.4    -2.4       21
DAYS MIN <= 0       0               0.0     0.0        0

PRECIPITATION (INCHES)
RECORD
 MAXIMUM         9.87   1994
 MINIMUM         1.27   1969
TOTALS           5.33              4.05    1.28     5.17
DAILY AVG.       0.17              0.13    0.04     0.17
DAYS >= .01        13              12.9     0.1        9
DAYS >= .10        12               8.0     4.0        6
DAYS >= .50         4               2.6     1.4        4
DAYS >= 1.00        1               0.7     0.3        2
GREATEST
 24 HR. TOTAL    1.79   03/04 TO 03/04              2.38

SNOWFALL (INCHES)
RECORDS
 TOTAL           31.0   1960
TOTALS             MM               0.6      MM       MM
SINCE 7/1          MM               9.3      MM       MM
SNOWDEPTH AVG.     MM                MM      MM       MM
DAYS >= 1.0        MM               0.4      MM       MM
GREATEST
 SNOW DEPTH        MM                                 MM
 24 HR TOTAL       MM                                 MM

DEGREE_DAYS
HEATING TOTAL     524               549     -25      651
 SINCE 7/1       4145              3825     320     4158
COOLING TOTAL       0                 3      -3        0
 SINCE 1/1          0                 3      -3        0
.................................................................

WIND (MPH)
AVERAGE WIND SPEED              5.8
HIGHEST WIND SPEED/DIRECTION    28/280    DATE  03/26
HIGHEST GUST SPEED/DIRECTION    39/250    DATE  03/31

SKY COVER
POSSIBLE SUNSHINE (PERCENT)   MM
AVERAGE SKY COVER           0.50
NUMBER OF DAYS FAIR           12
NUMBER OF DAYS PC              7
NUMBER OF DAYS CLOUDY         12

AVERAGE RH (PERCENT)     58

WEATHER CONDITIONS. NUMBER OF DAYS WITH
THUNDERSTORM              0     MIXED PRECIP               0
HEAVY RAIN                2     RAIN                       9
LIGHT RAIN               14     FREEZING RAIN              1
LT FREEZING RAIN          1     HAIL                       0
HEAVY SNOW                1     SNOW                       1
LIGHT SNOW                2     SLEET                      0
FOG                      15     FOG W/VIS <= 1/4 MILE      3
HAZE                     12

-  INDICATES NEGATIVE NUMBERS.
R  INDICATES RECORD WAS SET OR TIED.
MM INDICATES DATA IS MISSING.
T  INDICATES TRACE AMOUNT.

$$
