000
CXUS53 KJKL 011502
CLMLOZ

CLIMATE REPORT
NATIONAL WEATHER SERVICE JACKSON KY
1102 AM EDT WED NOV 1 2017

...................................

...THE LONDON KY CLIMATE SUMMARY FOR THE MONTH OF OCTOBER 2017...

CLIMATE NORMAL PERIOD 1981 TO 2010
CLIMATE RECORD PERIOD 1954 TO 2017

WEATHER         OBSERVED          NORMAL  DEPART  LAST YEAR`S
                 VALUE   DATE(S)  VALUE   FROM    VALUE  DATE(S)
                                          NORMAL
................................................................
TEMPERATURE (F)
RECORD
 HIGH              92   10/07/2007
 LOW               18   10/26/1962
HIGHEST            83   10/09        MM      MM       87  10/19
                        10/07
LOWEST             28   10/30        MM      MM       35  10/23
AVG. MAXIMUM     71.3              69.4     1.9     75.9
AVG. MINIMUM     46.5              45.2     1.3     49.1
MEAN             58.9              57.3     1.6     62.5
DAYS MAX >= 90      0               0.1    -0.1        0
DAYS MAX <= 32      0               0.0     0.0        0
DAYS MIN <= 32      1               2.9    -1.9        0
DAYS MIN <= 0       0               0.0     0.0        0

PRECIPITATION (INCHES)
RECORD
 MAXIMUM         8.35   2014
 MINIMUM         0.02   1963
TOTALS           5.30              3.02    2.28     0.90
DAILY AVG.       0.17              0.10    0.07     0.03
DAYS >= .01         8               8.5    -0.5        4
DAYS >= .10         5               5.4    -0.4        2
DAYS >= .50         4               2.0     2.0        0
DAYS >= 1.00        2               0.6     1.4        0
GREATEST
 24 HR. TOTAL    2.39   10/08 TO 10/08              0.80

SNOWFALL (INCHES)
RECORDS
 TOTAL             MM   MM
TOTALS             MM               0.0      MM       MM
SINCE 7/1          MM               0.0      MM       MM
SNOWDEPTH AVG.     MM                MM      MM       MM
DAYS >= 1.0        MM               0.0      MM       MM
GREATEST
 SNOW DEPTH        MM                                 MM
 24 HR TOTAL       MM                                 MM

DEGREE_DAYS
HEATING TOTAL     226               259     -33      115
 SINCE 7/1        267               306     -39      136
COOLING TOTAL      42                21      21       45
 SINCE 1/1       1135              1188     -53     1500
.................................................................

WIND (MPH)
AVERAGE WIND SPEED              3.9
HIGHEST WIND SPEED/DIRECTION    28/260    DATE  10/24
HIGHEST GUST SPEED/DIRECTION    35/260    DATE  10/24

SKY COVER
POSSIBLE SUNSHINE (PERCENT)   MM
AVERAGE SKY COVER           0.30
NUMBER OF DAYS FAIR           17
NUMBER OF DAYS PC             11
NUMBER OF DAYS CLOUDY          3

AVERAGE RH (PERCENT)     71

WEATHER CONDITIONS. NUMBER OF DAYS WITH
THUNDERSTORM              2     MIXED PRECIP               0
HEAVY RAIN                4     RAIN                       5
LIGHT RAIN                7     FREEZING RAIN              0
LT FREEZING RAIN          0     HAIL                       0
HEAVY SNOW                0     SNOW                       0
LIGHT SNOW                1     SLEET                      0
FOG                      17     FOG W/VIS <= 1/4 MILE      1
HAZE                      0

-  INDICATES NEGATIVE NUMBERS.
R  INDICATES RECORD WAS SET OR TIED.
MM INDICATES DATA IS MISSING.
T  INDICATES TRACE AMOUNT.

$$

CARICO
