000
CXUS53 KJKL 011630
CLMLOZ

CLIMATE REPORT
NATIONAL WEATHER SERVICE JACKSON KY
1230 PM EDT WED JUL 1 2015

...................................

...THE LONDON KY CLIMATE SUMMARY FOR THE MONTH OF JUNE 2015...

CLIMATE NORMAL PERIOD 1981 TO 2010
CLIMATE RECORD PERIOD 1954 TO 2015

WEATHER         OBSERVED          NORMAL  DEPART  LAST YEAR`S
                 VALUE   DATE(S)  VALUE   FROM    VALUE  DATE(S)
                                          NORMAL
................................................................
TEMPERATURE (F)
RECORD
 HIGH             105   06/29/2012
 LOW               34   06/01/1966
HIGHEST            92   06/16        MM      MM       93  06/18
                        06/15
LOWEST             55   06/28        MM      MM       54  06/15
AVG. MAXIMUM     85.1              83.5     1.6     85.0
AVG. MINIMUM     64.9              62.1     2.8     64.8
MEAN             75.0              72.8     2.2     74.8
DAYS MAX >= 90      9               3.5     5.5        4
DAYS MAX <= 32      0               0.0     0.0        0
DAYS MIN <= 32      0               0.0     0.0        0
DAYS MIN <= 0       0               0.0     0.0        0

PRECIPITATION (INCHES)
RECORD
 MAXIMUM         9.47   1991
 MINIMUM         0.37   2012
TOTALS           4.97              4.40    0.57     2.71
DAILY AVG.       0.17              0.15    0.02     0.10
DAYS >= .01        15              11.5     3.5       11
DAYS >= .10         8               7.8     0.2        7
DAYS >= .50         4               3.2     0.8        2
DAYS >= 1.00        1               0.9     0.1        0
GREATEST
 24 HR. TOTAL    1.19   06/01 TO 06/01              0.88

SNOWFALL (INCHES)
RECORDS
 TOTAL             MM   MM
TOTALS             MM               0.0      MM       MM
SINCE 7/1          MM              10.3      MM       MM
SNOWDEPTH AVG.     MM                MM      MM       MM
DAYS >= 1.0        MM               0.0      MM       MM
GREATEST
 SNOW DEPTH        MM                                 MM
 24 HR TOTAL       MM                                 MM

DEGREE_DAYS
HEATING TOTAL       2                 9      -7        0
 SINCE 7/1       4382              4205     177     4420
COOLING TOTAL     307               243      64      282
 SINCE 1/1        501               357     144      448
.................................................................

WIND (MPH)
AVERAGE WIND SPEED              5.0
HIGHEST WIND SPEED/DIRECTION    28/280    DATE  06/26
HIGHEST GUST SPEED/DIRECTION    42/280    DATE  06/08

SKY COVER
POSSIBLE SUNSHINE (PERCENT)   MM
AVERAGE SKY COVER           0.30
NUMBER OF DAYS FAIR           22
NUMBER OF DAYS PC              6
NUMBER OF DAYS CLOUDY          2

AVERAGE RH (PERCENT)     66

WEATHER CONDITIONS. NUMBER OF DAYS WITH
THUNDERSTORM             11     MIXED PRECIP               0
HEAVY RAIN                8     RAIN                       9
LIGHT RAIN               15     FREEZING RAIN              0
LT FREEZING RAIN          0     HAIL                       0
HEAVY SNOW                0     SNOW                       0
LIGHT SNOW                0     SLEET                      0
FOG                      16     FOG W/VIS <= 1/4 MILE      6
HAZE                     16

-  INDICATES NEGATIVE NUMBERS.
R  INDICATES RECORD WAS SET OR TIED.
MM INDICATES DATA IS MISSING.
T  INDICATES TRACE AMOUNT.

$$

CARICO
