000
CXUS53 KJKL 010732
CLMLOZ

CLIMATE REPORT
NATIONAL WEATHER SERVICE JACKSON KY
332 AM EDT SUN JUN 1 2014

...................................

...THE LONDON KY CLIMATE SUMMARY FOR THE MONTH OF MAY 2014...

CLIMATE NORMAL PERIOD 1981 TO 2010
CLIMATE RECORD PERIOD 1954 TO 2014

WEATHER         OBSERVED          NORMAL  DEPART  LAST YEAR`S
                 VALUE   DATE(S)  VALUE   FROM    VALUE  DATE(S)
                                          NORMAL
................................................................
TEMPERATURE (F)
RECORD
 HIGH              91   05/30/2006
 LOW               28   05/02/1963
HIGHEST            88   05/07        MM      MM       86  05/21
LOWEST             40   05/17        MM      MM       34  05/13
                        05/03
AVG. MAXIMUM     78.9              76.3     2.6     74.8
AVG. MINIMUM     54.5              53.3     1.2     53.2
MEAN             66.7              64.8     1.9     64.0
DAYS MAX >= 90      0               0.1    -0.1        0
DAYS MAX <= 32      0               0.0     0.0        0
DAYS MIN <= 32      0               0.1    -0.1        0
DAYS MIN <= 0       0               0.0     0.0        0

PRECIPITATION (INCHES)
RECORD
 MAXIMUM        10.97   1984
 MINIMUM         1.09   1977
TOTALS           2.23              5.18   -2.95     4.54
DAILY AVG.       0.07              0.17   -0.10     0.15
DAYS >= .01        12              13.5    -1.5       13
DAYS >= .10         7               8.5    -1.5        9
DAYS >= .50         1               3.5    -2.5        4
DAYS >= 1.00        0               1.2    -1.2        1
GREATEST
 24 HR. TOTAL    0.73   05/10 TO 05/10              1.95

SNOWFALL (INCHES)
RECORDS
 TOTAL             MM   MM
TOTALS             MM               0.0      MM       MM
SINCE 7/1          MM              10.3      MM       MM
SNOWDEPTH AVG.     MM                MM      MM       MM
DAYS >= 1.0        MM               0.0      MM       MM
GREATEST
 SNOW DEPTH        MM                                 MM
 24 HR TOTAL       MM                                 MM

DEGREE_DAYS
HEATING TOTAL      83                95     -12      102
 SINCE 7/1       4420              4196     224     4531
COOLING TOTAL     141                88      53       80
 SINCE 1/1        166               114      52      100
.................................................................

WIND (MPH)
AVERAGE WIND SPEED              4.8
HIGHEST WIND SPEED/DIRECTION    37/320    DATE  05/21
HIGHEST GUST SPEED/DIRECTION    56/320    DATE  05/21

SKY COVER
POSSIBLE SUNSHINE (PERCENT)   MM
AVERAGE SKY COVER           0.30
NUMBER OF DAYS FAIR           22
NUMBER OF DAYS PC              7
NUMBER OF DAYS CLOUDY          2

AVERAGE RH (PERCENT)     65

WEATHER CONDITIONS. NUMBER OF DAYS WITH
THUNDERSTORM             11     MIXED PRECIP               0
HEAVY RAIN                5     RAIN                       7
LIGHT RAIN               10     FREEZING RAIN              0
LT FREEZING RAIN          0     HAIL                       0
HEAVY SNOW                0     SNOW                       0
LIGHT SNOW                0     SLEET                      0
FOG                      19     FOG W/VIS <= 1/4 MILE      4
HAZE                      4

-  INDICATES NEGATIVE NUMBERS.
R  INDICATES RECORD WAS SET OR TIED.
MM INDICATES DATA IS MISSING.
T  INDICATES TRACE AMOUNT.

&&

RECORDS...

NEW MAXIMUM RECORDS...

88 ON THE 7TH

TIED MAXIMUM RECORDS...

86 ON THE 8TH

TIED MAXIMUM LOW RECORDS...

63 ON THE 13TH

$$

CARICO
