000
CXUS53 KJKL 010856 AAA
CLMLOZ

CLIMATE REPORT
NATIONAL WEATHER SERVICE JACKSON KY
226 AM EST SAT FEB 1 2014

...................................

...THE LONDON KY CLIMATE SUMMARY FOR THE MONTH OF JANUARY 2014...

CLIMATE NORMAL PERIOD 1981 TO 2010
CLIMATE RECORD PERIOD 1954 TO 2014

WEATHER         OBSERVED          NORMAL  DEPART  LAST YEAR`S
                 VALUE   DATE(S)  VALUE   FROM    VALUE  DATE(S)
                                          NORMAL
................................................................
TEMPERATURE (F)
RECORD
 HIGH              74   01/31/2002
                        01/24/1972
 LOW              -25   01/19/1994
HIGHEST            59   01/11        MM      MM       69  01/29
LOWEST             -4   01/07        MM      MM       12  01/22
AVG. MAXIMUM     39.8              44.8    -5.0     45.5
AVG. MINIMUM     17.4              26.4    -9.0     28.8
MEAN             28.6              35.6    -7.0     37.1
DAYS MAX >= 90      0               0.0     0.0        0
DAYS MAX <= 32      8               4.6     3.4        3
DAYS MIN <= 32     26              21.7     4.3       21
DAYS MIN <= 0       3               0.6     2.4        0

PRECIPITATION (INCHES)
RECORD
 MAXIMUM        10.09   1957
 MINIMUM         1.07   1981
TOTALS           2.28              3.54   -1.26     5.24
DAILY AVG.       0.07              0.11   -0.04     0.17
DAYS >= .01        12              11.3     0.7       13
DAYS >= .10         5               6.9    -1.9        9
DAYS >= .50         2               2.5    -0.5        3
DAYS >= 1.00        0               0.8    -0.8        2
GREATEST
 24 HR. TOTAL    0.88   01/11 TO 01/11


SNOWFALL (INCHES)
RECORDS
 TOTAL           17.6   1978
TOTALS             MM               4.5      MM       MM
SINCE 7/1          MM               5.6      MM       MM
SNOWDEPTH AVG.     MM                 2      MM       MM
DAYS >= 1.0        MM               1.9      MM       MM
GREATEST
 SNOW DEPTH        MM                                 MM
 24 HR TOTAL       MM                                 MM

DEGREE_DAYS
HEATING TOTAL    1124               911     213      855
 SINCE 7/1       2731              2563     168     2583
COOLING TOTAL       0                 0       0        0
 SINCE 1/1          0                 0       0        0
.................................................................

WIND (MPH)
AVERAGE WIND SPEED              6.9
HIGHEST WIND SPEED/DIRECTION    39/260    DATE  01/05
HIGHEST GUST SPEED/DIRECTION    51/250    DATE  01/05

SKY COVER
POSSIBLE SUNSHINE (PERCENT)   MM
AVERAGE SKY COVER           0.40
NUMBER OF DAYS FAIR           11
NUMBER OF DAYS PC             15
NUMBER OF DAYS CLOUDY          5

AVERAGE RH (PERCENT)     62

WEATHER CONDITIONS. NUMBER OF DAYS WITH
THUNDERSTORM              1     MIXED PRECIP               0
HEAVY RAIN                1     RAIN                       3
LIGHT RAIN                8     FREEZING RAIN              0
LT FREEZING RAIN          0     HAIL                       0
HEAVY SNOW                0     SNOW                       3
LIGHT SNOW               11     SLEET                      0
FOG                      12     FOG W/VIS <= 1/4 MILE      1
HAZE                      4

-  INDICATES NEGATIVE NUMBERS.
R  INDICATES RECORD WAS SET OR TIED.
MM INDICATES DATA IS MISSING.
T  INDICATES TRACE AMOUNT.

&&

NEW MINIMUM RECORDS...

-1 ON THE 6TH

TIED MINIMUM RECORDS...

-4 ON THE 7TH

NEW MINIMUM HIGH RECORDS...

13 ON THE 7TH
14 ON THE 28TH

$$

CARICO
