000
CXUS53 KJKL 011437
CLMLOZ

CLIMATE REPORT
NATIONAL WEATHER SERVICE JACKSON KY
1037 AM EDT MON AUG 1 2016

...................................

...THE LONDON KY CLIMATE SUMMARY FOR THE MONTH OF JULY 2016...

CLIMATE NORMAL PERIOD 1981 TO 2010
CLIMATE RECORD PERIOD 1954 TO 2016

WEATHER         OBSERVED          NORMAL  DEPART  LAST YEAR`S
                 VALUE   DATE(S)  VALUE   FROM    VALUE  DATE(S)
                                          NORMAL
................................................................
TEMPERATURE (F)
RECORD
 HIGH             101   07/01/2012
                        07/31/1999
                        07/30/1999
 LOW               45   07/10/1961
HIGHEST            94   07/25        MM      MM       93  07/18
LOWEST             58   07/01        MM      MM       61  07/31
AVG. MAXIMUM     88.1              86.4     1.7     86.1
AVG. MINIMUM     68.2              66.2     2.0     68.5
MEAN             78.1              76.3     1.8     77.3
DAYS MAX >= 90     10               7.2     2.8       10
DAYS MAX <= 32      0               0.0     0.0        0
DAYS MIN <= 32      0               0.0     0.0        0
DAYS MIN <= 0       0               0.0     0.0        0

PRECIPITATION (INCHES)
RECORD
 MAXIMUM        11.23   2015
 MINIMUM         1.12   1974
TOTALS           8.39              4.04    4.35    11.23
DAILY AVG.       0.27              0.13    0.14     0.36
DAYS >= .01        15              12.5     2.5       18
DAYS >= .10        12               8.1     3.9       11
DAYS >= .50         6               3.0     3.0        4
DAYS >= 1.00        4               1.0     3.0        3
GREATEST
 24 HR. TOTAL    1.74   07/06 TO 07/07              3.73

SNOWFALL (INCHES)
RECORDS
 TOTAL             MM   MM
TOTALS             MM               0.0      MM       MM
SINCE 7/1          MM               0.0      MM       MM
SNOWDEPTH AVG.     MM                MM      MM       MM
DAYS >= 1.0        MM               0.0      MM       MM
GREATEST
 SNOW DEPTH        MM                                 MM
 24 HR TOTAL       MM                                 MM

DEGREE_DAYS
HEATING TOTAL       0                 0       0        0
 SINCE 7/1          0                 0       0        0
COOLING TOTAL     415               350      65      390
 SINCE 1/1        816               707     109      891
.................................................................

WIND (MPH)
AVERAGE WIND SPEED              4.0
HIGHEST WIND SPEED/DIRECTION    36/290    DATE  07/14
HIGHEST GUST SPEED/DIRECTION    49/290    DATE  07/14

SKY COVER
POSSIBLE SUNSHINE (PERCENT)   MM
AVERAGE SKY COVER           0.30
NUMBER OF DAYS FAIR           22
NUMBER OF DAYS PC              8
NUMBER OF DAYS CLOUDY          1

AVERAGE RH (PERCENT)     73

WEATHER CONDITIONS. NUMBER OF DAYS WITH
THUNDERSTORM             15     MIXED PRECIP               0
HEAVY RAIN               11     RAIN                      12
LIGHT RAIN               18     FREEZING RAIN              0
LT FREEZING RAIN          0     HAIL                       0
HEAVY SNOW                0     SNOW                       0
LIGHT SNOW                0     SLEET                      0
FOG                      24     FOG W/VIS <= 1/4 MILE      2
HAZE                      0

-  INDICATES NEGATIVE NUMBERS.
R  INDICATES RECORD WAS SET OR TIED.
MM INDICATES DATA IS MISSING.
T  INDICATES TRACE AMOUNT.

$$

CARICO
