000
CXUS53 KJKL 010731
CLSLOZ

CLIMATE REPORT
NATIONAL WEATHER SERVICE JACKSON KY
331 AM EDT SUN SEP 1 2013

...................................

...THE LONDON KY CLIMATE SUMMARY FOR THE SEASON, FROM
6/1/2013 TO 8/31/2013...

CLIMATE NORMAL PERIOD 1981 TO 2010
CLIMATE RECORD PERIOD 1954 TO 2013

WEATHER         OBSERVED          NORMAL  DEPART  LAST YEAR`S
                 VALUE   DATE(S)  VALUE   FROM    VALUE  DATE(S)
                                          NORMAL
................................................................
TEMPERATURE (F)
RECORD
 HIGH             105   06/29/2012
 LOW               34   06/01/1966
HIGHEST            92   08/31        MM      MM      105  06/29
LOWEST             51   07/29        MM      MM       45  06/02
AVG. MAXIMUM     82.4              85.2    -2.8     86.2
AVG. MINIMUM     64.3              64.3     0.0     63.4
MEAN             73.4              74.8    -1.4     74.7
DAYS MAX >= 90      5              17.1   -12.1       24
DAYS MAX <= 32      0               0.0     0.0        0
DAYS MIN <= 32      0               0.0     0.0        0
DAYS MIN <= 0       0               0.0     0.0        0

PRECIPITATION (INCHES)
RECORD
 MAXIMUM        21.68   2003
 MINIMUM         6.37   1980
TOTALS          18.03             12.15    5.88     9.66
DAILY AVG.       0.20              0.13    0.07     0.10
DAYS >= .01        49              33.2    15.8       30
DAYS >= .10        32              21.9    10.1       19
DAYS >= .50        11               9.0     2.0        8
DAYS >= 1.00        6               2.8     3.2        2
GREATEST
 24 HR. TOTAL    2.78   07/04 TO 07/05              1.91

SNOWFALL (INCHES)
RECORDS
 TOTAL             MM   MM
TOTALS             MM               0.0      MM       MM
SINCE 7/1          MM               0.0      MM       MM
SNOWDEPTH AVG.     MM                MM      MM       MM
DAYS >= 1.0        MM               0.0      MM       MM
GREATEST
 24 HR TOTAL       MM                                 MM

DEGREE_DAYS
HEATING TOTAL       0                11     -11       11
 SINCE 7/1          0                 1      -1        0
COOLING TOTAL     792               911    -119      935
 SINCE 1/1        892              1024    -132     1118
.................................................................

WIND (MPH)
AVERAGE WIND SPEED              3.5
RESULTANT WIND SPEED/DIRECTION   1/239
HIGHEST WIND SPEED/DIRECTION    31/220    DATE  07/01
HIGHEST GUST SPEED/DIRECTION    46/220    DATE  07/01

SKY COVER
POSSIBLE SUNSHINE (PERCENT)   MM
NUMBER OF DAYS FAIR           41
NUMBER OF DAYS PC             41
NUMBER OF DAYS CLOUDY         10

AVERAGE RH (PERCENT)     76

WEATHER CONDITIONS. NUMBER OF DAYS WITH
THUNDERSTORM             32     MIXED PRECIP               0
HEAVY RAIN               23     RAIN                      27
LIGHT RAIN               50     FREEZING RAIN              0
LT FREEZING RAIN          0     HAIL                       0
HEAVY SNOW                0     SNOW                       0
LIGHT SNOW                0     SLEET                      0
FOG                      74     FOG W/VIS <= 1/4 MILE     10
HAZE                     13

-  INDICATES NEGATIVE NUMBERS.
R  INDICATES RECORD WAS SET OR TIED.
MM INDICATES DATA IS MISSING.
T  INDICATES TRACE AMOUNT.

$$

CARICO
