000
CXUS53 KJKL 010754
CLSLOZ

CLIMATE REPORT
NATIONAL WEATHER SERVICE JACKSON KY
254 AM EST THU MAR 1 2012

...................................

...THE LONDON KY CLIMATE SUMMARY FOR THE SEASON, FROM
12/1/2011 TO 2/29/2012...

CLIMATE NORMAL PERIOD 1981 TO 2010
CLIMATE RECORD PERIOD 1954 TO 2012

WEATHER         OBSERVED          NORMAL  DEPART  LAST YEAR`S
                 VALUE   DATE(S)  VALUE   FROM    VALUE  DATE(S)
                                          NORMAL
................................................................
TEMPERATURE (F)
RECORD
 HIGH              81   02/26/1977
 LOW              -25   01/19/1994
HIGHEST            71   02/23        MM      MM       69  02/28
LOWEST             13   02/12        MM      MM        0  01/09
AVG. MAXIMUM     51.0              47.3     3.7     42.1
AVG. MINIMUM     30.4              28.3     2.1     24.5
MEAN             40.7              37.8     2.9     33.3
DAYS MAX >= 90      0               0.0     0.0       MM
DAYS MAX <= 32      3               9.7    -6.7       MM
DAYS MIN <= 32     54              58.7    -4.7       MM
DAYS MIN <= 0       0               0.9    -0.9       MM

PRECIPITATION (INCHES)
RECORD
 MAXIMUM        25.70   1979
 MINIMUM         5.06   1977
TOTALS          11.01             11.49   -0.48     9.54
DAILY AVG.       0.12              0.13   -0.01     0.11
DAYS >= .01        32              34.8    -2.8       MM
DAYS >= .10        21              21.9    -0.9       MM
DAYS >= .50        10               8.0     2.0       MM
DAYS >= 1.00        2               2.8    -0.8       MM
GREATEST
 24 HR. TOTAL    1.20   01/11 TO 01/12              3.01

SNOWFALL (INCHES)
RECORDS
 TOTAL           36.7   1979
TOTALS             MM               8.7      MM       MM
SINCE 7/1          MM               8.7      MM       MM
SNOWDEPTH AVG.     MM                MM      MM       MM
DAYS >= 1.0        MM               4.0      MM       MM
GREATEST
 24 HR TOTAL       MM                                 MM

DEGREE_DAYS
HEATING TOTAL    2183              2446    -263     2850
 SINCE 7/1       3035              3298    -263     3660
COOLING TOTAL       0                 1      -1        0
 SINCE 1/1          0                 0       0        0
.................................................................

WIND (MPH)
AVERAGE WIND SPEED              5.3
RESULTANT WIND SPEED/DIRECTION   2/243
HIGHEST WIND SPEED/DIRECTION    35/250    DATE  12/27
HIGHEST GUST SPEED/DIRECTION    49/270    DATE  02/24

SKY COVER
POSSIBLE SUNSHINE (PERCENT)   MM
NUMBER OF DAYS FAIR           30
NUMBER OF DAYS PC             31
NUMBER OF DAYS CLOUDY         30

AVERAGE RH (PERCENT)     71

WEATHER CONDITIONS. NUMBER OF DAYS WITH
THUNDERSTORM              7     MIXED PRECIP               0
HEAVY RAIN               10     RAIN                      15
LIGHT RAIN               39     FREEZING RAIN              0
LT FREEZING RAIN          0     HAIL                       0
HEAVY SNOW                1     SNOW                       1
LIGHT SNOW               11     SLEET                      0
FOG                      50     FOG W/VIS <= 1/4 MILE      9
HAZE                      3

-  INDICATES NEGATIVE NUMBERS.
R  INDICATES RECORD WAS SET OR TIED.
MM INDICATES DATA IS MISSING.
T  INDICATES TRACE AMOUNT.

$$

CARICO
