000
CXUS53 KJKL 010801
CLSLOZ

CLIMATE REPORT
NATIONAL WEATHER SERVICE JACKSON KY
301 AM EST FRI MAR 1 2013

...................................

...THE LONDON KY CLIMATE SUMMARY FOR THE SEASON, FROM
12/1/2012 TO 2/28/2013...

CLIMATE NORMAL PERIOD 1981 TO 2010
CLIMATE RECORD PERIOD 1954 TO 2013

WEATHER         OBSERVED          NORMAL  DEPART  LAST YEAR`S
                 VALUE   DATE(S)  VALUE   FROM    VALUE  DATE(S)
                                          NORMAL
................................................................
TEMPERATURE (F)
RECORD
 HIGH              81   02/26/1977
 LOW              -25   01/19/1994
HIGHEST            71   12/03        MM      MM       71  02/23
LOWEST             12   02/01        MM      MM       13  02/12
                        01/22
AVG. MAXIMUM     48.1              47.3     0.8     51.0
AVG. MINIMUM     30.5              28.3     2.2     30.4
MEAN             39.3              37.8     1.5     40.7
DAYS MAX >= 90      0               0.0     0.0        0
DAYS MAX <= 32      5               9.7    -4.7        3
DAYS MIN <= 32     56              58.7    -2.7       54
DAYS MIN <= 0       0               0.9    -0.9        0

PRECIPITATION (INCHES)
RECORD
 MAXIMUM        25.70   1979
 MINIMUM         5.06   1977
TOTALS          12.62             11.49    1.13    11.01
DAILY AVG.       0.14              0.13    0.01     0.12
DAYS >= .01        44              34.8     9.2       32
DAYS >= .10        27              21.9     5.1       21
DAYS >= .50         7               8.0    -1.0       10
DAYS >= 1.00        4               2.8     1.2        2
GREATEST
 24 HR. TOTAL    2.06   12/09 TO 12/10              1.20

SNOWFALL (INCHES)
RECORDS
 TOTAL           36.7   1979
TOTALS             MM               8.7      MM       MM
SINCE 7/1          MM               8.7      MM       MM
SNOWDEPTH AVG.     MM                MM      MM       MM
DAYS >= 1.0        MM               4.0      MM       MM
GREATEST
 24 HR TOTAL       MM                                 MM

DEGREE_DAYS
HEATING TOTAL    2294              2446    -152     2183
 SINCE 7/1       3348              3298      50     3035
COOLING TOTAL       0                 1      -1        0
 SINCE 1/1          0                 0       0        0
.................................................................

WIND (MPH)
AVERAGE WIND SPEED              5.5
RESULTANT WIND SPEED/DIRECTION   2/250
HIGHEST WIND SPEED/DIRECTION    33/280    DATE  01/30
HIGHEST GUST SPEED/DIRECTION    44/270    DATE  01/30

SKY COVER
POSSIBLE SUNSHINE (PERCENT)   MM
NUMBER OF DAYS FAIR           31
NUMBER OF DAYS PC             28
NUMBER OF DAYS CLOUDY         31

AVERAGE RH (PERCENT)     72

WEATHER CONDITIONS. NUMBER OF DAYS WITH
THUNDERSTORM              4     MIXED PRECIP               0
HEAVY RAIN               10     RAIN                      24
LIGHT RAIN               43     FREEZING RAIN              2
LT FREEZING RAIN          2     HAIL                       0
HEAVY SNOW                0     SNOW                       0
LIGHT SNOW               13     SLEET                      1
FOG                      58     FOG W/VIS <= 1/4 MILE      5
HAZE                      6

-  INDICATES NEGATIVE NUMBERS.
R  INDICATES RECORD WAS SET OR TIED.
MM INDICATES DATA IS MISSING.
T  INDICATES TRACE AMOUNT.

$$

CARICO
