000
CXUS53 KJKL 010735
CLSLOZ

CLIMATE REPORT
NATIONAL WEATHER SERVICE JACKSON KY
335 AM EDT FRI JUN 1 2012

...................................

...THE LONDON KY CLIMATE SUMMARY FOR THE SEASON, FROM
3/1/2012 TO 5/31/2012...

CLIMATE NORMAL PERIOD 1981 TO 2010
CLIMATE RECORD PERIOD 1954 TO 2012

WEATHER         OBSERVED          NORMAL  DEPART  LAST YEAR`S
                 VALUE   DATE(S)  VALUE   FROM    VALUE  DATE(S)
                                          NORMAL
................................................................
TEMPERATURE (F)
RECORD
 HIGH              91   05/30/2006
 LOW              -12   03/03/1980
HIGHEST            90   05/27        MM      MM       90  05/31
                                                          05/30
LOWEST             25   03/06        MM      MM       28  03/02
AVG. MAXIMUM     72.6              67.8     4.8     67.6
AVG. MINIMUM     49.1              44.7     4.4     46.3
MEAN             60.9              56.2     4.7     57.0
DAYS MAX >= 90      1               0.2     0.8        2
DAYS MAX <= 32      0               0.3    -0.3        0
DAYS MIN <= 32     10              14.7    -4.7       12
DAYS MIN <= 0       0               0.0     0.0        0

PRECIPITATION (INCHES)
RECORD
 MAXIMUM        22.28   1984
 MINIMUM         6.21   1969
TOTALS          11.73             13.28   -1.55    21.35
DAILY AVG.       0.13              0.14   -0.01     0.23
DAYS >= .01        35              38.4    -3.4       47
DAYS >= .10        22              24.4    -2.4       32
DAYS >= .50         8               8.9    -0.9       17
DAYS >= 1.00        4               2.8     1.2        6
GREATEST
 24 HR. TOTAL    1.65   03/08 TO 03/08              2.58

SNOWFALL (INCHES)
RECORDS
 TOTAL           31.0   1960
TOTALS             MM               1.6      MM       MM
SINCE 7/1          MM              10.3      MM       MM
SNOWDEPTH AVG.     MM                MM      MM       MM
DAYS >= 1.0        MM               0.7      MM       MM
GREATEST
 24 HR TOTAL       MM                                 MM

DEGREE_DAYS
HEATING TOTAL     539               920    -381      879
 SINCE 7/1       3574              4218    -644     4539
COOLING TOTAL     183               114      69      162
 SINCE 1/1        183               114      69      162
.................................................................

WIND (MPH)
AVERAGE WIND SPEED              4.5
RESULTANT WIND SPEED/DIRECTION   1/272
HIGHEST WIND SPEED/DIRECTION    33/210    DATE  03/02
HIGHEST GUST SPEED/DIRECTION    49/220    DATE  03/02

SKY COVER
POSSIBLE SUNSHINE (PERCENT)   MM
NUMBER OF DAYS FAIR           48
NUMBER OF DAYS PC             35
NUMBER OF DAYS CLOUDY          9

AVERAGE RH (PERCENT)     68

WEATHER CONDITIONS. NUMBER OF DAYS WITH
THUNDERSTORM             22     MIXED PRECIP               0
HEAVY RAIN               12     RAIN                      16
LIGHT RAIN               40     FREEZING RAIN              0
LT FREEZING RAIN          0     HAIL                       0
HEAVY SNOW                0     SNOW                       0
LIGHT SNOW                2     SLEET                      0
FOG                      58     FOG W/VIS <= 1/4 MILE     10
HAZE                      4

-  INDICATES NEGATIVE NUMBERS.
R  INDICATES RECORD WAS SET OR TIED.
MM INDICATES DATA IS MISSING.
T  INDICATES TRACE AMOUNT.

$$

CARICO
