000
CXUS53 KJKL 010736
CLSLOZ

CLIMATE REPORT
NATIONAL WEATHER SERVICE JACKSON KY
236 AM EST SAT DEC 1 2012

...................................

...THE LONDON KY CLIMATE SUMMARY FOR THE SEASON, FROM
9/1/2012 TO 11/30/2012...

CLIMATE NORMAL PERIOD 1981 TO 2010
CLIMATE RECORD PERIOD 1954 TO 2012

WEATHER         OBSERVED          NORMAL  DEPART  LAST YEAR`S
                 VALUE   DATE(S)  VALUE   FROM    VALUE  DATE(S)
                                          NORMAL
................................................................
TEMPERATURE (F)
RECORD
 HIGH              97   09/05/2007
 LOW                2   11/30/1976
HIGHEST            87   09/07        MM      MM       96  09/03
                        09/05                             09/02
LOWEST             20   11/25        MM      MM       21  11/18
AVG. MAXIMUM     65.6              69.2    -3.6     67.3
AVG. MINIMUM     43.2              46.3    -3.1     45.6
MEAN             54.4              57.7    -3.3     56.5
DAYS MAX >= 90      0               2.0    -2.0        3
DAYS MAX <= 32      0               0.2    -0.2        0
DAYS MIN <= 32     20              13.8     6.2       12
DAYS MIN <= 0       0               0.0     0.0        0

PRECIPITATION (INCHES)
RECORD
 MAXIMUM        20.16   2004
 MINIMUM         4.07   2008
TOTALS          12.12             10.22    1.90    15.35
DAILY AVG.       0.13              0.11    0.02     0.17
DAYS >= .01        27              27.5    -0.5       33
DAYS >= .10        19              17.9     1.1       26
DAYS >= .50         6               7.1    -1.1       10
DAYS >= 1.00        4               2.5     1.5        5
GREATEST
 24 HR. TOTAL    3.81   09/17 TO 09/18              2.06

SNOWFALL (INCHES)
RECORDS
 TOTAL            4.5   1963
                        1959
TOTALS             MM                 T      MM       MM
SINCE 7/1          MM                 T      MM       MM
SNOWDEPTH AVG.     MM                MM      MM       MM
DAYS >= 1.0        MM               0.0      MM       MM
GREATEST
 24 HR TOTAL       MM                                 MM

DEGREE_DAYS
HEATING TOTAL    1054               829     225      852
 SINCE 7/1       1054               830     224      852
COOLING TOTAL     108               165     -57       99
 SINCE 1/1       1226              1190      36     1249
.................................................................

WIND (MPH)
AVERAGE WIND SPEED              3.5
RESULTANT WIND SPEED/DIRECTION   1/261
HIGHEST WIND SPEED/DIRECTION    33/210    DATE  09/02
HIGHEST GUST SPEED/DIRECTION    51/190    DATE  09/02

SKY COVER
POSSIBLE SUNSHINE (PERCENT)   MM
NUMBER OF DAYS FAIR           42
NUMBER OF DAYS PC             33
NUMBER OF DAYS CLOUDY         16

AVERAGE RH (PERCENT)     71

WEATHER CONDITIONS. NUMBER OF DAYS WITH
THUNDERSTORM              5     MIXED PRECIP               0
HEAVY RAIN               11     RAIN                      12
LIGHT RAIN               31     FREEZING RAIN              0
LT FREEZING RAIN          0     HAIL                       0
HEAVY SNOW                0     SNOW                       0
LIGHT SNOW                0     SLEET                      0
FOG                      55     FOG W/VIS <= 1/4 MILE     11
HAZE                      9

-  INDICATES NEGATIVE NUMBERS.
R  INDICATES RECORD WAS SET OR TIED.
MM INDICATES DATA IS MISSING.
T  INDICATES TRACE AMOUNT.

$$

CARICO
