000
CXUS53 KJKL 111623
CLSLOZ

CLIMATE REPORT...RESENT
NATIONAL WEATHER SERVICE JACKSON KY
335 AM EDT TUE JUN 1 2010

...................................

...THE LONDON KY CLIMATE SUMMARY FOR THE SEASON, FROM
3/1/2010 TO 5/31/2010...

CLIMATE NORMAL PERIOD 1971 TO 2000
CLIMATE RECORD PERIOD 1954 TO 2010

WEATHER         OBSERVED          NORMAL  DEPART  LAST YEAR`S
                 VALUE   DATE(S)  VALUE   FROM    VALUE  DATE(S)
                                          NORMAL
................................................................
TEMPERATURE (F)
RECORD
 HIGH              91   05/30/2006
 LOW              -12   03/03/1980
HIGHEST            88   04/06        MM      MM       89  04/24
LOWEST             20   03/05        MM      MM       11  03/03
AVG. MAXIMUM     69.0              67.3     1.7     67.3
AVG. MINIMUM     45.6              43.9     1.7     46.2
MEAN             57.3              55.6     1.7     56.8
DAYS MAX >= 90      0               0.2    -0.2        0
DAYS MAX <= 32      0               0.4    -0.4        1
DAYS MIN <= 32     11              16.9    -5.9       14
DAYS MIN <= 0       0               0.1    -0.1        0

PRECIPITATION (INCHES)
RECORD
 MAXIMUM        22.28   1984
 MINIMUM         6.21   1969
TOTALS          11.12             12.61   -1.49    17.50
DAILY AVG.       0.12              0.14   -0.02     0.19
DAYS >= .01        41              38.3     2.7       42
DAYS >= .10        23              25.4    -2.4       30
DAYS >= .50         6               9.1    -3.1       15
DAYS >= 1.00        3               2.8     0.2        1
GREATEST
 24 HR. TOTAL    1.88   05/02 TO 05/03              2.69

SNOWFALL (INCHES)
RECORDS
 TOTAL           31.0   1960
TOTALS             MM               1.9      MM       MM
SINCE 7/1          MM              14.0      MM       MM
SNOWDEPTH AVG.     MM                 0      MM       MM
DAYS >= 1.0        MM               0.8      MM       MM
GREATEST
 24 HR TOTAL       MM                                 MM

DEGREE_DAYS
HEATING TOTAL     836               969    -133      862
 SINCE 7/1       4619              4362     257     4284
COOLING TOTAL     152               103      49      124
 SINCE 1/1        152               103      49      124
.................................................................

WIND (MPH)
AVERAGE WIND SPEED              4.6
RESULTANT WIND SPEED/DIRECTION   2/249
HIGHEST WIND SPEED/DIRECTION    37/230    DATE  04/03
HIGHEST GUST SPEED/DIRECTION    52/240    DATE  04/03

SKY COVER
POSSIBLE SUNSHINE (PERCENT)   MM
NUMBER OF DAYS FAIR           40
NUMBER OF DAYS PC             28
NUMBER OF DAYS CLOUDY         14

AVERAGE RH (PERCENT)     68

WEATHER CONDITIONS. NUMBER OF DAYS WITH
THUNDERSTORM             13     MIXED PRECIP               0
HEAVY RAIN               11     RAIN                      20
LIGHT RAIN               41     FREEZING RAIN              0
LT FREEZING RAIN          0     HAIL                       0
HEAVY SNOW                0     SNOW                       0
LIGHT SNOW                1     SLEET                      0
FOG                      52     FOG W/VIS <= 1/4 MILE      5
HAZE                      8

-  INDICATES NEGATIVE NUMBERS.
R  INDICATES RECORD WAS SET OR TIED.
MM INDICATES DATA IS MISSING.
T  INDICATES TRACE AMOUNT.

$$

CARICO
