000
CXUS53 KJKL 010747
CLSLOZ

CLIMATE REPORT
NATIONAL WEATHER SERVICE JACKSON KY
347 AM EDT WED SEP 1 2010

...................................

...THE LONDON KY CLIMATE SUMMARY FOR THE SEASON, FROM
6/1/2010 TO 8/31/2010...

CLIMATE NORMAL PERIOD 1971 TO 2000
CLIMATE RECORD PERIOD 1954 TO 2010

WEATHER         OBSERVED          NORMAL  DEPART  LAST YEAR`S
                 VALUE   DATE(S)  VALUE   FROM    VALUE  DATE(S)
                                          NORMAL
................................................................
TEMPERATURE (F)
RECORD
 HIGH             102   08/16/2007
 LOW               34   06/01/1966
HIGHEST            95   08/13        MM      MM       90  08/09
                        08/04                             06/27
                        07/08                             06/19
LOWEST             55   07/02        MM      MM       50  06/06
AVG. MAXIMUM     87.2              84.0     3.2     82.4
AVG. MINIMUM     67.1              62.3     4.8     63.6
MEAN             77.1              73.2     3.9     73.0
DAYS MAX >= 90     28              16.4    11.6        3
DAYS MAX <= 32      0               0.0     0.0        0
DAYS MIN <= 32      0               0.0     0.0        0
DAYS MIN <= 0       0               0.0     0.0        0

PRECIPITATION (INCHES)
RECORD
 MAXIMUM        21.68   2003
 MINIMUM         6.37   1980
TOTALS          14.48             11.69    2.79    15.01
DAILY AVG.       0.16              0.13    0.03     0.16
DAYS >= .01        27              32.1    -5.1       41
DAYS >= .10        24              20.8     3.2       26
DAYS >= .50        13               9.0     4.0       12
DAYS >= 1.00        2               2.9    -0.9        5
GREATEST
 24 HR. TOTAL    3.68   08/18 TO 08/19              2.40

SNOWFALL (INCHES)
RECORDS
 TOTAL             MM   MM
TOTALS             MM               0.0      MM       MM
SINCE 7/1          MM               0.0      MM       MM
SNOWDEPTH AVG.     MM                 0      MM       MM
DAYS >= 1.0        MM               0.0      MM       MM
GREATEST
 24 HR TOTAL       MM                                 MM

DEGREE_DAYS
HEATING TOTAL       0                14     -14        2
 SINCE 7/1          0                 2      -2        2
COOLING TOTAL    1136               840     296      759
 SINCE 1/1       1288               943     345      883
.................................................................

WIND (MPH)
AVERAGE WIND SPEED              3.4
RESULTANT WIND SPEED/DIRECTION   1/251
HIGHEST WIND SPEED/DIRECTION    36/260    DATE  06/15
HIGHEST GUST SPEED/DIRECTION    48/320    DATE  08/05

SKY COVER
POSSIBLE SUNSHINE (PERCENT)   MM
NUMBER OF DAYS FAIR           73
NUMBER OF DAYS PC             18
NUMBER OF DAYS CLOUDY          1

AVERAGE RH (PERCENT)     75

WEATHER CONDITIONS. NUMBER OF DAYS WITH
THUNDERSTORM             33     MIXED PRECIP               0
HEAVY RAIN               21     RAIN                      20
LIGHT RAIN               32     FREEZING RAIN              0
LT FREEZING RAIN          0     HAIL                       0
HEAVY SNOW                0     SNOW                       0
LIGHT SNOW                0     SLEET                      0
FOG                      86     FOG W/VIS <= 1/4 MILE      9
HAZE                     34

-  INDICATES NEGATIVE NUMBERS.
R  INDICATES RECORD WAS SET OR TIED.
MM INDICATES DATA IS MISSING.
T  INDICATES TRACE AMOUNT.

$$

CARICO
