000
CXUS53 KJKL 011611
CLSLOZ

CLIMATE REPORT
NATIONAL WEATHER SERVICE JACKSON KY
1106 AM EST TUE DEC 1 2015

...................................

...THE LONDON KY CLIMATE SUMMARY FOR THE SEASON, FROM
9/1/2015 TO 11/30/2015...

CLIMATE NORMAL PERIOD 1981 TO 2010
CLIMATE RECORD PERIOD 1954 TO 2015

WEATHER         OBSERVED          NORMAL  DEPART  LAST YEAR`S
                 VALUE   DATE(S)  VALUE   FROM    VALUE  DATE(S)
                                          NORMAL
................................................................
TEMPERATURE (F)
RECORD
 HIGH              97   09/05/2007
 LOW                2   11/30/1976
HIGHEST            93   09/05        MM      MM       91  09/02
                        09/04                             09/01
LOWEST             19   11/23        MM      MM       16  11/19
AVG. MAXIMUM     70.7              69.2     1.5     66.4
AVG. MINIMUM     48.9              46.3     2.6     46.5
MEAN             59.8              57.7     2.1     56.5
DAYS MAX >= 90      6               2.0     4.0        2
DAYS MAX <= 32      0               0.2    -0.2        2
DAYS MIN <= 32     12              13.8    -1.8       17
DAYS MIN <= 0       0               0.0     0.0        0

PRECIPITATION (INCHES)
RECORD
 MAXIMUM        20.16   2004
 MINIMUM         4.07   2008
TOTALS          10.67             10.22    0.45    12.65
DAILY AVG.       0.12              0.11    0.01     0.14
DAYS >= .01        31              27.5     3.5       35
DAYS >= .10        22              17.9     4.1       22
DAYS >= .50         8               7.1     0.9        8
DAYS >= 1.00        3               2.5     0.5        5
GREATEST
 24 HR. TOTAL    1.40   09/09 TO 09/10              2.06

SNOWFALL (INCHES)
RECORDS
 TOTAL            4.5   1963
                        1959
TOTALS             MM                 T      MM       MM
SINCE 7/1          MM                 T      MM       MM
SNOWDEPTH AVG.     MM                MM      MM       MM
DAYS >= 1.0        MM               0.0      MM       MM
GREATEST
 24 HR TOTAL       MM                                 MM

DEGREE_DAYS
HEATING TOTAL     665               829    -164      944
 SINCE 7/1        665               830    -165      944
COOLING TOTAL     216               165      51      193
 SINCE 1/1       1387              1190     197     1247
.................................................................

WIND (MPH)
AVERAGE WIND SPEED              4.1
RESULTANT WIND SPEED/DIRECTION   0/046
HIGHEST WIND SPEED/DIRECTION    30/250    DATE  11/12
HIGHEST GUST SPEED/DIRECTION    41/250    DATE  11/12

SKY COVER
POSSIBLE SUNSHINE (PERCENT)   MM
NUMBER OF DAYS FAIR           51
NUMBER OF DAYS PC             22
NUMBER OF DAYS CLOUDY         17

AVERAGE RH (PERCENT)     67

WEATHER CONDITIONS. NUMBER OF DAYS WITH
THUNDERSTORM              4     MIXED PRECIP               0
HEAVY RAIN               11     RAIN                      21
LIGHT RAIN               38     FREEZING RAIN              0
LT FREEZING RAIN          0     HAIL                       0
HEAVY SNOW                0     SNOW                       0
LIGHT SNOW                0     SLEET                      0
FOG                      46     FOG W/VIS <= 1/4 MILE      7
HAZE                     23

-  INDICATES NEGATIVE NUMBERS.
R  INDICATES RECORD WAS SET OR TIED.
MM INDICATES DATA IS MISSING.
T  INDICATES TRACE AMOUNT.

$$

CARICO
