000
CXUS53 KJKL 011539
CLSLOZ

CLIMATE REPORT
NATIONAL WEATHER SERVICE JACKSON KY
1039 AM EST SUN MAR 1 2015

...................................

...THE LONDON KY CLIMATE SUMMARY FOR THE SEASON, FROM
12/1/2014 TO 2/28/2015...

CLIMATE NORMAL PERIOD 1981 TO 2010
CLIMATE RECORD PERIOD 1954 TO 2015

WEATHER         OBSERVED          NORMAL  DEPART  LAST YEAR`S
                 VALUE   DATE(S)  VALUE   FROM    VALUE  DATE(S)
                                          NORMAL
................................................................
TEMPERATURE (F)
RECORD
 HIGH              81   02/26/1977
 LOW              -25   01/19/1994
HIGHEST            64   02/07        MM      MM       72  02/20
                        12/24                             12/21
                                                          12/05
LOWEST            -17   02/20        MM      MM       -4  01/07
AVG. MAXIMUM     44.1              47.3    -3.2     45.5
AVG. MINIMUM     26.0              28.3    -2.3     25.4
MEAN             35.0              37.8    -2.8     35.5
DAYS MAX >= 90      0               0.0     0.0        0
DAYS MAX <= 32     11               9.7     1.3       12
DAYS MIN <= 32     63              58.7     4.3       69
DAYS MIN <= 0       2               0.9     1.1        3

PRECIPITATION (INCHES)
RECORD
 MAXIMUM        25.70   1979
 MINIMUM         5.06   1977
TOTALS          11.28             11.49   -0.21    12.95
DAILY AVG.       0.13              0.13    0.00     0.14
DAYS >= .01        34              34.8    -0.8       37
DAYS >= .10        19              21.9    -2.9       22
DAYS >= .50         8               8.0     0.0       11
DAYS >= 1.00        2               2.8    -0.8        2
GREATEST
 24 HR. TOTAL    2.94   02/21 TO 02/21              2.30

SNOWFALL (INCHES)
RECORDS
 TOTAL           36.7   1979
TOTALS             MM               8.7      MM       MM
SINCE 7/1          MM               8.7      MM       MM
SNOWDEPTH AVG.     MM                MM      MM       MM
DAYS >= 1.0        MM               4.0      MM       MM
GREATEST
 24 HR TOTAL       MM                                 MM

DEGREE_DAYS
HEATING TOTAL    2677              2446     231     2640
 SINCE 7/1       3621              3276     345     3507
COOLING TOTAL       0                 1      -1        0
 SINCE 1/1          0                 0       0        0
.................................................................

WIND (MPH)
AVERAGE WIND SPEED              6.1
RESULTANT WIND SPEED/DIRECTION   2/283
HIGHEST WIND SPEED/DIRECTION    35/270    DATE  12/24
HIGHEST GUST SPEED/DIRECTION    45/280    DATE  12/24

SKY COVER
POSSIBLE SUNSHINE (PERCENT)   MM
NUMBER OF DAYS FAIR           23
NUMBER OF DAYS PC             31
NUMBER OF DAYS CLOUDY         36

AVERAGE RH (PERCENT)     62

WEATHER CONDITIONS. NUMBER OF DAYS WITH
THUNDERSTORM              1     MIXED PRECIP               0
HEAVY RAIN                7     RAIN                      18
LIGHT RAIN               37     FREEZING RAIN              1
LT FREEZING RAIN          3     HAIL                       0
HEAVY SNOW                2     SNOW                       2
LIGHT SNOW               17     SLEET                      0
FOG                      33     FOG W/VIS <= 1/4 MILE      2
HAZE                     25

-  INDICATES NEGATIVE NUMBERS.
R  INDICATES RECORD WAS SET OR TIED.
MM INDICATES DATA IS MISSING.
T  INDICATES TRACE AMOUNT.

$$
