000
CXUS53 KJKL 011507
CLSLOZ

CLIMATE REPORT
NATIONAL WEATHER SERVICE JACKSON KY
1007 AM EST TUE MAR 1 2016

...................................

...THE LONDON KY CLIMATE SUMMARY FOR THE SEASON, FROM
12/1/2015 TO 2/29/2016...

CLIMATE NORMAL PERIOD 1981 TO 2010
CLIMATE RECORD PERIOD 1954 TO 2016

WEATHER         OBSERVED          NORMAL  DEPART  LAST YEAR`S
                 VALUE   DATE(S)  VALUE   FROM    VALUE  DATE(S)
                                          NORMAL
................................................................
TEMPERATURE (F)
RECORD
 HIGH              81   02/26/1977
 LOW              -25   01/19/1994
HIGHEST            75   12/27        MM      MM       64  02/07
                                                          12/24
LOWEST              0   01/24        MM      MM      -17  02/20
AVG. MAXIMUM     49.5              47.3     2.2     44.1
AVG. MINIMUM     30.5              28.3     2.2     26.0
MEAN             40.0              37.8     2.2     35.0
DAYS MAX >= 90      0               0.0     0.0        0
DAYS MAX <= 32     12               9.7     2.3       11
DAYS MIN <= 32     53              58.7    -5.7       63
DAYS MIN <= 0       1               0.9     0.1        2

PRECIPITATION (INCHES)
RECORD
 MAXIMUM        25.70   1979
 MINIMUM         5.06   1977
TOTALS             MM             11.49      MM    11.28
DAILY AVG.       0.15              0.13    0.02     0.13
DAYS >= .01        36              34.8     1.2       34
DAYS >= .10        21              21.9    -0.9       19
DAYS >= .50         8               8.0     0.0        8
DAYS >= 1.00        5               2.8     2.2        2
GREATEST
 24 HR. TOTAL    2.28   02/15 TO 02/16              2.94

SNOWFALL (INCHES)
RECORDS
 TOTAL           36.7   1979
TOTALS             MM               8.7      MM       MM
SINCE 7/1          MM               8.7      MM       MM
SNOWDEPTH AVG.     MM                MM      MM       MM
DAYS >= 1.0        MM               4.0      MM       MM
GREATEST
 24 HR TOTAL       MM                                 MM

DEGREE_DAYS
HEATING TOTAL    2251              2446    -195     2677
 SINCE 7/1       2916              3298    -382     3621
COOLING TOTAL       0                 1      -1        0
 SINCE 1/1          0                 0       0        0
.................................................................

WIND (MPH)
AVERAGE WIND SPEED              6.1
RESULTANT WIND SPEED/DIRECTION   3/239
HIGHEST WIND SPEED/DIRECTION    33/250    DATE  02/24
HIGHEST GUST SPEED/DIRECTION    51/200    DATE  02/19

SKY COVER
POSSIBLE SUNSHINE (PERCENT)   MM
NUMBER OF DAYS FAIR           31
NUMBER OF DAYS PC             27
NUMBER OF DAYS CLOUDY         33

AVERAGE RH (PERCENT)     69

WEATHER CONDITIONS. NUMBER OF DAYS WITH
THUNDERSTORM              2     MIXED PRECIP               0
HEAVY RAIN               11     RAIN                      18
LIGHT RAIN               32     FREEZING RAIN              1
LT FREEZING RAIN          2     HAIL                       0
HEAVY SNOW                3     SNOW                       6
LIGHT SNOW               21     SLEET                      0
FOG                      51     FOG W/VIS <= 1/4 MILE     11
HAZE                      8

-  INDICATES NEGATIVE NUMBERS.
R  INDICATES RECORD WAS SET OR TIED.
MM INDICATES DATA IS MISSING.
T  INDICATES TRACE AMOUNT.

$$

CARICO

...SEASONAL PRECIPITATION TOTAL MISSING DUE TO SENSOR OUTAGE ON FEBRUARY 1ST...
...SEASONAL PRECIPITATION TOTAL WITHOUT FEBRUARY 1ST WAS 13.53...
