444
CXUS53 KJKL 011538
CLSLOZ

CLIMATE REPORT
NATIONAL WEATHER SERVICE JACKSON KY
1038 AM EST WED MAR 1 2017

...................................

...THE LONDON KY CLIMATE SUMMARY FOR THE SEASON, FROM
12/1/2016 TO 2/28/2017...

CLIMATE NORMAL PERIOD 1981 TO 2010
CLIMATE RECORD PERIOD 1954 TO 2017

WEATHER         OBSERVED          NORMAL  DEPART  LAST YEAR`S
                 VALUE   DATE(S)  VALUE   FROM    VALUE  DATE(S)
                                          NORMAL
................................................................
TEMPERATURE (F)
RECORD
 HIGH              81   02/26/1977
 LOW              -25   01/19/1994
HIGHEST            76   02/24        MM      MM       75  12/27
LOWEST              8   01/08        MM      MM        0  01/24
                        01/07
AVG. MAXIMUM     52.0              47.3     4.7     49.5
AVG. MINIMUM     33.1              28.3     4.8     30.5
MEAN             42.4              37.8     4.6     40.0
DAYS MAX >= 90      0               0.0     0.0        0
DAYS MAX <= 32      7               9.7    -2.7       12
DAYS MIN <= 32     44              58.7   -14.7       53
DAYS MIN <= 0       0               0.9    -0.9        1

PRECIPITATION (INCHES)
RECORD
 MAXIMUM        25.70   1979
 MINIMUM         5.06   1977
TOTALS             MM             11.49      MM       MM
DAILY AVG.       0.13              0.13    0.00     0.15
DAYS >= .01        41              34.8     6.2       36
DAYS >= .10        27              21.9     5.1       21
DAYS >= .50         9               8.0     1.0        8
DAYS >= 1.00        1               2.8    -1.8        5
GREATEST
 24 HR. TOTAL    1.45   12/18 TO 12/18              2.28

SNOWFALL (INCHES)
RECORDS
 TOTAL           36.7   1979
TOTALS             MM               8.7      MM       MM
SINCE 7/1          MM               8.7      MM       MM
SNOWDEPTH AVG.     MM                MM      MM       MM
DAYS >= 1.0        MM               4.0      MM       MM
GREATEST
 24 HR TOTAL       MM                                 MM

DEGREE_DAYS
HEATING TOTAL    2004              2446    -442     2251
 SINCE 7/1       2595              3276    -681     2916
COOLING TOTAL       0                 1      -1        0
 SINCE 1/1          0                 0       0        0
.................................................................

WIND (MPH)
AVERAGE WIND SPEED              6.3
RESULTANT WIND SPEED/DIRECTION   3/247
HIGHEST WIND SPEED/DIRECTION    36/250    DATE  12/18
HIGHEST GUST SPEED/DIRECTION    53/210    DATE  12/18

SKY COVER
POSSIBLE SUNSHINE (PERCENT)   MM
NUMBER OF DAYS FAIR           24
NUMBER OF DAYS PC             34
NUMBER OF DAYS CLOUDY         32

AVERAGE RH (PERCENT)     67

WEATHER CONDITIONS. NUMBER OF DAYS WITH
THUNDERSTORM              7     MIXED PRECIP               0
HEAVY RAIN               10     RAIN                      23
LIGHT RAIN               41     FREEZING RAIN              0
LT FREEZING RAIN          1     HAIL                       0
HEAVY SNOW                0     SNOW                       2
LIGHT SNOW                7     SLEET                      0
FOG                      50     FOG W/VIS <= 1/4 MILE     10
HAZE                      5

-  INDICATES NEGATIVE NUMBERS.
R  INDICATES RECORD WAS SET OR TIED.
MM INDICATES DATA IS MISSING.
T  INDICATES TRACE AMOUNT.

$$

CARICO

...PRECIPITATION TOTALS MISSING DUE TO SENSOR OUTAGE ON FEB 25...
