000
CXUS53 KJKL 010735
CLSLOZ

CLIMATE REPORT
NATIONAL WEATHER SERVICE JACKSON KY
335 AM EDT SAT JUN 1 2013

...................................

...THE LONDON KY CLIMATE SUMMARY FOR THE SEASON, FROM
3/1/2013 TO 5/31/2013...

CLIMATE NORMAL PERIOD 1981 TO 2010
CLIMATE RECORD PERIOD 1954 TO 2013

WEATHER         OBSERVED          NORMAL  DEPART  LAST YEAR`S
                 VALUE   DATE(S)  VALUE   FROM    VALUE  DATE(S)
                                          NORMAL
................................................................
TEMPERATURE (F)
RECORD
 HIGH              91   05/30/2006
 LOW              -12   03/03/1980
HIGHEST            86   05/21        MM      MM       90  05/27
LOWEST             17   03/04        MM      MM       25  03/06
AVG. MAXIMUM     63.6              67.8    -4.2     72.6
AVG. MINIMUM     42.4              44.7    -2.3     49.1
MEAN             53.0              56.2    -3.2     60.9
DAYS MAX >= 90      0               0.2    -0.2        1
DAYS MAX <= 32      3               0.3     2.7        0
DAYS MIN <= 32     25              14.7    10.3       10
DAYS MIN <= 0       0               0.0     0.0        0

PRECIPITATION (INCHES)
RECORD
 MAXIMUM        22.28   1984
 MINIMUM         6.21   1969
TOTALS          16.22             13.28    2.94    11.73
DAILY AVG.       0.18              0.14    0.04     0.13
DAYS >= .01        34              38.4    -4.4       35
DAYS >= .10        23              24.4    -1.4       22
DAYS >= .50        12               8.9     3.1        8
DAYS >= 1.00        6               2.8     3.2        4
GREATEST
 24 HR. TOTAL    1.95   05/04 TO 05/05              1.65

SNOWFALL (INCHES)
RECORDS
 TOTAL           31.0   1960
TOTALS             MM               1.6      MM       MM
SINCE 7/1          MM              10.3      MM       MM
SNOWDEPTH AVG.     MM                MM      MM       MM
DAYS >= 1.0        MM               0.7      MM       MM
GREATEST
 24 HR TOTAL       MM                                 MM

DEGREE_DAYS
HEATING TOTAL    1183               920     263      539
 SINCE 7/1       4531              4196     335     3574
COOLING TOTAL     100               114     -14      183
 SINCE 1/1        100               114     -14      183
.................................................................

WIND (MPH)
AVERAGE WIND SPEED              5.4
RESULTANT WIND SPEED/DIRECTION   2/243
HIGHEST WIND SPEED/DIRECTION    39/260    DATE  05/21
HIGHEST GUST SPEED/DIRECTION    51/260    DATE  05/21

SKY COVER
POSSIBLE SUNSHINE (PERCENT)   MM
NUMBER OF DAYS FAIR           43
NUMBER OF DAYS PC             28
NUMBER OF DAYS CLOUDY         21

AVERAGE RH (PERCENT)     67

WEATHER CONDITIONS. NUMBER OF DAYS WITH
THUNDERSTORM             11     MIXED PRECIP               0
HEAVY RAIN               13     RAIN                      18
LIGHT RAIN               38     FREEZING RAIN              0
LT FREEZING RAIN          1     HAIL                       0
HEAVY SNOW                0     SNOW                       1
LIGHT SNOW                9     SLEET                      0
FOG                      48     FOG W/VIS <= 1/4 MILE     10
HAZE                      3

-  INDICATES NEGATIVE NUMBERS.
R  INDICATES RECORD WAS SET OR TIED.
MM INDICATES DATA IS MISSING.
T  INDICATES TRACE AMOUNT.

$$

CARICO
