000
CXUS53 KJKL 011022
CLSLOZ

CLIMATE REPORT
NATIONAL WEATHER SERVICE JACKSON KY
522 AM EST SUN DEC 1 2013

...................................

...THE LONDON KY CLIMATE SUMMARY FOR THE SEASON, FROM
9/1/2013 TO 11/30/2013...

CLIMATE NORMAL PERIOD 1981 TO 2010
CLIMATE RECORD PERIOD 1954 TO 2013

WEATHER         OBSERVED          NORMAL  DEPART  LAST YEAR`S
                 VALUE   DATE(S)  VALUE   FROM    VALUE  DATE(S)
                                          NORMAL
................................................................
TEMPERATURE (F)
RECORD
 HIGH              97   09/05/2007
 LOW                2   11/30/1976
HIGHEST            89   09/10        MM      MM       87  09/07
                                                          09/05
LOWEST             16   11/28        MM      MM       20  11/25
AVG. MAXIMUM     68.2              69.2    -1.0     65.6
AVG. MINIMUM     46.4              46.3     0.1     43.2
MEAN             57.3              57.7    -0.4     54.4
DAYS MAX >= 90      0               2.0    -2.0        0
DAYS MAX <= 32      1               0.2     0.8        0
DAYS MIN <= 32     21              13.8     7.2       20
DAYS MIN <= 0       0               0.0     0.0        0

PRECIPITATION (INCHES)
RECORD
 MAXIMUM        20.16   2004
 MINIMUM         4.07   2008
TOTALS           8.94             10.22   -1.28    12.12
DAILY AVG.       0.10              0.11   -0.01     0.13
DAYS >= .01        31              27.5     3.5       27
DAYS >= .10        20              17.9     2.1       19
DAYS >= .50         4               7.1    -3.1        6
DAYS >= 1.00        2               2.5    -0.5        4
GREATEST
 24 HR. TOTAL    1.27   09/21 TO 09/21              3.81

SNOWFALL (INCHES)
RECORDS
 TOTAL            4.5   1963
                        1959
TOTALS             MM                 T      MM       MM
SINCE 7/1          MM                 T      MM       MM
SNOWDEPTH AVG.     MM                MM      MM       MM
DAYS >= 1.0        MM               0.0      MM       MM
GREATEST
 24 HR TOTAL       MM                                 MM

DEGREE_DAYS
HEATING TOTAL     867               829      38     1054
 SINCE 7/1        867               830      37     1054
COOLING TOTAL     191               165      26      108
 SINCE 1/1       1083              1190    -107     1226
.................................................................

WIND (MPH)
AVERAGE WIND SPEED              3.5
RESULTANT WIND SPEED/DIRECTION   1/262
HIGHEST WIND SPEED/DIRECTION    35/260    DATE  11/01
HIGHEST GUST SPEED/DIRECTION    44/220    DATE  10/31

SKY COVER
POSSIBLE SUNSHINE (PERCENT)   MM
NUMBER OF DAYS FAIR           47
NUMBER OF DAYS PC             31
NUMBER OF DAYS CLOUDY         13

AVERAGE RH (PERCENT)     69

WEATHER CONDITIONS. NUMBER OF DAYS WITH
THUNDERSTORM              6    MIXED PRECIP               0
HEAVY RAIN               10     RAIN                      17
LIGHT RAIN               30     FREEZING RAIN              0
LT FREEZING RAIN          2     HAIL                       0
HEAVY SNOW                0     SNOW                       2
LIGHT SNOW                5     SLEET                      0
FOG                      64     FOG W/VIS <= 1/4 MILE     17
HAZE                     12

-  INDICATES NEGATIVE NUMBERS.
R  INDICATES RECORD WAS SET OR TIED.
MM INDICATES DATA IS MISSING.
T  INDICATES TRACE AMOUNT.

$$

CARICO
