000
CXUS53 KJKL 011331
CLSLOZ

CLIMATE REPORT
NATIONAL WEATHER SERVICE JACKSON KY
931 AM EDT TUE SEP 1 2015

...................................

...THE LONDON KY CLIMATE SUMMARY FOR THE SEASON, FROM
6/1/2015 TO 8/31/2015...

CLIMATE NORMAL PERIOD 1981 TO 2010
CLIMATE RECORD PERIOD 1954 TO 2015

WEATHER         OBSERVED          NORMAL  DEPART  LAST YEAR`S
                 VALUE   DATE(S)  VALUE   FROM    VALUE  DATE(S)
                                          NORMAL
................................................................
TEMPERATURE (F)
RECORD
 HIGH             105   06/29/2012
 LOW               34   06/01/1966
HIGHEST            93   07/18        MM      MM       93  07/13
                                                          06/18
LOWEST             54   08/25        MM      MM       54  07/30
                                                          07/05
                                                          07/17
AVG. MAXIMUM     85.2              85.2     0.0     83.6
AVG. MINIMUM     65.6              64.3     1.3     63.3
MEAN             75.4              74.8     0.6     73.5
DAYS MAX >= 90     22              17.1     4.9       15
DAYS MAX <= 32      0               0.0     0.0        0
DAYS MIN <= 32      0               0.0     0.0        0
DAYS MIN <= 0       0               0.0     0.0        0

PRECIPITATION (INCHES)
RECORD
 MAXIMUM        21.68   2003
 MINIMUM         6.37   1980
TOTALS          18.96             12.15    6.81    15.81
DAILY AVG.       0.21              0.13    0.08     0.18
DAYS >= .01        42              33.2     8.8       35
DAYS >= .10        25              21.9     3.1       24
DAYS >= .50        11               9.0     2.0        9
DAYS >= 1.00        4               2.8     1.2        2
GREATEST
 24 HR. TOTAL    3.73   07/02 TO 07/03              4.23

SNOWFALL (INCHES)
RECORDS
 TOTAL             MM   MM
TOTALS             MM               0.0      MM       MM
SINCE 7/1          MM               0.0      MM       MM
SNOWDEPTH AVG.     MM                MM      MM       MM
DAYS >= 1.0        MM               0.0      MM       MM
GREATEST
 24 HR TOTAL       MM                                 MM

DEGREE_DAYS
HEATING TOTAL       2                11      -9        0
 SINCE 7/1          0                 1      -1        0
COOLING TOTAL     977               911      66      888
 SINCE 1/1       1171              1024     147     1054
.................................................................

WIND (MPH)
AVERAGE WIND SPEED              4.2
RESULTANT WIND SPEED/DIRECTION   1/248
HIGHEST WIND SPEED/DIRECTION    30/230    DATE  08/05
HIGHEST GUST SPEED/DIRECTION    42/280    DATE  06/08

SKY COVER
POSSIBLE SUNSHINE (PERCENT)   MM
NUMBER OF DAYS FAIR           58
NUMBER OF DAYS PC             25
NUMBER OF DAYS CLOUDY          9

AVERAGE RH (PERCENT)     68

WEATHER CONDITIONS. NUMBER OF DAYS WITH
THUNDERSTORM             28     MIXED PRECIP               0
HEAVY RAIN               22     RAIN                      25
LIGHT RAIN               44     FREEZING RAIN              0
LT FREEZING RAIN          0     HAIL                       0
HEAVY SNOW                0     SNOW                       0
LIGHT SNOW                0     SLEET                      0
FOG                      62     FOG W/VIS <= 1/4 MILE     14
HAZE                     58

-  INDICATES NEGATIVE NUMBERS.
R  INDICATES RECORD WAS SET OR TIED.
MM INDICATES DATA IS MISSING.
T  INDICATES TRACE AMOUNT.

$$

CARICO
