000
CXUS53 KJKL 010740
CLSLOZ

CLIMATE REPORT
NATIONAL WEATHER SERVICE JACKSON KY
340 AM EDT THU SEP 1 2011

...................................

...THE LONDON KY CLIMATE SUMMARY FOR THE SEASON, FROM
6/1/2011 TO 8/31/2011...

CLIMATE NORMAL PERIOD 1981 TO 2010
CLIMATE RECORD PERIOD 1954 TO 2011

WEATHER         OBSERVED          NORMAL  DEPART  LAST YEAR`S
                 VALUE   DATE(S)  VALUE   FROM    VALUE  DATE(S)
                                          NORMAL
................................................................
TEMPERATURE (F)
RECORD
 HIGH             102   08/16/2007
 LOW               34   06/01/1966
HIGHEST            94   07/28        MM      MM       95  08/13
                                                          08/04
                                                          07/08
LOWEST             53   06/15        MM      MM       55  07/02
AVG. MAXIMUM     85.6              85.2     0.4     87.2
AVG. MINIMUM     65.3              64.3     1.0     67.1
MEAN             75.4              74.8     0.6     77.1
DAYS MAX >= 90     17              17.1    -0.1       28
DAYS MAX <= 32      0               0.0     0.0        0
DAYS MIN <= 32      0               0.0     0.0        0
DAYS MIN <= 0       0               0.0     0.0        0

PRECIPITATION (INCHES)
RECORD
 MAXIMUM        21.68   2003
 MINIMUM         6.37   1980
TOTALS          13.51             12.15    1.36    14.48
DAILY AVG.       0.15              0.13    0.02     0.16
DAYS >= .01        35              33.2     1.8       27
DAYS >= .10        19              21.9    -2.9       24
DAYS >= .50        12               9.0     3.0       13
DAYS >= 1.00        7               2.8     4.2        2
GREATEST
 24 HR. TOTAL    1.78   06/19 TO 06/20              3.68

SNOWFALL (INCHES)
RECORDS
 TOTAL             MM   MM
TOTALS             MM               0.0      MM       MM
SINCE 7/1          MM               0.0      MM       MM
SNOWDEPTH AVG.     MM                MM      MM       MM
DAYS >= 1.0        MM               0.0      MM       MM
GREATEST
 24 HR TOTAL       MM                                 MM

DEGREE_DAYS
HEATING TOTAL       6                11      -5        0
 SINCE 7/1          0                 1      -1        0
COOLING TOTAL     988               911      77     1136
 SINCE 1/1       1150              1024     126     1288
.................................................................

WIND (MPH)
AVERAGE WIND SPEED              3.4
RESULTANT WIND SPEED/DIRECTION   1/257
HIGHEST WIND SPEED/DIRECTION    38/250    DATE  06/21
HIGHEST GUST SPEED/DIRECTION    58/240    DATE  06/21

SKY COVER
POSSIBLE SUNSHINE (PERCENT)   MM
NUMBER OF DAYS FAIR           70
NUMBER OF DAYS PC             22
NUMBER OF DAYS CLOUDY          0

AVERAGE RH (PERCENT)     74

WEATHER CONDITIONS. NUMBER OF DAYS WITH
THUNDERSTORM             31     MIXED PRECIP               0
HEAVY RAIN               19     RAIN                      12
LIGHT RAIN               39     FREEZING RAIN              0
LT FREEZING RAIN          0     HAIL                       0
HEAVY SNOW                0     SNOW                       0
LIGHT SNOW                0     SLEET                      0
FOG                      74     FOG W/VIS <= 1/4 MILE     19
HAZE                     25

-  INDICATES NEGATIVE NUMBERS.
R  INDICATES RECORD WAS SET OR TIED.
MM INDICATES DATA IS MISSING.
T  INDICATES TRACE AMOUNT.

$$

CARICO
