000
CXUS53 KJKL 010743
CLSLOZ

CLIMATE REPORT
NATIONAL WEATHER SERVICE JACKSON KY
343 AM EDT SUN JUN 1 2014

...................................

...THE LONDON KY CLIMATE SUMMARY FOR THE SEASON, FROM
3/1/2014 TO 5/31/2014...

CLIMATE NORMAL PERIOD 1981 TO 2010
CLIMATE RECORD PERIOD 1954 TO 2014

WEATHER         OBSERVED          NORMAL  DEPART  LAST YEAR`S
                 VALUE   DATE(S)  VALUE   FROM    VALUE  DATE(S)
                                          NORMAL
................................................................
TEMPERATURE (F)
RECORD
 HIGH              91   05/30/2006
 LOW              -12   03/03/1980
HIGHEST            88   05/07        MM      MM       86  05/21
LOWEST             11   03/04        MM      MM       17  03/04
AVG. MAXIMUM     69.1              67.8     1.3     63.6
AVG. MINIMUM     44.3              44.7    -0.4     42.4
MEAN             56.7              56.2     0.5     53.0
DAYS MAX >= 90      0               0.2    -0.2        0
DAYS MAX <= 32      2               0.3     1.7        3
DAYS MIN <= 32     23              14.7     8.3       25
DAYS MIN <= 0       0               0.0     0.0        0

PRECIPITATION (INCHES)
RECORD
 MAXIMUM        22.28   1984
 MINIMUM         6.21   1969
TOTALS          12.48             13.28   -0.80    16.22
DAILY AVG.       0.14              0.14    0.00     0.18
DAYS >= .01        34              38.4    -4.4       34
DAYS >= .10        21              24.4    -3.4       23
DAYS >= .50        10               8.9     1.1       12
DAYS >= 1.00        3               2.8     0.2        6
GREATEST
 24 HR. TOTAL    2.38   03/02 TO 03/03              1.95

SNOWFALL (INCHES)
RECORDS
 TOTAL           31.0   1960
TOTALS             MM               1.6      MM       MM
SINCE 7/1          MM              10.3      MM       MM
SNOWDEPTH AVG.     MM                MM      MM       MM
DAYS >= 1.0        MM               0.7      MM       MM
GREATEST
 24 HR TOTAL       MM                                 MM

DEGREE_DAYS
HEATING TOTAL     913               920      -7     1183
 SINCE 7/1       4420              4196     224     4531
COOLING TOTAL     166               114      52      100
 SINCE 1/1        166               114      52      100
.................................................................

WIND (MPH)
AVERAGE WIND SPEED              5.9
RESULTANT WIND SPEED/DIRECTION   2/245
HIGHEST WIND SPEED/DIRECTION    37/320    DATE  05/21
HIGHEST GUST SPEED/DIRECTION    56/320    DATE  05/21

SKY COVER
POSSIBLE SUNSHINE (PERCENT)   MM
NUMBER OF DAYS FAIR           52
NUMBER OF DAYS PC             25
NUMBER OF DAYS CLOUDY         15

AVERAGE RH (PERCENT)     61

WEATHER CONDITIONS. NUMBER OF DAYS WITH
THUNDERSTORM             17     MIXED PRECIP               0
HEAVY RAIN               14     RAIN                      16
LIGHT RAIN               32     FREEZING RAIN              2
LT FREEZING RAIN          3     HAIL                       0
HEAVY SNOW                0     SNOW                       1
LIGHT SNOW                5     SLEET                      0
FOG                      41     FOG W/VIS <= 1/4 MILE      6
HAZE                     10

-  INDICATES NEGATIVE NUMBERS.
R  INDICATES RECORD WAS SET OR TIED.
MM INDICATES DATA IS MISSING.
T  INDICATES TRACE AMOUNT.

$$

CARICO
