000
CXUS53 KJKL 010757
CLSLOZ

CLIMATE REPORT
NATIONAL WEATHER SERVICE JACKSON KY
357 AM EDT TUE SEP 1 2009

...................................

...THE LONDON KY CLIMATE SUMMARY FOR THE SEASON, FROM
6/1/2009 TO 8/31/2009...

CLIMATE NORMAL PERIOD 1971 TO 2000
CLIMATE RECORD PERIOD 1954 TO 2009

WEATHER         OBSERVED          NORMAL  DEPART  LAST YEAR`S
                 VALUE   DATE(S)  VALUE   FROM    VALUE  DATE(S)
                                          NORMAL
................................................................
TEMPERATURE (F)
RECORD
 HIGH             102   08/16/2007
 LOW               34   06/01/1966
HIGHEST            90   08/09        MM      MM       95  07/21
                        06/27                             07/20
                        06/19
LOWEST             50   06/06        MM      MM       51  06/18
AVG. MAXIMUM     82.4              84.0    -1.6     86.3
AVG. MINIMUM     63.6              62.3     1.3     63.2
MEAN             73.0              73.2    -0.2     74.8
DAYS MAX >= 90      3              16.4   -13.4       28
DAYS MAX <= 32      0               0.0     0.0        0
DAYS MIN <= 32      0               0.0     0.0        0
DAYS MIN <= 0       0               0.0     0.0        0

PRECIPITATION (INCHES)
RECORD
 MAXIMUM        21.68   2003
 MINIMUM         6.37   1980
TOTALS          15.01             11.69    3.32     9.27
DAILY AVG.       0.16              0.13    0.03     0.10
DAYS >= .01        41              32.1     8.9       35
DAYS >= .10        26              20.8     5.2       24
DAYS >= .50        12               9.0     3.0        4
DAYS >= 1.00        5               2.9     2.1        1
GREATEST
 24 HR. TOTAL    2.40   06/10 TO 06/11              1.46

SNOWFALL (INCHES)
RECORDS
 TOTAL             MM   MM
TOTALS             MM               0.0      MM       MM
SINCE 7/1          MM               0.0      MM       MM
SNOWDEPTH AVG.     MM                 0      MM       MM
DAYS >= 1.0        MM               0.0      MM        0
GREATEST
 24 HR TOTAL       MM                                 MM

DEGREE_DAYS
HEATING TOTAL       2                14     -12        0
 SINCE 7/1          2                 2       0        0
COOLING TOTAL     759               840     -81      920
 SINCE 1/1        883               943     -60      982
.................................................................

WIND (MPH)
AVERAGE WIND SPEED              3.5
RESULTANT WIND SPEED/DIRECTION   1/266
HIGHEST WIND SPEED/DIRECTION    33/290    DATE  07/25
HIGHEST GUST SPEED/DIRECTION    45/290    DATE  07/25

SKY COVER
POSSIBLE SUNSHINE (PERCENT)   MM
NUMBER OF DAYS FAIR           57
NUMBER OF DAYS PC             30
NUMBER OF DAYS CLOUDY          5

AVERAGE RH (PERCENT)     76

WEATHER CONDITIONS. NUMBER OF DAYS WITH
THUNDERSTORM             31     MIXED PRECIP               0
HEAVY RAIN               20     RAIN                      23
LIGHT RAIN               46     FREEZING RAIN              0
LT FREEZING RAIN          0     HAIL                       0
HEAVY SNOW                0     SNOW                       0
LIGHT SNOW                0     SLEET                      0
FOG                      75     FOG W/VIS <= 1/4 MILE     13
HAZE                     14

-  INDICATES NEGATIVE NUMBERS.
R  INDICATES RECORD WAS SET OR TIED.
MM INDICATES DATA IS MISSING.
T  INDICATES TRACE AMOUNT.

$$

CARICO
