000
CXUS53 KJKL 010735
CLSLOZ

CLIMATE REPORT
NATIONAL WEATHER SERVICE JACKSON KY
235 AM EST SAT MAR 1 2014

...................................

...THE LONDON KY CLIMATE SUMMARY FOR THE SEASON, FROM
12/1/2013 TO 2/28/2014...

CLIMATE NORMAL PERIOD 1981 TO 2010
CLIMATE RECORD PERIOD 1954 TO 2014

WEATHER         OBSERVED          NORMAL  DEPART  LAST YEAR`S
                 VALUE   DATE(S)  VALUE   FROM    VALUE  DATE(S)
                                          NORMAL
................................................................
TEMPERATURE (F)
RECORD
 HIGH              81   02/26/1977
 LOW              -25   01/19/1994
HIGHEST            72   02/20        MM      MM       71  12/03
                        12/21
                        12/05
LOWEST             -4   01/07        MM      MM       12  02/01
                                                          01/22
AVG. MAXIMUM     45.5              47.3    -1.8     48.1
AVG. MINIMUM     25.4              28.3    -2.9     30.5
MEAN             35.5              37.8    -2.3     39.3
DAYS MAX >= 90      0               0.0     0.0        0
DAYS MAX <= 32     12               9.7     2.3        5
DAYS MIN <= 32     69              58.7    10.3       56
DAYS MIN <= 0       3               0.9     2.1        0

PRECIPITATION (INCHES)
RECORD
 MAXIMUM        25.70   1979
 MINIMUM         5.06   1977
TOTALS          12.95             11.49    1.46    12.62
DAILY AVG.       0.14              0.13    0.01     0.14
DAYS >= .01        37              34.8     2.2       44
DAYS >= .10        22              21.9     0.1       27
DAYS >= .50        11               8.0     3.0        7
DAYS >= 1.00        2               2.8    -0.8        4
GREATEST
 24 HR. TOTAL    2.30   12/05 TO 12/06              2.06

SNOWFALL (INCHES)
RECORDS
 TOTAL           36.7   1979
TOTALS             MM               8.7      MM       MM
SINCE 7/1          MM               8.7      MM       MM
SNOWDEPTH AVG.     MM                MM      MM       MM
DAYS >= 1.0        MM               4.0      MM       MM
GREATEST
 24 HR TOTAL       MM                                 MM

DEGREE_DAYS
HEATING TOTAL    2640              2446     194     2294
 SINCE 7/1       3507              3276     231     3348
COOLING TOTAL       0                 1      -1        0
 SINCE 1/1          0                 0       0        0
.................................................................

WIND (MPH)
AVERAGE WIND SPEED              6.5
RESULTANT WIND SPEED/DIRECTION   3/252
HIGHEST WIND SPEED/DIRECTION    39/260    DATE  01/05
HIGHEST GUST SPEED/DIRECTION    51/250    DATE  01/05

SKY COVER
POSSIBLE SUNSHINE (PERCENT)   MM
NUMBER OF DAYS FAIR           29
NUMBER OF DAYS PC             31
NUMBER OF DAYS CLOUDY         30

AVERAGE RH (PERCENT)     65

WEATHER CONDITIONS. NUMBER OF DAYS WITH
THUNDERSTORM              5     MIXED PRECIP               0
HEAVY RAIN                8     RAIN                      15
LIGHT RAIN               33     FREEZING RAIN              1
LT FREEZING RAIN          3     HAIL                       0
HEAVY SNOW                0     SNOW                       4
LIGHT SNOW               24     SLEET                      0
FOG                      46     FOG W/VIS <= 1/4 MILE      2
HAZE                     16

-  INDICATES NEGATIVE NUMBERS.
R  INDICATES RECORD WAS SET OR TIED.
MM INDICATES DATA IS MISSING.
T  INDICATES TRACE AMOUNT.

$$

CARICO
