000
CXUS53 KJKL 010732
CLSLOZ

CLIMATE REPORT
NATIONAL WEATHER SERVICE JACKSON KY
332 AM EDT SAT SEP 1 2012

...................................

...THE LONDON KY CLIMATE SUMMARY FOR THE SEASON, FROM
6/1/2012 TO 8/31/2012...

CLIMATE NORMAL PERIOD 1981 TO 2010
CLIMATE RECORD PERIOD 1954 TO 2012

WEATHER         OBSERVED          NORMAL  DEPART  LAST YEAR`S
                 VALUE   DATE(S)  VALUE   FROM    VALUE  DATE(S)
                                          NORMAL
................................................................
TEMPERATURE (F)
RECORD
 HIGH             105   06/29/2012
 LOW               34   06/01/1966
HIGHEST           105R  06/29        MM      MM       94  07/28
LOWEST             45   06/02        MM      MM       53  06/15
AVG. MAXIMUM     86.2              85.2     1.0     85.6
AVG. MINIMUM     63.4              64.3    -0.9     65.3
MEAN             74.7              74.8    -0.1     75.4
DAYS MAX >= 90     24              17.1     6.9       17
DAYS MAX <= 32      0               0.0     0.0        0
DAYS MIN <= 32      0               0.0     0.0        0
DAYS MIN <= 0       0               0.0     0.0        0

PRECIPITATION (INCHES)
RECORD
 MAXIMUM        21.68   2003
 MINIMUM         6.37   1980
TOTALS           9.66             12.15   -2.49    13.51
DAILY AVG.       0.10              0.13   -0.03     0.15
DAYS >= .01        30              33.2    -3.2       35
DAYS >= .10        19              21.9    -2.9       19
DAYS >= .50         8               9.0    -1.0       12
DAYS >= 1.00        2               2.8    -0.8        7
GREATEST
 24 HR. TOTAL    1.91   07/19 TO 07/20              1.78

SNOWFALL (INCHES)
RECORDS
 TOTAL             MM   MM
TOTALS             MM               0.0      MM       MM
SINCE 7/1          MM               0.0      MM       MM
SNOWDEPTH AVG.     MM                MM      MM       MM
DAYS >= 1.0        MM               0.0      MM       MM
GREATEST
 24 HR TOTAL       MM                                 MM

DEGREE_DAYS
HEATING TOTAL      11                11       0        6
 SINCE 7/1          0                 1      -1        0
COOLING TOTAL     935               911      24      988
 SINCE 1/1       1118              1024      94     1150
.................................................................

WIND (MPH)
AVERAGE WIND SPEED              3.2
RESULTANT WIND SPEED/DIRECTION   1/261
HIGHEST WIND SPEED/DIRECTION    38/010    DATE  07/05
HIGHEST GUST SPEED/DIRECTION    59/020    DATE  07/05

SKY COVER
POSSIBLE SUNSHINE (PERCENT)   MM
NUMBER OF DAYS FAIR           59
NUMBER OF DAYS PC             27
NUMBER OF DAYS CLOUDY          3

AVERAGE RH (PERCENT)     71

WEATHER CONDITIONS. NUMBER OF DAYS WITH
THUNDERSTORM             21     MIXED PRECIP               0
HEAVY RAIN               13     RAIN                      14
LIGHT RAIN               31     FREEZING RAIN              0
LT FREEZING RAIN          0     HAIL                       0
HEAVY SNOW                0     SNOW                       0
LIGHT SNOW                0     SLEET                      0
FOG                      67     FOG W/VIS <= 1/4 MILE     10
HAZE                      6

-  INDICATES NEGATIVE NUMBERS.
R  INDICATES RECORD WAS SET OR TIED.
MM INDICATES DATA IS MISSING.
T  INDICATES TRACE AMOUNT.

$$

CARICO
