000
CXUS53 KJKL 041401
CLSLOZ

CLIMATE REPORT
NATIONAL WEATHER SERVICE JACKSON KY
1001 AM EDT THU JUN 4 2015

...................................

...THE LONDON KY CLIMATE SUMMARY FOR THE SEASON, FROM
3/1/2015 TO 5/31/2015...

CLIMATE NORMAL PERIOD 1981 TO 2010
CLIMATE RECORD PERIOD 1954 TO 2015

WEATHER         OBSERVED          NORMAL  DEPART  LAST YEAR`S
                 VALUE   DATE(S)  VALUE   FROM    VALUE  DATE(S)
                                          NORMAL
................................................................
TEMPERATURE (F)
RECORD
 HIGH              91   05/30/2006
 LOW              -12   03/03/1980
HIGHEST            88   05/11        MM      MM       88  05/07
                        05/08
LOWEST              2   03/06        MM      MM       11  03/04
AVG. MAXIMUM     70.5              67.8     2.7     69.1
AVG. MINIMUM     46.8              44.7     2.1     44.3
MEAN             58.6              56.2     2.4     56.7
DAYS MAX >= 90      0               0.2    -0.2        0
DAYS MAX <= 32      0               0.3    -0.3        2
DAYS MIN <= 32     11              14.7    -3.7       23
DAYS MIN <= 0       0               0.0     0.0        0

PRECIPITATION (INCHES)
RECORD
 MAXIMUM        22.28   1984
 MINIMUM         6.21   1969
TOTALS          12.45             13.28   -0.83    12.48
DAILY AVG.       0.14              0.14    0.00     0.14
DAYS >= .01        37              38.4    -1.4       34
DAYS >= .10        26              24.4     1.6       21
DAYS >= .50         9               8.9     0.1       10
DAYS >= 1.00        2               2.8    -0.8        3
GREATEST
 24 HR. TOTAL    1.79   03/04 TO 03/04              2.38

SNOWFALL (INCHES)
RECORDS
 TOTAL           31.0   1960
TOTALS             MM               1.6      MM       MM
SINCE 7/1          MM              10.3      MM       MM
SNOWDEPTH AVG.     MM                MM      MM       MM
DAYS >= 1.0        MM               0.7      MM       MM
GREATEST
 24 HR TOTAL       MM                                 MM

DEGREE_DAYS
HEATING TOTAL     759               920    -161      913
 SINCE 7/1       4380              4196     184     4420
COOLING TOTAL     194               114      80      166
 SINCE 1/1        194               114      80      166
.................................................................

WIND (MPH)
AVERAGE WIND SPEED              5.4
RESULTANT WIND SPEED/DIRECTION   1/244
HIGHEST WIND SPEED/DIRECTION    33/290    DATE  04/20
HIGHEST GUST SPEED/DIRECTION    43/280    DATE  04/20

SKY COVER
POSSIBLE SUNSHINE (PERCENT)   MM
NUMBER OF DAYS FAIR           43
NUMBER OF DAYS PC             30
NUMBER OF DAYS CLOUDY         19

AVERAGE RH (PERCENT)     59

WEATHER CONDITIONS. NUMBER OF DAYS WITH
THUNDERSTORM             16     MIXED PRECIP               0
HEAVY RAIN               12     RAIN                      21
LIGHT RAIN               44     FREEZING RAIN              1
LT FREEZING RAIN          1     HAIL                       0
HEAVY SNOW                1     SNOW                       1
LIGHT SNOW                2     SLEET                      0
FOG                      43     FOG W/VIS <= 1/4 MILE      6
HAZE                     32

-  INDICATES NEGATIVE NUMBERS.
R  INDICATES RECORD WAS SET OR TIED.
MM INDICATES DATA IS MISSING.
T  INDICATES TRACE AMOUNT.

$$

CARICO
