000
CXUS53 KARX 190900
CF6ARX
PRELIMINARY LOCAL CLIMATOLOGICAL DATA (WS FORM: F-6)
STATION: LA CROSSE WEATHER OFFICE WI
MONTH: APRIL
YEAR: 2024
LATITUDE: 43 49 N
LONGITUDE: 91 12 W
TEMPERATURE IN F: :PCPN: SNOW: WIND :SUNSHINE: SKY :PK WND
================================================================================
1 2 3 4 5 6A 6B 7 8 9 10 11 12 13 14 15 16 17 18
12Z AVG MX 2MIN
DY MAX MIN AVG DEP HDD CDD WTR SNW DPTH SPD SPD DIR MIN PSBL S-S WX SPD DR
================================================================================
1 39 31 35 -5 30 0 0.49 0.4 0 M M M M M M 14 21 M
2 31 30 31 -9 34 0 0.72 11.8 0 M M M M M M M M
3 31 29 30 -10 35 0 0.18 4.8 14 M M M M M M 31 M
4 39 30 35 -6 30 0 T T 12 M M M M M M M M
5 52 29 41 0 24 0 0.00 0.0 10 M M M M M M M M
6 53 31 42 0 23 0 0.00 0.0 5 M M M M M M M M
7 44 37 41 -1 24 0 0.33 0.0 T M M M M M M 1 M M
8 49 44 47 5 18 0 T 0.0 0 M M M M M M M M
9 59 39 49 6 16 0 T 0.0 0 M M M M M M M M
10 69 44 57 14 8 0 T 0.0 0 M M M M M M M M
11 60 46 53 9 12 0 0.03 0.0 0 M M M M M M M M
12 60 43 52 8 13 0 0.00 0.0 0 M M M M M M M M
13 74 41 58 13 7 0 0.00 0.0 0 M M M M M M M M
14 78 54 66 21 0 1 0.00 0.0 0 M M M M M M M M
15 72 49 61 15 4 0 0.00 0.0 0 M M M M M M M M
16 63 45 54 8 11 0 0.87 T 0 M M M M M M 35 M M
17 56 44 50 4 15 0 0.31 0.0 0 M M M M M M 3 M M
18 50 37 44 -3 21 0 0.15 0.0 0 M M M M M M M M
================================================================================
SM 979 703 325 1 3.08 17.0 M M M
================================================================================
AV 54.4 39.1 M FASTST M M M MAX(MPH)
MISC ----> M M 31 9999
================================================================================
NOTES:
# LAST OF SEVERAL OCCURRENCES
COLUMN 17 PEAK WIND IN M.P.H.
PRELIMINARY LOCAL CLIMATOLOGICAL DATA (WS FORM: F-6) , PAGE 2
STATION: LA CROSSE WEATHER OFFICE WI
MONTH: APRIL
YEAR: 2024
LATITUDE: 43 49 N
LONGITUDE: 91 12 W
[TEMPERATURE DATA] [PRECIPITATION DATA] SYMBOLS USED IN COLUMN 16
AVERAGE MONTHLY: 46.7 TOTAL FOR MONTH: 3.08 1 = FOG OR MIST
DPTR FM NORMAL: 3.6 DPTR FM NORMAL: 0.82 2 = FOG REDUCING VISIBILITY
HIGHEST: 78 ON 14 GRTST 24HR 0.87 ON 16-16 TO 1/4 MILE OR LESS
LOWEST: 29 ON 5, 3 3 = THUNDER
SNOW, ICE PELLETS, HAIL 4 = ICE PELLETS
TOTAL MONTH: 17.0 INCHES 5 = HAIL
GRTST 24HR 11.8 ON 2- 2 6 = FREEZING RAIN OR DRIZZLE
GRTST DEPTH: 14 ON 3 7 = DUSTSTORM OR SANDSTORM:
VSBY 1/2 MILE OR LESS
8 = SMOKE OR HAZE
[NO. OF DAYS WITH] [WEATHER - DAYS WITH] 9 = BLOWING SNOW
X = TORNADO
MAX 32 OR BELOW: 2 0.01 INCH OR MORE: 8
MAX 90 OR ABOVE: 0 0.10 INCH OR MORE: 7
MIN 32 OR BELOW: 6 0.50 INCH OR MORE: 2
MIN 0 OR BELOW: 0 1.00 INCH OR MORE: 0
[HDD (BASE 65) ]
TOTAL THIS MO. 325 CLEAR (SCALE 0-3) 0
DPTR FM NORMAL -69 PTCLDY (SCALE 4-7) 0
TOTAL FM JUL 1 5826 CLOUDY (SCALE 8-10) 18
DPTR FM NORMAL -1266
[CDD (BASE 65) ]
TOTAL THIS MO. 1
DPTR FM NORMAL 1 [PRESSURE DATA]
TOTAL FM JAN 1 1 HIGHEST SLP M ON M
DPTR FM NORMAL 0 LOWEST SLP M ON M
[REMARKS]