000
CXUS54 KEWX 281010
CF6HDO
PRELIMINARY LOCAL CLIMATOLOGICAL DATA (WS FORM: F-6)
STATION: HONDO
MONTH: MARCH
YEAR: 2024
LATITUDE: 29 21 N
LONGITUDE: 99 10 W
TEMPERATURE IN F: :PCPN: SNOW: WIND :SUNSHINE: SKY :PK WND
================================================================================
1 2 3 4 5 6A 6B 7 8 9 10 11 12 13 14 15 16 17 18
12Z AVG MX 2MIN
DY MAX MIN AVG DEP HDD CDD WTR SNW DPTH SPD SPD DIR MIN PSBL S-S WX SPD DR
================================================================================
1 76 40 58 -2 7 0 0.00 M M 4.1 12 180 M M 3 16 230
2 84 42 63 3 2 0 0.00 M M 7.6 18 150 M M 0 24 160
3 74 62 68 8 0 3 0.00 M M 6.2 15 160 M M 8 1 20 150
4 80 60 70 10 0 5 0.00 M M 6.9 15 160 M M 5 1 19 160
5 91 50 71 11 0 6 0.00 M M 6.0 16 300 M M 1 12 22 240
6 85 52 69 8 0 4 0.00 M M 10.1 20 150 M M 0 26 150
7 78 67 73 12 0 8 0.07 M M 11.2 20 130 M M 8 1 26 130
8 84 53 69 8 0 4 0.08 M M 13.4 33 350 M M 3 1 43 360
9 66 46 56 -5 9 0 0.00 M M 14.6 29 360 M M 2 36 350
10 67 41 54 -8 11 0 0.00 M M 6.7 15 40 M M 1 19 40
11 76 40 58 -4 7 0 0.00 M M 9.1 17 140 M M 2 22 170
12 76 57 67 5 0 2 0.00 M M 8.9 18 170 M M 7 23 180
13 91 64 78 16 0 13 0.00 M M 10.1 24 120 M M 5 1 32 130
14 83 69 76 14 0 11 0.00 M M 10.2 18 130 M M 7 18 25 130
15 84 67 76 13 0 11 0.00 M M 12.7 24 60 M M 8 18 33 60
16 78 62 70 7 0 5 0.00 M M 9.6 24 70 M M 7 13 32 60
17 67 58 63 0 2 0 0.00 M M 11.5 30 90 M M 9 13 40 80
18 67 47 57 -7 8 0 T M M 10.5 28 40 M M 7 39 40
19 58 44 51 -13 14 0 0.01 M M 6.9 15 140 M M 8 18 140
20 64 53 59 -5 6 0 0.00 M M 4.9 13 110 M M 10 16 120
21 77 53 65 1 0 0 0.03 M M 5.8 13 150 M M 7 12 17 140
22 M 53 M M M M M M M 4.4 10 240 M M 8 12 M M
23 M M M M M M M M M M M M M M M M M
24 M M M M M M M M M M M M M M M M M
25 82 56 69 4 0 4 0.25 M M 10.9 29 360 M M 0 38 280
26 78 50 64 -1 1 0 0.00 M M 8.1 18 240 M M 0 27 240
27 74 46 60 -6 5 0 0.06 M M 8.4 20 160 M M 4 1 26 190
================================================================================
SM 1840 1332 72 76 0.50 M 218.8 M 120
================================================================================
AV 76.7 53.3 8.8 FASTST M M 5 MAX(MPH)
MISC ----> 33 350 43 360
================================================================================
NOTES:
# LAST OF SEVERAL OCCURRENCES
COLUMN 17 PEAK WIND IN M.P.H.
PRELIMINARY LOCAL CLIMATOLOGICAL DATA (WS FORM: F-6) , PAGE 2
STATION: HONDO
MONTH: MARCH
YEAR: 2024
LATITUDE: 29 21 N
LONGITUDE: 99 10 W
[TEMPERATURE DATA] [PRECIPITATION DATA] SYMBOLS USED IN COLUMN 16
AVERAGE MONTHLY: 65.0 TOTAL FOR MONTH: 0.50 1 = FOG OR MIST
DPTR FM NORMAL: 2.4 DPTR FM NORMAL: -1.12 2 = FOG REDUCING VISIBILITY
HIGHEST: 91 ON 13, 5 GRTST 24HR 0.25 ON 25-26 TO 1/4 MILE OR LESS
LOWEST: 40 ON 11, 1 3 = THUNDER
SNOW, ICE PELLETS, HAIL 4 = ICE PELLETS
TOTAL MONTH: M 5 = HAIL
GRTST 24HR M ON M 6 = FREEZING RAIN OR DRIZZLE
GRTST DEPTH: M ON M 7 = DUSTSTORM OR SANDSTORM:
VSBY 1/2 MILE OR LESS
8 = SMOKE OR HAZE
[NO. OF DAYS WITH] [WEATHER - DAYS WITH] 9 = BLOWING SNOW
X = TORNADO
MAX 32 OR BELOW: 0 0.01 INCH OR MORE: 6
MAX 90 OR ABOVE: 2 0.10 INCH OR MORE: 1
MIN 32 OR BELOW: 0 0.50 INCH OR MORE: 0
MIN 0 OR BELOW: 0 1.00 INCH OR MORE: 0
[HDD (BASE 65) ]
TOTAL THIS MO. 72 CLEAR (SCALE 0-3) 8
DPTR FM NORMAL -57 PTCLDY (SCALE 4-7) 12
TOTAL FM JUL 1 1201 CLOUDY (SCALE 8-10) 7
DPTR FM NORMAL -207
[CDD (BASE 65) ]
TOTAL THIS MO. 76
DPTR FM NORMAL 13 [PRESSURE DATA]
TOTAL FM JAN 1 107 HIGHEST SLP M ON M
DPTR FM NORMAL 13 LOWEST SLP 29.43 ON 25
[REMARKS]