000
CXUS51 KRLX 281102
CF6HTS
PRELIMINARY LOCAL CLIMATOLOGICAL DATA (WS FORM: F-6)
STATION: HUNTINGTON WV
MONTH: MARCH
YEAR: 2024
LATITUDE: 38 22 N
LONGITUDE: 82 33 W
TEMPERATURE IN F: :PCPN: SNOW: WIND :SUNSHINE: SKY :PK WND
================================================================================
1 2 3 4 5 6A 6B 7 8 9 10 11 12 13 14 15 16 17 18
12Z AVG MX 2MIN
DY MAX MIN AVG DEP HDD CDD WTR SNW DPTH SPD SPD DIR MIN PSBL S-S WX SPD DR
================================================================================
1 53 26 40 -2 25 0 0.05 0.0 0 4.0 17 180 M M 5 1 27 190
2 54 44 49 7 16 0 0.14 0.0 0 1.7 6 120 M M 10 128 6 340
3 70 47 59 17 6 0 0.00 0.0 0 3.4 13 220 M M 4 1 16 220
4 79 46 63 20 2 0 0.00 0.0 0 3.7 10 210 M M 2 15 230
5 77 54 66 23 0 1 0.24 0.0 0 4.6 15 290 M M 5 13 29 290
6 63 50 57 14 8 0 1.02 0.0 0 4.6 15 340 M M 10 12 21 340
7 54 47 51 7 14 0 0.00 0.0 0 4.5 8 320 M M 10 18 M M
8 66 46 56 12 9 0 0.06 0.0 0 4.1 10 140 M M 6 1 19 160
9 58 44 51 7 14 0 0.59 0.0 0 7.5 17 340 M M 10 18 26 330
10 46 37 42 -2 23 0 0.01 0.0 0 10.8 20 300 M M 8 34 280
11 58 30 44 -1 21 0 0.00 0.0 0 5.8 13 250 M M 0 19 250
12 70 39 55 10 10 0 0.00 0.0 0 5.4 15 210 M M 0 22 200
13 74 41 58 13 7 0 0.00 0.0 0 3.9 15 200 M M 0 24 200
14 80 46 63 17 2 0 T 0.0 0 5.8 21 230 M M 2 3 31 230
15 70 48 59 13 6 0 0.43 0.0 0 6.1 23 340 M M 8 13 42 320
16 66 36 51 5 14 0 0.00 0.0 0 6.1 14 240 M M 3 1 23 250
17 60 43 52 5 13 0 0.00 0.0 0 10.5 21 260 M M 5 35 290
18 43 31 37 -10 28 0 T 0.0 0 7.5 16 330 M M 7 8 27 300
19 55 29 42 -5 23 0 0.00 0.0 0 10.4 22 210 M M 1 32 250
20 63 38 51 3 14 0 0.00 0.0 0 13.0 26 250 M M 1 42 270
21 51 28 40 -8 25 0 0.00 0.0 0 4.8 10 350 M M 1 16 350
22 65 35 50 2 15 0 0.02 0.0 0 4.4 10 70 M M 4 13 70
23 52 32 42 -7 23 0 0.08 0.0 0 9.8 20 10 M M 7 18 28 20
24 57 28 43 -6 22 0 0.00 0.0 0 7.2 13 70 M M 0 20 40
25 75 45 60 11 5 0 0.00 0.0 0 8.1 16 140 M M 0 27 140
26 60 50 55 5 10 0 0.43 0.0 0 7.9 17 160 M M 6 13 26 170
27 64 42 53 3 12 0 0.00 0.0 0 6.2 15 330 M M 4 22 310
================================================================================
SM 1683 1082 367 1 3.07 0.0 171.8 M 119
================================================================================
AV 62.3 40.1 6.4 FASTST M M 4 MAX(MPH)
MISC ----> 26 250 # 42 320
================================================================================
NOTES:
# LAST OF SEVERAL OCCURRENCES
COLUMN 17 PEAK WIND IN M.P.H.
PRELIMINARY LOCAL CLIMATOLOGICAL DATA (WS FORM: F-6) , PAGE 2
STATION: HUNTINGTON WV
MONTH: MARCH
YEAR: 2024
LATITUDE: 38 22 N
LONGITUDE: 82 33 W
[TEMPERATURE DATA] [PRECIPITATION DATA] SYMBOLS USED IN COLUMN 16
AVERAGE MONTHLY: 51.2 TOTAL FOR MONTH: 3.07 1 = FOG OR MIST
DPTR FM NORMAL: 5.4 DPTR FM NORMAL: -0.59 2 = FOG REDUCING VISIBILITY
HIGHEST: 80 ON 14 GRTST 24HR 1.10 ON 5- 6 TO 1/4 MILE OR LESS
LOWEST: 26 ON 1 3 = THUNDER
SNOW, ICE PELLETS, HAIL 4 = ICE PELLETS
TOTAL MONTH: 0.0 INCH 5 = HAIL
GRTST 24HR 0.0 6 = FREEZING RAIN OR DRIZZLE
GRTST DEPTH: 0 7 = DUSTSTORM OR SANDSTORM:
VSBY 1/2 MILE OR LESS
8 = SMOKE OR HAZE
[NO. OF DAYS WITH] [WEATHER - DAYS WITH] 9 = BLOWING SNOW
X = TORNADO
MAX 32 OR BELOW: 0 0.01 INCH OR MORE: 11
MAX 90 OR ABOVE: 0 0.10 INCH OR MORE: 6
MIN 32 OR BELOW: 7 0.50 INCH OR MORE: 2
MIN 0 OR BELOW: 0 1.00 INCH OR MORE: 1
[HDD (BASE 65) ]
TOTAL THIS MO. 367 CLEAR (SCALE 0-3) 11
DPTR FM NORMAL -157 PTCLDY (SCALE 4-7) 12
TOTAL FM JUL 1 3183 CLOUDY (SCALE 8-10) 4
DPTR FM NORMAL -709
[CDD (BASE 65) ]
TOTAL THIS MO. 1
DPTR FM NORMAL 1 [PRESSURE DATA]
TOTAL FM JAN 1 1 HIGHEST SLP M ON M
DPTR FM NORMAL 1 LOWEST SLP 29.64 ON 9
[REMARKS]