000
CXUS53 KTOP 240810
CF6TOP
PRELIMINARY LOCAL CLIMATOLOGICAL DATA (WS FORM: F-6)
STATION: TOPEKA KS
MONTH: APRIL
YEAR: 2024
LATITUDE: 39 4 N
LONGITUDE: 95 38 W
TEMPERATURE IN F: :PCPN: SNOW: WIND :SUNSHINE: SKY :PK WND
================================================================================
1 2 3 4 5 6A 6B 7 8 9 10 11 12 13 14 15 16 17 18
12Z AVG MX 2MIN
DY MAX MIN AVG DEP HDD CDD WTR SNW DPTH SPD SPD DIR MIN PSBL S-S WX SPD DR
================================================================================
1 82 49 66 15 0 1 T 0.0 0 10.8 21 320 M M 8 38 28 200
2 60 41 51 -1 14 0 0.06 0.0 0 15.0 24 310 M M 7 18 36 310
3 59 40 50 -2 15 0 0.00 0.0 0 15.4 30 310 M M 3 42 310
4 65 35 50 -2 15 0 0.00 0.0 0 7.2 20 310 M M 0 30 300
5 68 28 48 -4 17 0 0.00 0.0 0 8.9 20 120 M M 0 29 120
6 77 47 62 9 3 0 T 0.0 0 20.2 36 130 M M 2 48 120
7 72 50 61 8 4 0 0.00 0.0 0 M 31 250 M M M 48 240
8 70 37 54 1 11 0 0.00 0.0 0 M 14 260 M M 0 21 240
9 70 39 55 1 10 0 0.00 0.0 0 3.2 15 320 M M 0 20 310
10 70 41 56 2 9 0 0.00 0.0 0 4.3 18 340 M M 1 8 31 340
11 67 47 57 3 8 0 0.00 0.0 0 15.6 32 320 M M 1 46 340
12 73 38 56 2 9 0 0.00 0.0 0 6.4 14 310 M M 0 21 270
13 89 46 68 13 0 3 0.00 0.0 0 M 24 180 M M 0 28 190
14 89 57 73 18 0 8 0.00 0.0 0 4.3 12 200 M M 0 16 200
15 86 60 73 18 0 8 0.02 0.0 0 11.7 26 150 M M 4 138 37 120
16 83 62 73 17 0 8 0.45 0.0 0 18.3 35 210 M M 4 138 54 210
17 82 58 70 14 0 5 0.53 0.0 0 9.9 21 300 M M 1 38 31 40
18 63 45 54 -2 11 0 0.75 0.0 0 14.7 29 10 M M 8 138 40 360
19 63 39 51 -5 14 0 0.00 0.0 0 4.6 16 20 M M 3 21 20
20 55 41 48 -9 17 0 0.00 0.0 0 7.7 17 350 M M 5 25 20
21 63 36 50 -7 15 0 0.00 0.0 0 3.7 16 340 M M 2 24 320
22 73 44 59 2 6 0 0.00 0.0 0 12.3 28 200 M M 0 43 190
23 75 51 63 5 2 0 0.00 0.0 0 M M M M M 2 M M
================================================================================
SM 1654 1031 180 33 1.81 0.0 194.2 M 51
================================================================================
AV 71.9 44.8 10.2 FASTST M M 2 MAX(MPH)
MISC ----> 36 130 54 210
================================================================================
NOTES:
# LAST OF SEVERAL OCCURRENCES
COLUMN 17 PEAK WIND IN M.P.H.
PRELIMINARY LOCAL CLIMATOLOGICAL DATA (WS FORM: F-6) , PAGE 2
STATION: TOPEKA KS
MONTH: APRIL
YEAR: 2024
LATITUDE: 39 4 N
LONGITUDE: 95 38 W
[TEMPERATURE DATA] [PRECIPITATION DATA] SYMBOLS USED IN COLUMN 16
AVERAGE MONTHLY: 58.4 TOTAL FOR MONTH: 1.81 1 = FOG OR MIST
DPTR FM NORMAL: 3.9 DPTR FM NORMAL: -0.90 2 = FOG REDUCING VISIBILITY
HIGHEST: 89 ON 14,13 GRTST 24HR 0.75 ON 18-18 TO 1/4 MILE OR LESS
LOWEST: 28 ON 5 3 = THUNDER
SNOW, ICE PELLETS, HAIL 4 = ICE PELLETS
TOTAL MONTH: 0.0 INCH 5 = HAIL
GRTST 24HR 0.0 6 = FREEZING RAIN OR DRIZZLE
GRTST DEPTH: 0 7 = DUSTSTORM OR SANDSTORM:
VSBY 1/2 MILE OR LESS
8 = SMOKE OR HAZE
[NO. OF DAYS WITH] [WEATHER - DAYS WITH] 9 = BLOWING SNOW
X = TORNADO
MAX 32 OR BELOW: 0 0.01 INCH OR MORE: 5
MAX 90 OR ABOVE: 0 0.10 INCH OR MORE: 3
MIN 32 OR BELOW: 1 0.50 INCH OR MORE: 2
MIN 0 OR BELOW: 0 1.00 INCH OR MORE: 0
[HDD (BASE 65) ]
TOTAL THIS MO. 180 CLEAR (SCALE 0-3) 15
DPTR FM NORMAL -78 PTCLDY (SCALE 4-7) 6
TOTAL FM JUL 1 3954 CLOUDY (SCALE 8-10) 2
DPTR FM NORMAL -753
[CDD (BASE 65) ]
TOTAL THIS MO. 33
DPTR FM NORMAL 17 [PRESSURE DATA]
TOTAL FM JAN 1 38 HIGHEST SLP M ON M
DPTR FM NORMAL 17 LOWEST SLP 29.41 ON 16
[REMARKS]