000
CXUS54 KCRP 231210
CF6VCT
PRELIMINARY LOCAL CLIMATOLOGICAL DATA (WS FORM: F-6)
STATION: VICTORIA
MONTH: APRIL
YEAR: 2024
LATITUDE: 28 51 N
LONGITUDE: 96 55 W
TEMPERATURE IN F: :PCPN: SNOW: WIND :SUNSHINE: SKY :PK WND
================================================================================
1 2 3 4 5 6A 6B 7 8 9 10 11 12 13 14 15 16 17 18
12Z AVG MX 2MIN
DY MAX MIN AVG DEP HDD CDD WTR SNW DPTH SPD SPD DIR MIN PSBL S-S WX SPD DR
================================================================================
1 81 73 77 9 0 12 0.00 0.0 0 16.5 29 170 M M 10 18 38 160
2 85 53 69 1 0 4 0.00 0.0 0 13.8 22 330 M M 3 18 31 360
3 79 45 62 -6 3 0 0.00 0.0 0 7.9 17 300 M M 0 23 270
4 86 47 67 -1 0 2 0.00 0.0 0 6.0 14 180 M M 0 8 18 170
5 85 53 69 1 0 4 0.00 0.0 0 11.0 25 170 M M 0 33 170
6 80 61 71 3 0 6 0.00 0.0 0 15.2 29 150 M M 6 37 150
7 85 70 78 9 0 13 0.00 0.0 0 7.9 17 180 M M 8 18 25 170
8 79 71 75 6 0 10 T 0.0 0 M M M M M 10 18 M M
9 83 74 79 10 0 14 T 0.0 0 16.7 45 160 M M 10 18 61 150
10 76 56 66 -3 0 1 0.67 0.0 0 15.7 30 310 M M 4 13 42 320
11 84 53 69 -1 0 4 0.00 0.0 0 7.9 16 350 M M 0 22 320
12 81 53 67 -3 0 2 0.00 0.0 0 9.5 20 130 M M 0 27 140
13 82 62 72 2 0 7 0.00 0.0 0 12.9 25 150 M M 3 1 33 160
14 83 62 73 3 0 8 0.00 0.0 0 12.2 23 170 M M 6 1 31 150
15 84 70 77 7 0 12 0.00 0.0 0 16.4 30 140 M M 10 8 37 140
16 83 72 78 8 0 13 0.00 0.0 0 14.1 22 150 M M 10 18 28 150
17 84 73 79 8 0 14 0.00 0.0 0 10.7 17 130 M M 8 18 25 130
18 87 72 80 9 0 15 0.00 0.0 0 10.0 20 150 M M 7 18 31 170
19 87 71 79 8 0 14 0.00 0.0 0 8.0 17 120 M M 8 18 22 120
20 86 63 75 4 0 10 T 0.0 0 11.6 29 20 M M 8 18 40 30
21 74 54 64 -7 1 0 0.02 0.0 0 13.9 28 360 M M 6 3 36 10
22 76 51 64 -8 1 0 0.00 0.0 0 9.0 16 120 M M 3 25 90
================================================================================
SM 1810 1359 5 165 0.69 0.0 246.9 M 120
================================================================================
AV 82.3 61.8 11.8 FASTST M M 5 MAX(MPH)
MISC ----> 45 160 61 150
================================================================================
NOTES:
# LAST OF SEVERAL OCCURRENCES
COLUMN 17 PEAK WIND IN M.P.H.
PRELIMINARY LOCAL CLIMATOLOGICAL DATA (WS FORM: F-6) , PAGE 2
STATION: VICTORIA
MONTH: APRIL
YEAR: 2024
LATITUDE: 28 51 N
LONGITUDE: 96 55 W
[TEMPERATURE DATA] [PRECIPITATION DATA] SYMBOLS USED IN COLUMN 16
AVERAGE MONTHLY: 72.0 TOTAL FOR MONTH: 0.69 1 = FOG OR MIST
DPTR FM NORMAL: 2.4 DPTR FM NORMAL: -1.46 2 = FOG REDUCING VISIBILITY
HIGHEST: 87 ON 19,18 GRTST 24HR 0.67 ON 9-10 TO 1/4 MILE OR LESS
LOWEST: 45 ON 3 3 = THUNDER
SNOW, ICE PELLETS, HAIL 4 = ICE PELLETS
TOTAL MONTH: 0.0 INCH 5 = HAIL
GRTST 24HR 0.0 6 = FREEZING RAIN OR DRIZZLE
GRTST DEPTH: 0 7 = DUSTSTORM OR SANDSTORM:
VSBY 1/2 MILE OR LESS
8 = SMOKE OR HAZE
[NO. OF DAYS WITH] [WEATHER - DAYS WITH] 9 = BLOWING SNOW
X = TORNADO
MAX 32 OR BELOW: 0 0.01 INCH OR MORE: 2
MAX 90 OR ABOVE: 0 0.10 INCH OR MORE: 1
MIN 32 OR BELOW: 0 0.50 INCH OR MORE: 1
MIN 0 OR BELOW: 0 1.00 INCH OR MORE: 0
[HDD (BASE 65) ]
TOTAL THIS MO. 5 CLEAR (SCALE 0-3) 7
DPTR FM NORMAL -19 PTCLDY (SCALE 4-7) 8
TOTAL FM JUL 1 970 CLOUDY (SCALE 8-10) 7
DPTR FM NORMAL -194
[CDD (BASE 65) ]
TOTAL THIS MO. 165
DPTR FM NORMAL 41 [PRESSURE DATA]
TOTAL FM JAN 1 335 HIGHEST SLP M ON M
DPTR FM NORMAL 68 LOWEST SLP 29.44 ON 10
[REMARKS]