000
CXUS51 KCAR 171855
CLMFVE
CLIMATE REPORT
NATIONAL WEATHER SERVICE CARIBOU ME
255 PM EDT WED APR 17 2024
...................................
...THE FRENCHVILLE ME CLIMATE SUMMARY FOR THE MONTH OF MARCH 2024...
CLIMATE NORMAL PERIOD: 1991 TO 2020
CLIMATE RECORD PERIOD: 9999 TO 9999
WEATHER OBSERVED NORMAL DEPART LAST YEAR`S
VALUE DATE(S) VALUE FROM VALUE DATE(S)
NORMAL
................................................................
TEMPERATURE (F)
RECORD
HIGH MM MM
LOW -9 03/04/2022
HIGHEST 50 03/05 MM MM 43 03/09
LOWEST -3 03/01 MM MM 2 03/04
AVG. MAXIMUM 37.1 32.6 4.5 34.5
AVG. MINIMUM 23.1 16.4 6.7 20.2
MEAN 30.1 24.5 5.6 27.3
DAYS MAX >= 90 0 0.0 0.0 0
DAYS MAX <= 32 5 16.1 -11.1 12
DAYS MIN <= 32 27 29.8 -2.8 31
DAYS MIN <= 0 1 3.5 -2.5 0
PRECIPITATION (INCHES)
RECORD
MAXIMUM 2.01 2024
MINIMUM 0.75 2023
TOTALS 2.01* 1.47 0.54 0.75
DAILY AVG. 0.06 0.05 0.01 0.02
DAYS >= .01 12 10.1 1.9 8
DAYS >= .10 6 4.3 1.7 3
DAYS >= .50 1 0.5 0.5 0
DAYS >= 1.00 0 0.1 -0.1 0
GREATEST
24 HR. TOTAL 0.50 03/29 TO 03/29 0.27 03/23 TO 03/23
03/28 TO 03/29
03/29 TO 03/29
STORM TOTAL 0.50 0.27
(MM/DD(HH)) MM
SNOWFALL (INCHES)
RECORDS
TOTAL MM MM
TOTALS MM MM MM MM
SINCE 7/1 MM MM MM MM
SNOWDEPTH AVG. MM MM
DAYS >= 1.0 MM MM MM MM
GREATEST
SNOW DEPTH MM MM MM
24 HR TOTAL MM MM
DEGREE DAYS
HEATING TOTAL 1076 1256 -180 1160
SINCE 7/1 6923 7830 -907 MM
COOLING TOTAL 0 0 0 0
SINCE 1/1 0 0 0 MM
................................................................
WIND (MPH)
AVERAGE WIND SPEED 11.0
HIGHEST WIND SPEED/DIRECTION 38/290 DATE 03/21
HIGHEST GUST SPEED/DIRECTION 55/320 DATE 03/30
SKY COVER
POSSIBLE SUNSHINE (PERCENT) MM
AVERAGE SKY COVER 0.59
NUMBER OF DAYS FAIR 9
NUMBER OF DAYS PC 11
NUMBER OF DAYS CLOUDY 11
AVERAGE RH (PERCENT) 67
WEATHER CONDITIONS. NUMBER OF DAYS WITH
THUNDERSTORM 0 MIXED PRECIP 0
HEAVY RAIN 0 RAIN 0
LIGHT RAIN 7 FREEZING RAIN 0
LT FREEZING RAIN 1 HAIL 0
HEAVY SNOW 4 SNOW 6
LIGHT SNOW 16 SLEET 0
FOG 15 FOG W/VIS <= 1/4 MILE 9
HAZE 5
- INDICATES NEGATIVE NUMBERS.
* INDICATES RECORD WAS SET OR TIED.
MM INDICATES DATA IS MISSING.
T INDICATES TRACE AMOUNT.
$$