000
CXHW52 PHFO 011614
CLMOGG
CLIMATE REPORT
NATIONAL WEATHER SERVICE HONOLULU HI
614 AM HST MON APR 01 2024
...................................
...THE KAHULUI HI CLIMATE SUMMARY FOR THE MONTH OF MARCH 2024...
CLIMATE NORMAL PERIOD 1991 TO 2020
CLIMATE RECORD PERIOD 1954 TO 2024
WEATHER OBSERVED NORMAL DEPART LAST YEAR`S
VALUE DATE(S) VALUE FROM VALUE DATE(S)
NORMAL
................................................................
TEMPERATURE (F)
RECORD
HIGH 92 03/10/2022
LOW 51 03/16/2005
HIGHEST 86 03/12 82 4 88 03/21
03/25
03/30
LOWEST 61 03/25 65 -4 60 03/09
03/10
AVG. MAXIMUM 80.3 82.9 -2.6 83.0
AVG. MINIMUM 66.4 65.1 1.3 65.4
MEAN 73.3 74.0 -0.7 74.2
DAYS MAX >= 93 0 0
DAYS MAX >= 90 0 0
DAYS MAX <= 80 16 10
DAYS MIN >= 72 0 2
DAYS MIN <= 60 0 0
DAYS MIN <= 55 0 0
PRECIPITATION (INCHES)
RECORD
MAXIMUM 10.90 1967
MINIMUM T 2010
TOTALS 0.93 2.64 -1.71 1.42
DAILY AVG. 0.03 0.09 -0.06 0.05
DAYS >= .01 7 10.2 -3.2 7
DAYS >= .10 4 4.5 -0.5 5
DAYS >= .50 0 1.9 -1.9 0
DAYS >= 1.00 0 0.7 -0.7 0
GREATEST
24 HR. TOTAL 0.48 03/14 TO 03/15 0.49
DEGREE DAYS
HEATING TOTAL 0 0 0 0
SINCE 7/1 0 0 0 MM
COOLING TOTAL 266 279 -13 292
SINCE 1/1 724 748 -24 MM
................................................................
WIND (MPH)
AVERAGE WIND SPEED 14.6
HIGHEST WIND SPEED/DIRECTION 33/050 DATE 03/28
HIGHEST GUST SPEED/DIRECTION 49/070 DATE 03/23
49/040 03/28
SKY COVER
POSSIBLE SUNSHINE (PERCENT) MM
AVERAGE SKY COVER 0.38
NUMBER OF DAYS FAIR 20
NUMBER OF DAYS PC 9
NUMBER OF DAYS CLOUDY 2
AVERAGE RH (PERCENT) 72
WEATHER CONDITIONS. NUMBER OF DAYS WITH
THUNDERSTORM MM MIXED PRECIP MM
HEAVY RAIN 1 RAIN 2
LIGHT RAIN 14 FREEZING RAIN MM
LT FREEZING RAIN MM HAIL MM
HEAVY SNOW MM SNOW MM
LIGHT SNOW MM SLEET MM
FOG 6 FOG W/VIS <= 1/4 MILE MM
HAZE 2
- INDICATES NEGATIVE NUMBERS.
R INDICATES RECORD WAS SET OR TIED.
MM INDICATES DATA IS MISSING.
T INDICATES TRACE AMOUNT.
$$